000
CXUS55 KBOU 011332
CF6FNL
PRELIMINARY LOCAL CLIMATOLOGICAL DATA (WS FORM: F-6)
STATION: FT COLLINS/LOVELAND CO
MONTH: JULY
YEAR: 2020
LATITUDE: 40 27 N
LONGITUDE: 105 1 W
TEMPERATURE IN F: :PCPN: SNOW: WIND :SUNSHINE: SKY :PK WND
================================================================================
1 2 3 4 5 6A 6B 7 8 9 10 11 12 13 14 15 16 17 18
12Z AVG MX 2MIN
DY MAX MIN AVG DEP HDD CDD WTR SNW DPTH SPD SPD DIR MIN PSBL S-S WX SPD DR
================================================================================
1 89 54 72 M 0 7 M M M 8.9 20 170 M M 0 24 170
2 96 56 76 M 0 11 M M M 7.6 23 120 M M 0 8 29 120
3 94 59 77 M 0 12 M M M 7.9 18 260 M M 0 8 27 150
4 91 57 74 M 0 9 M M M 8.3 27 330 M M 0 32 340
5 91 54 73 M 0 8 M M M 6.1 14 230 M M 1 M M
6 97 56 77 M 0 12 M M M 7.3 24 190 M M 0 39 130
7 99 56 78 M 0 13 M M M 8.2 16 190 M M 0 41 230
8 97 55 76 M 0 11 M M M 7.5 18 80 M M 0 37 80
9 95 58 77 M 0 12 M M M 8.9 15 100 M M 0 20 170
10 101 60 81 M 0 16 M M M 6.4 12 350 M M 0 8 17 99
11 96 62 79 M 0 14 M M M 6.4 14 50 M M 0 8 M M
12 95 59 77 M 0 12 M M M 8.2 22 310 M M 0 35 30
13 100 62 81 M 0 16 M M M 9.5 37 280 M M 0 38 47 280
14 75 59 67 M 0 2 M M M 7.1 13 30 M M 3 M M
15 81 57 69 M 0 4 M M M 9.3 15 130 M M 4 1 17 60
16 97 56 77 M 0 12 M M M 7.7 16 170 M M 1 8 30 180
17 94 60 77 M 0 12 M M M 5.3 13 310 M M 0 M M
18 97 62 80 M 0 15 M M M 6.7 22 360 M M 0 36 110
19 86 63 75 M 0 10 M M M 7.4 16 220 M M 2 8 23 220
20 93 58 76 M 0 11 M M M 8.3 16 110 M M 0 38 23 70
21 91 59 75 M 0 10 M M M 6.8 20 40 M M 2 8 36 50
22 95 59 77 M 0 12 M M M 5.5 12 120 M M 1 3 17 100
23 96 64 80 M 0 15 M M M 6.1 14 310 M M 0 8 22 140
24 91 65 78 M 0 13 M M M 8.2 15 230 M M 2 18 20
25 88 61 75 M 0 10 M M M 6.8 17 280 M M 5 25 280
26 83 63 73 M 0 8 M M M 6.7 15 80 M M 5 M M
27 91 60 76 M 0 11 M M M 7.2 14 140 M M 3 8 18 140
28 84 59 72 M 0 7 M M M 5.9 16 30 M M 0 38 21 30
29 92 53 73 M 0 8 M M M 9.4 28 360 M M 0 38 43 360
30 81 54 68 M 0 3 M M M 6.3 18 90 M M 1 13 27 90
31 92 55 74 M 0 9 M 0.0 0 5.6 13 80 M M 1 8 16 120
================================================================================
SM 2848 1815 0 325 M 0.0 227.5 M 31
================================================================================
AV 91.9 58.6 7.3 FASTST M M 1 MAX(MPH)
MISC ----> # 37 280 # 47 280
================================================================================
NOTES:
# LAST OF SEVERAL OCCURRENCES
COLUMN 17 PEAK WIND IN M.P.H.
PRELIMINARY LOCAL CLIMATOLOGICAL DATA (WS FORM: F-6) , PAGE 2
STATION: FT COLLINS/LOVELAND CO
MONTH: JULY
YEAR: 2020
LATITUDE: 40 27 N
LONGITUDE: 105 1 W
[TEMPERATURE DATA] [PRECIPITATION DATA] SYMBOLS USED IN COLUMN 16
AVERAGE MONTHLY: 75.2 TOTAL FOR MONTH: M 1 = FOG OR MIST
DPTR FM NORMAL: M DPTR FM NORMAL: M 2 = FOG REDUCING VISIBILITY
HIGHEST: 101 ON 10 GRTST 24HR M ON M TO 1/4 MILE OR LESS
LOWEST: 53 ON 29 3 = THUNDER
SNOW, ICE PELLETS, HAIL 4 = ICE PELLETS
TOTAL MONTH: 0.0 INCH 5 = HAIL
GRTST 24HR 0.0 6 = FREEZING RAIN OR DRIZZLE
GRTST DEPTH: 0 7 = DUSTSTORM OR SANDSTORM:
VSBY 1/2 MILE OR LESS
8 = SMOKE OR HAZE
[NO. OF DAYS WITH] [WEATHER - DAYS WITH] 9 = BLOWING SNOW
X = TORNADO
MAX 32 OR BELOW: 0 0.01 INCH OR MORE: 0
MAX 90 OR ABOVE: 23 0.10 INCH OR MORE: 0
MIN 32 OR BELOW: 0 0.50 INCH OR MORE: 0
MIN 0 OR BELOW: 0 1.00 INCH OR MORE: 0
[HDD (BASE 65) ]
TOTAL THIS MO. 0 CLEAR (SCALE 0-3) 28
DPTR FM NORMAL M PTCLDY (SCALE 4-7) 3
TOTAL FM JUL 1 0 CLOUDY (SCALE 8-10) 0
DPTR FM NORMAL M
[CDD (BASE 65) ]
TOTAL THIS MO. 325
DPTR FM NORMAL M [PRESSURE DATA]
TOTAL FM JAN 1 564 HIGHEST SLP 30.21 ON 30
DPTR FM NORMAL M LOWEST SLP 29.62 ON 13
[REMARKS]
#FINAL-07-20#