000
CXUS53 KDTX 010635
CF6FNT
PRELIMINARY LOCAL CLIMATOLOGICAL DATA (WS FORM: F-6)
STATION: FLINT MI
MONTH: OCTOBER
YEAR: 2021
LATITUDE: 42 58 N
LONGITUDE: 83 44 W
TEMPERATURE IN F: :PCPN: SNOW: WIND :SUNSHINE: SKY :PK WND
================================================================================
1 2 3 4 5 6A 6B 7 8 9 10 11 12 13 14 15 16 17 18
12Z AVG MX 2MIN
DY MAX MIN AVG DEP HDD CDD WTR SNW DPTH SPD SPD DIR MIN PSBL S-S WX SPD DR
================================================================================
1 76 48 62 6 3 0 0.00 0.0 0 4.6 13 200 M M 0 18 210
2 76 58 67 11 0 2 0.01 0.0 0 7.4 13 210 M M 3 19 200
3 74 65 70 15 0 5 0.47 0.0 0 3.0 10 80 M M 9 13 13 70
4 73 63 68 13 0 3 0.74 0.0 0 6.9 15 30 M M 10 1 19 350
5 72 56 64 10 1 0 T 0.0 0 7.5 14 50 M M 7 18 17 50
6 67 55 61 7 4 0 0.00 0.0 0 5.5 12 80 M M 9 15 70
7 71 62 67 13 0 2 0.04 0.0 0 5.9 13 80 M M 9 18 15 90
8 74 63 69 16 0 4 0.61 0.0 0 6.0 15 150 M M 7 13 19 150
9 75 61 68 15 0 3 0.06 0.0 0 2.6 10 160 M M 8 128 13 170
10 76 64 70 18 0 5 0.02 0.0 0 10.0 20 150 M M 2 26 150
11 81 67 74 22 0 9 0.00 0.0 0 12.2 20 170 M M 0 29 140
12 74 64 69 17 0 4 0.01 0.0 0 10.4 18 230 M M 9 28 170
13 74 58 66 15 0 1 0.00 0.0 0 6.1 15 240 M M 4 23 260
14 78 58 68 17 0 3 0.39 0.0 0 6.3 24 290 M M 7 3 33 270
15 62 57 60 10 5 0 0.33 0.0 0 3.4 10 290 M M 7 1 13 290
16 59 49 54 4 11 0 0.15 0.0 0 12.2 25 280 M M 9 35 280
17 63 44 54 4 11 0 0.00 0.0 0 10.2 25 300 M M 4 33 280
18 66 39 53 4 12 0 0.00 0.0 0 4.0 14 310 M M 0 18 270
19 73 41 57 8 8 0 0.00 0.0 0 4.6 16 280 M M 0 22 280
20 73 51 62 13 3 0 0.01 0.0 0 6.4 13 190 M M 3 18 190
21 67 44 56 8 9 0 0.20 0.0 0 10.4 22 340 M M 9 138 33 270
22 50 37 44 -4 21 0 0.00 0.0 0 4.9 13 320 M M 5 17 310
23 54 36 45 -3 20 0 0.02 0.0 0 3.5 15 290 M M 7 19 290
24 52 34 43 -4 22 0 0.48 0.0 0 4.0 14 50 M M 5 12 22 60
25 50 44 47 0 18 0 1.14 0.0 0 13.5 24 40 M M 9 1 32 50
26 51 38 45 -1 20 0 T 0.0 0 9.6 20 350 M M 4 27 330
27 53 45 49 3 16 0 0.00 0.0 0 5.8 10 80 M M 10 18 14 90
28 63 49 56 10 9 0 T M 0 10.3 21 80 M M 3 8 29 110
29 56 50 53 8 12 0 0.73 0.0 0 11.3 21 40 M M 10 1 27 70
30 53 49 51 6 14 0 0.04 0.0 0 7.7 13 10 M M 10 1 20 40
31 57 42 50 5 15 0 0.00 0.0 0 10.4 24 290 M M 8 12 36 300
================================================================================
SM 2043 1591 234 41 5.45 0.0 226.6 M 187
================================================================================
AV 65.9 51.3 7.3 FASTST M M 6 MAX(MPH)
MISC ----> # 25 280 36 300
================================================================================
NOTES:
# LAST OF SEVERAL OCCURRENCES
COLUMN 17 PEAK WIND IN M.P.H.
PRELIMINARY LOCAL CLIMATOLOGICAL DATA (WS FORM: F-6) , PAGE 2
STATION: FLINT MI
MONTH: OCTOBER
YEAR: 2021
LATITUDE: 42 58 N
LONGITUDE: 83 44 W
[TEMPERATURE DATA] [PRECIPITATION DATA] SYMBOLS USED IN COLUMN 16
AVERAGE MONTHLY: 58.6 TOTAL FOR MONTH: 5.45 1 = FOG OR MIST
DPTR FM NORMAL: 8.4 DPTR FM NORMAL: 2.68 2 = FOG REDUCING VISIBILITY
HIGHEST: 81 ON 11 GRTST 24HR 1.62 ON 24-25 TO 1/4 MILE OR LESS
LOWEST: 34 ON 24 3 = THUNDER
SNOW, ICE PELLETS, HAIL 4 = ICE PELLETS
TOTAL MONTH: 0.0 INCH 5 = HAIL
GRTST 24HR 0.0 6 = FREEZING RAIN OR DRIZZLE
GRTST DEPTH: 0 7 = DUSTSTORM OR SANDSTORM:
VSBY 1/2 MILE OR LESS
8 = SMOKE OR HAZE
[NO. OF DAYS WITH] [WEATHER - DAYS WITH] 9 = BLOWING SNOW
X = TORNADO
MAX 32 OR BELOW: 0 0.01 INCH OR MORE: 18
MAX 90 OR ABOVE: 0 0.10 INCH OR MORE: 10
MIN 32 OR BELOW: 0 0.50 INCH OR MORE: 4
MIN 0 OR BELOW: 0 1.00 INCH OR MORE: 1
[HDD (BASE 65) ]
TOTAL THIS MO. 234 CLEAR (SCALE 0-3) 7
DPTR FM NORMAL -231 PTCLDY (SCALE 4-7) 12
TOTAL FM JUL 1 297 CLOUDY (SCALE 8-10) 12
DPTR FM NORMAL -358
[CDD (BASE 65) ]
TOTAL THIS MO. 41
DPTR FM NORMAL 35 [PRESSURE DATA]
TOTAL FM JAN 1 851 HIGHEST SLP M ON M
DPTR FM NORMAL 286 LOWEST SLP 29.57 ON 29
[REMARKS]
#FINAL-10-21#