000
CXUS53 KDTX 010635
CF6FNT
PRELIMINARY LOCAL CLIMATOLOGICAL DATA (WS FORM: F-6)
STATION: FLINT MI
MONTH: JULY
YEAR: 2021
LATITUDE: 42 58 N
LONGITUDE: 83 44 W
TEMPERATURE IN F: :PCPN: SNOW: WIND :SUNSHINE: SKY :PK WND
================================================================================
1 2 3 4 5 6A 6B 7 8 9 10 11 12 13 14 15 16 17 18
12Z AVG MX 2MIN
DY MAX MIN AVG DEP HDD CDD WTR SNW DPTH SPD SPD DIR MIN PSBL S-S WX SPD DR
================================================================================
1 77 59 68 -2 0 3 0.00 0.0 0 9.6 18 40 M M 5 1 26 340
2 76 55 66 -4 0 1 0.00 0.0 0 9.6 21 360 M M 3 29 350
3 83 54 69 -2 0 4 0.00 0.0 0 6.5 16 250 M M 3 22 270
4 90 61 76 5 0 11 0.00 0.0 0 5.4 13 280 M M 0 1 17 260
5 90 69 80 9 0 15 0.00 0.0 0 9.1 20 250 M M 1 30 270
6 91 71 81 10 0 16 0.74 0.0 0 7.6 20 170 M M 5 13 27 170
7 83 66 75 4 0 10 0.52 0.0 0 5.8 16 130 M M 4 13 20 130
8 75 59 67 -4 0 2 0.27 0.0 0 7.1 14 30 M M 9 3 21 220
9 76 59 68 -3 0 3 0.00 0.0 0 6.9 15 350 M M 5 23 340
10 76 55 66 -5 0 1 0.00 0.0 0 5.0 10 90 M M 1 14 90
11 72 63 68 -3 0 3 0.01 0.0 0 9.4 16 70 M M 5 24 60
12 72 64 68 -3 0 3 T 0.0 0 7.8 16 100 M M 9 19 110
13 84 68 76 5 0 11 0.09 0.0 0 7.3 26 270 M M 7 13 35 260
14 85 65 75 4 0 10 0.00 0.0 0 6.3 14 210 M M 2 20 220
15 82 70 76 5 0 11 T 0.0 0 10.4 21 250 M M 4 31 230
16 73 64 69 -2 0 4 0.01 0.0 0 5.9 13 110 M M 7 17 100
17 81 60 71 0 0 6 0.02 0.0 0 8.7 18 60 M M 5 25 70
18 84 57 71 0 0 6 0.00 0.0 0 3.9 10 330 M M 0 15 320
19 85 63 74 3 0 9 0.00 0.0 0 5.2 13 280 M M 0 8 17 300
20 87 64 76 5 0 11 0.31 0.0 0 8.5 25 10 M M 2 13 34 360
21 76 54 65 -6 0 0 0.00 0.0 0 7.7 14 350 M M 3 18 350
22 77 52 65 -6 0 0 0.00 0.0 0 2.6 9 140 M M 0 12 120
23 76 62 69 -2 0 4 0.05 0.0 0 8.0 15 160 M M 7 20 190
24 85 68 77 6 0 12 2.24 0.0 0 9.1 21 350 M M 4 13 31 190
25 87 67 77 6 0 12 0.00 0.0 0 6.8 17 280 M M 1 1 23 300
26 88 59 74 3 0 9 0.00 0.0 0 5.8 17 300 M M 0 23 300
27 83 66 75 4 0 10 0.00 0.0 0 6.7 20 320 M M 2 24 320
28 86 62 74 3 0 9 T 0.0 0 3.8 10 350 M M 2 12 14 330
29 87 69 78 7 0 13 0.03 0.0 0 9.9 20 270 M M 5 3 24 270
30 74 55 65 -6 0 0 0.00 0.0 0 6.9 16 360 M M 4 21 360
31 77 54 66 -5 0 1 0.00 0.0 0 5.9 15 270 M M 0 21 260
================================================================================
SM 2518 1914 0 210 4.29 0.0 219.2 M 105
================================================================================
AV 81.2 61.7 7.1 FASTST M M 3 MAX(MPH)
MISC ----> 26 270 35 260
================================================================================
NOTES:
# LAST OF SEVERAL OCCURRENCES
COLUMN 17 PEAK WIND IN M.P.H.
PRELIMINARY LOCAL CLIMATOLOGICAL DATA (WS FORM: F-6) , PAGE 2
STATION: FLINT MI
MONTH: JULY
YEAR: 2021
LATITUDE: 42 58 N
LONGITUDE: 83 44 W
[TEMPERATURE DATA] [PRECIPITATION DATA] SYMBOLS USED IN COLUMN 16
AVERAGE MONTHLY: 71.5 TOTAL FOR MONTH: 4.29 1 = FOG OR MIST
DPTR FM NORMAL: 0.6 DPTR FM NORMAL: 0.88 2 = FOG REDUCING VISIBILITY
HIGHEST: 91 ON 6 GRTST 24HR 2.24 ON 24-24 TO 1/4 MILE OR LESS
LOWEST: 52 ON 22 3 = THUNDER
SNOW, ICE PELLETS, HAIL 4 = ICE PELLETS
TOTAL MONTH: 0.0 INCH 5 = HAIL
GRTST 24HR 0.0 6 = FREEZING RAIN OR DRIZZLE
GRTST DEPTH: 0 7 = DUSTSTORM OR SANDSTORM:
VSBY 1/2 MILE OR LESS
8 = SMOKE OR HAZE
[NO. OF DAYS WITH] [WEATHER - DAYS WITH] 9 = BLOWING SNOW
X = TORNADO
MAX 32 OR BELOW: 0 0.01 INCH OR MORE: 11
MAX 90 OR ABOVE: 3 0.10 INCH OR MORE: 5
MIN 32 OR BELOW: 0 0.50 INCH OR MORE: 3
MIN 0 OR BELOW: 0 1.00 INCH OR MORE: 1
[HDD (BASE 65) ]
TOTAL THIS MO. 0 CLEAR (SCALE 0-3) 16
DPTR FM NORMAL -13 PTCLDY (SCALE 4-7) 13
TOTAL FM JUL 1 0 CLOUDY (SCALE 8-10) 2
DPTR FM NORMAL -5
[CDD (BASE 65) ]
TOTAL THIS MO. 210
DPTR FM NORMAL 14 [PRESSURE DATA]
TOTAL FM JAN 1 479 HIGHEST SLP M ON M
DPTR FM NORMAL 127 LOWEST SLP 29.71 ON 24
[REMARKS]
#FINAL-07-21#