000
CXUS53 KDTX 040923
CF6FNT
PRELIMINARY LOCAL CLIMATOLOGICAL DATA (WS FORM: F-6)
STATION: FLINT MI
MONTH: MARCH
YEAR: 2021
LATITUDE: 42 58 N
LONGITUDE: 83 44 W
TEMPERATURE IN F: :PCPN: SNOW: WIND :SUNSHINE: SKY :PK WND
================================================================================
1 2 3 4 5 6A 6B 7 8 9 10 11 12 13 14 15 16 17 18
12Z AVG MX 2MIN
DY MAX MIN AVG DEP HDD CDD WTR SNW DPTH SPD SPD DIR MIN PSBL S-S WX SPD DR
================================================================================
1 40 19 30 2 35 0 T T T 16.4 28 300 M M 5 37 290
2 40 16 28 -1 37 0 0.00 0.0 T 9.8 21 220 M M 0 31 210
3 51 31 41 12 24 0 0.00 0.0 T 8.9 20 280 M M 1 24 270
4 36 22 29 -1 36 0 T 0.1 T 10.1 21 10 M M 7 29 360
5 41 21 31 1 34 0 0.00 0.0 T 11.7 23 300 M M 1 32 320
6 39 23 31 1 34 0 0.00 0.0 0 9.6 18 290 M M 0 25 310
7 39 19 29 -2 36 0 0.00 0.0 0 4.0 9 300 M M 1 15 310
8 65 30 48 17 17 0 0.00 0.0 0 10.8 24 250 M M 2 35 270
9 60 27 44 13 21 0 0.00 0.0 0 6.4 17 160 M M 0 18 23 130
10 71 39 55 23 10 0 0.00 0.0 0 13.8 22 200 M M 3 34 220
11 67 44 56 24 9 0 0.07 0.0 0 17.7 31 260 M M 4 47 260
12 54 30 42 10 23 0 0.00 0.0 0 12.8 30 280 M M 0 43 280
13 53 20 37 4 28 0 0.00 0.0 0 8.6 21 270 M M 0 28 280
14 46 25 36 3 29 0 0.00 0.0 0 11.7 22 20 M M 0 30 350
15 41 21 31 -3 34 0 T T 0 11.5 24 100 M M 2 31 100
16 49 29 39 5 26 0 0.01 T 0 6.3 15 350 M M 7 18 20 90
17 60 24 42 8 23 0 0.00 0.0 0 5.0 22 20 M M 1 18 30 10
18 47 33 40 5 25 0 T 0.0 0 19.2 35 40 M M 4 45 40
19 50 26 38 3 27 0 0.00 0.0 0 7.1 18 40 M M 0 25 50
20 59 22 41 5 24 0 0.00 0.0 0 4.1 12 190 M M 0 17 170
21 67 28 48 12 17 0 0.00 0.0 0 7.6 16 160 M M 0 25 160
22 72 39 56 20 9 0 0.00 0.0 0 9.3 23 220 M M 0 35 210
23 74 51 63 26 2 0 T 0.0 0 9.9 24 140 M M 6 32 160
24 72 52 62 25 3 0 0.03 0.0 0 13.7 25 220 M M 7 43 190
25 62 43 53 15 12 0 0.32 0.0 0 11.1 25 60 M M 6 1 32 70
26 50 40 45 7 20 0 1.05 0.0 0 12.5 25 10 M M 10 8 38 10
27 58 34 46 7 19 0 0.06 0.0 0 7.0 17 190 M M 5 26 170
28 55 35 45 6 20 0 0.26 T 0 17.7 30 290 M M 10 1 40 310
29 54 32 43 4 22 0 0.00 0.0 0 10.2 21 180 M M 2 32 160
30 71 48 60 20 5 0 T 0.0 0 15.8 25 280 M M 2 39 190
31 54 35 45 5 20 0 0.03 0.1 0 14.9 28 290 M M 6 8 34 300
================================================================================
SM 1697 958 681 0 1.83 0.2 335.2 M 92
================================================================================
AV 54.7 30.9 10.8 FASTST M M 3 MAX(MPH)
MISC ----> 35 40 47 260
================================================================================
NOTES:
# LAST OF SEVERAL OCCURRENCES
COLUMN 17 PEAK WIND IN M.P.H.
PRELIMINARY LOCAL CLIMATOLOGICAL DATA (WS FORM: F-6) , PAGE 2
STATION: FLINT MI
MONTH: MARCH
YEAR: 2021
LATITUDE: 42 58 N
LONGITUDE: 83 44 W
[TEMPERATURE DATA] [PRECIPITATION DATA] SYMBOLS USED IN COLUMN 16
AVERAGE MONTHLY: 42.8 TOTAL FOR MONTH: 1.83 1 = FOG OR MIST
DPTR FM NORMAL: 8.7 DPTR FM NORMAL: -0.08 2 = FOG REDUCING VISIBILITY
HIGHEST: 74 ON 23 GRTST 24HR 1.37 ON 25-26 TO 1/4 MILE OR LESS
LOWEST: 16 ON 2 3 = THUNDER
SNOW, ICE PELLETS, HAIL 4 = ICE PELLETS
TOTAL MONTH: 0.2 INCH 5 = HAIL
GRTST 24HR 0.1 ON 4- 4 6 = FREEZING RAIN OR DRIZZLE
GRTST DEPTH: 3 ON M 7 = DUSTSTORM OR SANDSTORM:
VSBY 1/2 MILE OR LESS
8 = SMOKE OR HAZE
[NO. OF DAYS WITH] [WEATHER - DAYS WITH] 9 = BLOWING SNOW
X = TORNADO
MAX 32 OR BELOW: 0 0.01 INCH OR MORE: 8
MAX 90 OR ABOVE: 0 0.10 INCH OR MORE: 3
MIN 32 OR BELOW: 19 0.50 INCH OR MORE: 1
MIN 0 OR BELOW: 0 1.00 INCH OR MORE: 1
[HDD (BASE 65) ]
TOTAL THIS MO. 681 CLEAR (SCALE 0-3) 18
DPTR FM NORMAL -276 PTCLDY (SCALE 4-7) 11
TOTAL FM JUL 1 5271 CLOUDY (SCALE 8-10) 2
DPTR FM NORMAL -773
[CDD (BASE 65) ]
TOTAL THIS MO. 0
DPTR FM NORMAL 0 [PRESSURE DATA]
TOTAL FM JAN 1 0 HIGHEST SLP 30.63 ON 20
DPTR FM NORMAL 0 LOWEST SLP 29.49 ON 26
[REMARKS]
#FINAL-03-21#
CORRECTED SNOW DEPTH ON 3/31.