000
CXUS53 KDTX 021926
CF6FNT
PRELIMINARY LOCAL CLIMATOLOGICAL DATA (WS FORM: F-6)
STATION: FLINT MI
MONTH: NOVEMBER
YEAR: 2023
LATITUDE: 42 58 N
LONGITUDE: 83 44 W
TEMPERATURE IN F: :PCPN: SNOW: WIND :SUNSHINE: SKY :PK WND
================================================================================
1 2 3 4 5 6A 6B 7 8 9 10 11 12 13 14 15 16 17 18
12Z AVG MX 2MIN
DY MAX MIN AVG DEP HDD CDD WTR SNW DPTH SPD SPD DIR MIN PSBL S-S WX SPD DR
================================================================================
1 42 24 33 -11 32 0 0.00 0.0 1 8.4 18 280 M M 2 24 290
2 50 34 42 -2 23 0 0.00 0.0 0 9.9 18 210 M M 5 28 240
3 59 42 51 7 14 0 0.04 0.0 0 11.2 24 210 M M 3 37 240
4 57 40 49 6 16 0 0.07 0.0 0 2.3 9 230 M M 5 1 14 230
5 53 32 43 0 22 0 0.00 0.0 0 4.3 9 170 M M 5 12 13 150
6 62 42 52 10 13 0 T 0.0 0 12.4 26 190 M M 5 3 43 190
7 57 37 47 5 18 0 0.00 0.0 0 10.3 20 310 M M 8 28 310
8 45 34 40 -2 25 0 0.84 T 0 10.4 21 320 M M 8 13 29 100
9 54 38 46 5 19 0 0.00 0.0 0 13.0 25 270 M M 5 1 40 280
10 52 35 44 3 21 0 0.00 0.0 0 7.8 17 290 M M 6 27 290
11 48 28 38 -2 27 0 0.00 0.0 0 3.5 10 340 M M 3 14 340
12 51 30 41 1 24 0 0.00 0.0 0 8.3 17 170 M M 5 23 180
13 58 38 48 8 17 0 0.00 0.0 0 11.0 26 280 M M 1 36 300
14 54 23 39 0 26 0 0.00 0.0 0 4.8 13 170 M M 0 16 180
15 64 37 51 12 14 0 0.00 0.0 0 7.5 16 240 M M 0 27 200
16 67 29 48 9 17 0 0.00 0.0 0 7.3 18 190 M M 0 18 27 200
17 60 32 46 8 19 0 0.05 0.0 0 9.4 23 330 M M 6 1 29 330
18 50 22 36 -2 29 0 0.00 0.0 0 7.6 20 270 M M 0 29 250
19 46 27 37 0 28 0 0.00 0.0 0 5.5 14 360 M M 0 19 20
20 40 25 33 -4 32 0 0.00 0.0 0 9.0 17 80 M M 0 23 80
21 46 34 40 3 25 0 0.72 T 0 8.5 16 290 M M 10 1 23 290
22 43 36 40 4 25 0 0.00 0.0 0 7.7 16 290 M M 9 1 23 290
23 49 28 39 3 26 0 0.00 0.0 0 10.5 16 340 M M 7 22 200
24 34 18 26 -10 39 0 0.00 0.0 0 6.7 17 340 M M 2 24 340
25 35 18 27 -8 38 0 0.00 0.0 0 3.6 12 240 M M 3 16 250
26 36 23 30 -5 35 0 0.17 1.0 0 5.6 14 160 M M 7 1 19 250
27 34 22 28 -6 37 0 0.02 0.6 1 15.2 28 270 M M 10 1 35 270
28 28 17 23 -11 42 0 T T 1 13.0 23 270 M M 6 31 280
29 34 20 27 -7 38 0 0.00 0.0 1 10.5 16 190 M M 8 24 210
30 53 30 42 9 23 0 0.00 0.0 1 9.4 20 200 M M 2 31 220
================================================================================
SM 1461 895 764 0 1.91 1.6 254.6 M 131
================================================================================
AV 48.7 29.8 8.5 FASTST M M 4 MAX(MPH)
MISC ----> 28 270 43 190
================================================================================
NOTES:
# LAST OF SEVERAL OCCURRENCES
COLUMN 17 PEAK WIND IN M.P.H.
PRELIMINARY LOCAL CLIMATOLOGICAL DATA (WS FORM: F-6) , PAGE 2
STATION: FLINT MI
MONTH: NOVEMBER
YEAR: 2023
LATITUDE: 42 58 N
LONGITUDE: 83 44 W
[TEMPERATURE DATA] [PRECIPITATION DATA] SYMBOLS USED IN COLUMN 16
AVERAGE MONTHLY: 39.3 TOTAL FOR MONTH: 1.91 1 = FOG OR MIST
DPTR FM NORMAL: 0.5 DPTR FM NORMAL: -0.36 2 = FOG REDUCING VISIBILITY
HIGHEST: 67 ON 16 GRTST 24HR 0.84 ON 8- 8 TO 1/4 MILE OR LESS
LOWEST: 17 ON 28 3 = THUNDER
SNOW, ICE PELLETS, HAIL 4 = ICE PELLETS
TOTAL MONTH: 2.7 INCHES 5 = HAIL
GRTST 24HR 1.0 ON 26-26 6 = FREEZING RAIN OR DRIZZLE
GRTST DEPTH: 1 ON 30,29 7 = DUSTSTORM OR SANDSTORM:
VSBY 1/2 MILE OR LESS
8 = SMOKE OR HAZE
[NO. OF DAYS WITH] [WEATHER - DAYS WITH] 9 = BLOWING SNOW
X = TORNADO
MAX 32 OR BELOW: 1 0.01 INCH OR MORE: 7
MAX 90 OR ABOVE: 0 0.10 INCH OR MORE: 3
MIN 32 OR BELOW: 18 0.50 INCH OR MORE: 2
MIN 0 OR BELOW: 0 1.00 INCH OR MORE: 0
[HDD (BASE 65) ]
TOTAL THIS MO. 764 CLEAR (SCALE 0-3) 13
DPTR FM NORMAL -22 PTCLDY (SCALE 4-7) 14
TOTAL FM JUL 1 1271 CLOUDY (SCALE 8-10) 3
DPTR FM NORMAL -171
[CDD (BASE 65) ]
TOTAL THIS MO. 0
DPTR FM NORMAL 0 [PRESSURE DATA]
TOTAL FM JAN 1 537 HIGHEST SLP 30.52 ON 12
DPTR FM NORMAL -28 LOWEST SLP 29.60 ON 6
[REMARKS]
#FINAL-11-23#
CORRECTED SNOW DEPTH ON 11/30.