000
CXUS54 KMAF 011728
CF6FST
PRELIMINARY LOCAL CLIMATOLOGICAL DATA (WS FORM: F-6)
STATION: FORT STOCKTON
MONTH: NOVEMBER
YEAR: 2023
LATITUDE: 30 55 N
LONGITUDE: 102 55 W
TEMPERATURE IN F: :PCPN: SNOW: WIND :SUNSHINE: SKY :PK WND
================================================================================
1 2 3 4 5 6A 6B 7 8 9 10 11 12 13 14 15 16 17 18
12Z AVG MX 2MIN
DY MAX MIN AVG DEP HDD CDD WTR SNW DPTH SPD SPD DIR MIN PSBL S-S WX SPD DR
================================================================================
1 66 33 50 -12 15 0 0.00 M M 11.2 18 160 M M 0 26 160
2 76 40 58 -3 7 0 0.00 M M 9.9 17 160 M M 0 24 170
3 84 50 67 6 0 2 0.00 M M 11.2 18 160 M M 0 28 150
4 87 48 68 8 0 3 0.00 M M 7.2 15 160 M M 0 23 150
5 82 52 67 7 0 2 0.00 M M 8.9 15 120 M M 0 20 120
6 90 63 77 17 0 12 0.00 M M 10.9 16 170 M M 0 22 160
7 93 66 80 21 0 15 0.00 M M 9.5 16 230 M M 0 22 210
8 91 63 77 18 0 12 0.00 M M 11.5 21 290 M M 0 32 290
9 80 46 63 5 2 0 0.36 M M 8.9 22 10 M M 10 1 26 10
10 47 44 46 -12 19 0 0.11 M M 6.7 12 330 M M 10 1 15 20
11 52 44 48 -10 17 0 0.00 M M 5.6 10 330 M M 10 1 14 280
12 58 47 53 -4 12 0 0.26 M M 5.3 12 110 M M 9 12 14 110
13 55 52 54 -3 11 0 0.58 M M 6.2 13 90 M M 10 1 17 90
14 61 51 56 -1 9 0 0.01 M M 3.3 9 170 M M 7 1 12 120
15 69 47 58 2 7 0 0.00 M M 6.8 13 130 M M 1 12 17 130
16 76 52 64 8 1 0 0.00 M M 9.4 15 220 M M 0 19 230
17 77 59 68 12 0 3 0.00 M M 8.0 16 360 M M 1 22 230
18 73 54 64 9 1 0 0.00 M M 10.9 22 160 M M 1 1 31 160
19 80 52 66 11 0 1 0.00 M M 8.3 21 290 M M 2 12 29 280
20 67 52 60 5 5 0 0.00 M M 13.5 26 330 M M 2 38 290
21 58 40 49 -5 16 0 0.00 M M 10.5 22 10 M M 4 31 10
22 63 38 51 -3 14 0 0.00 M M 8.5 15 220 M M 0 20 190
23 70 43 57 3 8 0 0.00 M M 10.6 15 160 M M 0 22 190
24 57 41 49 -5 16 0 0.00 M M 9.8 20 310 M M 1 27 270
25 67 46 57 4 8 0 0.00 M M 5.1 14 340 M M 6 19 30
26 51 38 45 -8 20 0 0.00 M M 6.9 18 30 M M 6 1 23 40
27 52 38 45 -8 20 0 0.00 M M 9.5 16 120 M M 7 20 100
28 64 36 50 -3 15 0 0.00 M M 8.8 18 160 M M 1 26 140
29 69 43 56 4 9 0 0.00 M M 10.0 20 120 M M 0 26 150
30 72 45 59 7 6 0 0.00 M M 11.2 29 280 M M 1 41 280
================================================================================
SM 2087 1423 238 50 1.32 M 264.1 M 89
================================================================================
AV 69.6 47.4 8.8 FASTST M M 3 MAX(MPH)
MISC ----> 29 280 41 280
================================================================================
NOTES:
# LAST OF SEVERAL OCCURRENCES
COLUMN 17 PEAK WIND IN M.P.H.
PRELIMINARY LOCAL CLIMATOLOGICAL DATA (WS FORM: F-6) , PAGE 2
STATION: FORT STOCKTON
MONTH: NOVEMBER
YEAR: 2023
LATITUDE: 30 55 N
LONGITUDE: 102 55 W
[TEMPERATURE DATA] [PRECIPITATION DATA] SYMBOLS USED IN COLUMN 16
AVERAGE MONTHLY: 58.5 TOTAL FOR MONTH: 1.32 1 = FOG OR MIST
DPTR FM NORMAL: 2.1 DPTR FM NORMAL: 0.74 2 = FOG REDUCING VISIBILITY
HIGHEST: 93 ON 7 GRTST 24HR 0.83 ON 12-13 TO 1/4 MILE OR LESS
LOWEST: 33 ON 1 3 = THUNDER
SNOW, ICE PELLETS, HAIL 4 = ICE PELLETS
TOTAL MONTH: M 5 = HAIL
GRTST 24HR M ON M 6 = FREEZING RAIN OR DRIZZLE
GRTST DEPTH: M ON M 7 = DUSTSTORM OR SANDSTORM:
VSBY 1/2 MILE OR LESS
8 = SMOKE OR HAZE
[NO. OF DAYS WITH] [WEATHER - DAYS WITH] 9 = BLOWING SNOW
X = TORNADO
MAX 32 OR BELOW: 0 0.01 INCH OR MORE: 5
MAX 90 OR ABOVE: 3 0.10 INCH OR MORE: 4
MIN 32 OR BELOW: 0 0.50 INCH OR MORE: 1
MIN 0 OR BELOW: 0 1.00 INCH OR MORE: 0
[HDD (BASE 65) ]
TOTAL THIS MO. 238 CLEAR (SCALE 0-3) 20
DPTR FM NORMAL -37 PTCLDY (SCALE 4-7) 5
TOTAL FM JUL 1 303 CLOUDY (SCALE 8-10) 5
DPTR FM NORMAL -42
[CDD (BASE 65) ]
TOTAL THIS MO. 50
DPTR FM NORMAL 32 [PRESSURE DATA]
TOTAL FM JAN 1 3402 HIGHEST SLP 30.42 ON 21
DPTR FM NORMAL 801 LOWEST SLP 29.60 ON 19
[REMARKS]
#FINAL-11-23#