000
CXUS51 KCAR 010700
CF6FVE
PRELIMINARY LOCAL CLIMATOLOGICAL DATA (WS FORM: F-6)
STATION: FRENCHVILLE ME
MONTH: DECEMBER
YEAR: 2022
LATITUDE: 47 16 N
LONGITUDE: 68 19 W
TEMPERATURE IN F: :PCPN: SNOW: WIND :SUNSHINE: SKY :PK WND
================================================================================
1 2 3 4 5 6A 6B 7 8 9 10 11 12 13 14 15 16 17 18
12Z AVG MX 2MIN
DY MAX MIN AVG DEP HDD CDD WTR SNW DPTH SPD SPD DIR MIN PSBL S-S WX SPD DR
================================================================================
1 38 24 31 6 34 0 0.14 M M 16.7 30 290 M M 7 18 38 300
2 26 18 22 -3 43 0 T M M 11.1 28 280 M M 3 36 280
3 44 24 34 10 31 0 0.30 M M 14.9 28 150 M M 10 12 40 150
4 39 17 28 4 37 0 T M M 11.6 28 290 M M 6 1 39 300
5 36 18 27 4 38 0 T M M 13.0 22 170 M M 5 8 32 180
6 40 33 37 14 28 0 T M M 13.9 20 130 M M 6 29 160
7 43 34 39 17 26 0 0.94 M M 10.1 17 140 M M 10 12 23 130
8 40 23 32 10 33 0 T M M 16.2 23 320 M M 10 12 36 340
9 26 12 19 -3 46 0 0.00 M M 14.7 23 330 M M 1 34 330
10 20 8 14 -7 51 0 0.00 M M 13.0 17 10 M M 0 31 350
11 19 5 12 -9 53 0 0.00 M M 6.5 12 350 M M 0 18 340
12 19 5 12 -9 53 0 T M M 9.6 18 330 M M 4 1 25 310
13 21 13 17 -3 48 0 T M M 13.7 26 330 M M 9 1 39 340
14 38 15 27 7 38 0 T M M 18.8 29 10 M M 8 1 46 10
15 38 27 33 13 32 0 0.00 M M 10.3 18 10 M M 7 27 10
16 30 26 28 9 37 0 0.00 M M 10.1 18 80 M M 10 28 60
17 33 28 31 12 34 0 0.02 M M 13.2 21 50 M M 10 1 35 70
18 30 27 29 11 36 0 0.21 M M 6.4 13 40 M M 10 1 21 50
19 32 26 29 11 36 0 0.01 M M 12.1 18 340 M M 10 1 25 320
20 31 25 28 10 37 0 T M M 11.6 20 330 M M 8 1 27 340
21 26 21 24 7 41 0 T M M 6.2 13 220 M M 10 1 17 220
22 22 13 18 1 47 0 T M M 5.2 14 320 M M 3 1 20 320
23 41 14 28 11 37 0 0.54 M M 21.4 45 110 M M 9 1 77 120
24 41 14 28 12 37 0 T M M 13.5 36 160 M M 9 18 52 160
25 18 13 16 0 49 0 T M M 10.8 18 200 M M 10 18 29 190
26 18 11 15 -1 50 0 0.00 M M 10.4 21 250 M M 2 30 240
27 21 5 13 -3 52 0 0.01 M M 6.7 17 330 M M 9 12 25 270
28 20 2 11 -4 54 0 T M M 3.4 8 150 M M 8 1 10 150
29 27 19 23 8 42 0 0.06 M M 7.4 14 150 M M 10 1 20 140
30 42 27 35 20 30 0 0.06 M M 7.6 12 150 M M 10 126 16 160
31 45 40 43 29 22 0 0.16 M M 5.7 10 190 M M 10 12 16 190
================================================================================
SM 964 587 1232 0 2.45 M 345.8 M 224
================================================================================
AV 31.1 18.9 11.2 FASTST M M 7 MAX(MPH)
MISC ----> 45 110 77 120
================================================================================
NOTES:
# LAST OF SEVERAL OCCURRENCES
COLUMN 17 PEAK WIND IN M.P.H.
PRELIMINARY LOCAL CLIMATOLOGICAL DATA (WS FORM: F-6) , PAGE 2
STATION: FRENCHVILLE ME
MONTH: DECEMBER
YEAR: 2022
LATITUDE: 47 16 N
LONGITUDE: 68 19 W
[TEMPERATURE DATA] [PRECIPITATION DATA] SYMBOLS USED IN COLUMN 16
AVERAGE MONTHLY: 25.0 TOTAL FOR MONTH: 2.45 1 = FOG OR MIST
DPTR FM NORMAL: 5.7 DPTR FM NORMAL: 0.18 2 = FOG REDUCING VISIBILITY
HIGHEST: 45 ON 31 GRTST 24HR 0.94 ON 7- 7 TO 1/4 MILE OR LESS
LOWEST: 2 ON 28 3 = THUNDER
SNOW, ICE PELLETS, HAIL 4 = ICE PELLETS
TOTAL MONTH: M 5 = HAIL
GRTST 24HR M ON M 6 = FREEZING RAIN OR DRIZZLE
GRTST DEPTH: M ON M 7 = DUSTSTORM OR SANDSTORM:
VSBY 1/2 MILE OR LESS
8 = SMOKE OR HAZE
[NO. OF DAYS WITH] [WEATHER - DAYS WITH] 9 = BLOWING SNOW
X = TORNADO
MAX 32 OR BELOW: 17 0.01 INCH OR MORE: 11
MAX 90 OR ABOVE: 0 0.10 INCH OR MORE: 6
MIN 32 OR BELOW: 28 0.50 INCH OR MORE: 2
MIN 0 OR BELOW: 0 1.00 INCH OR MORE: 0
[HDD (BASE 65) ]
TOTAL THIS MO. 1232 CLEAR (SCALE 0-3) 5
DPTR FM NORMAL -185 PTCLDY (SCALE 4-7) 9
TOTAL FM JUL 1 3001 CLOUDY (SCALE 8-10) 17
DPTR FM NORMAL -482
[CDD (BASE 65) ]
TOTAL THIS MO. 0
DPTR FM NORMAL 0 [PRESSURE DATA]
TOTAL FM JAN 1 225 HIGHEST SLP M ON M
DPTR FM NORMAL 17 LOWEST SLP 28.90 ON 24
[REMARKS]
#FINAL-12-22#