000
CXUS52 KMFL 291627
CF6FXE
PRELIMINARY LOCAL CLIMATOLOGICAL DATA (WS FORM: F-6)
STATION: FORT LAUDERDALE EXEC ARPT
MONTH: MARCH
YEAR: 2023
LATITUDE: 26 12 N
LONGITUDE: 80 11 W
TEMPERATURE IN F: :PCPN: SNOW: WIND :SUNSHINE: SKY :PK WND
================================================================================
1 2 3 4 5 6A 6B 7 8 9 10 11 12 13 14 15 16 17 18
12Z AVG MX 2MIN
DY MAX MIN AVG DEP HDD CDD WTR SNW DPTH SPD SPD DIR MIN PSBL S-S WX SPD DR
================================================================================
1 86 60 73 2 0 8 0.00 M M 4.2 15 110 M M 0 1 18 120
2 85 63 74 3 0 9 0.00 M M 7.0 18 140 M M 1 24 130
3 90 73 82 11 0 17 0.00 0.0 0 9.6 23 200 M M 2 32 180
4 91 72 82 11 0 17 0.00 0.0 0 7.9 18 260 M M 1 24 240
5 90 66 78 7 0 13 0.00 0.0 0 4.2 14 100 M M 0 17 100
6 92 70 81 10 0 16 0.00 0.0 0 5.2 14 70 M M 1 20 40
7 91 69 80 9 0 15 0.00 0.0 0 5.5 14 90 M M 3 1 19 70
8 88 71 80 8 0 15 0.00 0.0 0 9.0 18 60 M M 2 26 70
9 81 69 75 3 0 10 0.00 0.0 0 10.0 20 80 M M 3 25 90
10 83 63 73 1 0 8 0.00 M M 7.7 18 140 M M 2 23 130
11 89 67 78 6 0 13 0.00 M M 8.5 18 270 M M 3 27 280
12 89 65 77 5 0 12 0.00 M M 5.3 18 230 M M 1 23 220
13 91 71 81 9 0 16 0.00 0.0 0 9.8 24 250 M M 1 31 260
14 82 69 76 4 0 11 0.00 0.0 0 6.0 14 50 M M 3 19 40
15 77 64 71 -1 0 6 0.00 0.0 0 7.0 17 40 M M 2 23 50
16 77 59 68 -4 0 3 0.00 0.0 0 10.4 21 90 M M 5 29 90
17 82 69 76 4 0 11 0.00 0.0 0 10.2 18 130 M M 2 26 120
18 88 65 77 5 0 12 0.00 0.0 0 6.5 17 140 M M 2 23 150
19 81 62 72 0 0 7 0.00 M M 7.1 16 60 M M 5 21 320
20 75 58 67 -5 0 2 0.24 0.0 0 8.8 16 320 M M 8 22 340
21 80 60 70 -3 0 5 0.00 M M 9.3 17 80 M M 3 27 80
22 83 65 74 1 0 9 0.00 0.0 M 11.3 21 90 M M 5 27 110
23 82 73 78 5 0 13 0.00 0.0 0 12.0 20 80 M M 4 25 100
24 85 71 78 5 0 13 0.00 0.0 0 9.5 17 110 M M 3 21 100
25 88 73 81 8 0 16 0.00 0.0 0 8.3 18 140 M M 2 24 130
26 88 74 81 8 0 16 0.00 0.0 0 8.9 17 120 M M 2 26 120
27 89 71 80 7 0 15 0.00 0.0 0 8.1 18 130 M M 4 25 130
28 88 73 81 7 0 16 1.30 0.0 0 5.3 16 140 M M 6 138 21 130
29 86 70 78 4 0 13 2.50 0.0 0 4.3 16 110 M M 4 138 20 110
30 80 70 75 1 0 10 0.20 0.0 0 9.2 22 90 M M 7 1 27 90
31 84 73 79 5 0 14 T 0.0 0 15.2 23 100 M M 3 29 110
================================================================================
SM 2641 2098 0 361 4.24 0.0 251.3 M 90
================================================================================
AV 85.2 67.7 8.1 FASTST M M 3 MAX(MPH)
MISC ----> 24 250 32 180
================================================================================
NOTES:
# LAST OF SEVERAL OCCURRENCES
COLUMN 17 PEAK WIND IN M.P.H.
PRELIMINARY LOCAL CLIMATOLOGICAL DATA (WS FORM: F-6) , PAGE 2
STATION: FORT LAUDERDALE EXEC ARPT
MONTH: MARCH
YEAR: 2023
LATITUDE: 26 12 N
LONGITUDE: 80 11 W
[TEMPERATURE DATA] [PRECIPITATION DATA] SYMBOLS USED IN COLUMN 16
AVERAGE MONTHLY: 76.4 TOTAL FOR MONTH: 4.24 1 = FOG OR MIST
DPTR FM NORMAL: 4.1 DPTR FM NORMAL: 1.04 2 = FOG REDUCING VISIBILITY
HIGHEST: 92 ON 6 GRTST 24HR 2.50 ON 29-29 TO 1/4 MILE OR LESS
LOWEST: 58 ON 20 3 = THUNDER
SNOW, ICE PELLETS, HAIL 4 = ICE PELLETS
TOTAL MONTH: 0.0 INCH 5 = HAIL
GRTST 24HR 0.0 6 = FREEZING RAIN OR DRIZZLE
GRTST DEPTH: 0 7 = DUSTSTORM OR SANDSTORM:
VSBY 1/2 MILE OR LESS
8 = SMOKE OR HAZE
[NO. OF DAYS WITH] [WEATHER - DAYS WITH] 9 = BLOWING SNOW
X = TORNADO
MAX 32 OR BELOW: 0 0.01 INCH OR MORE: 4
MAX 90 OR ABOVE: 6 0.10 INCH OR MORE: 4
MIN 32 OR BELOW: 0 0.50 INCH OR MORE: 2
MIN 0 OR BELOW: 0 1.00 INCH OR MORE: 2
[HDD (BASE 65) ]
TOTAL THIS MO. 0 CLEAR (SCALE 0-3) 21
DPTR FM NORMAL -13 PTCLDY (SCALE 4-7) 9
TOTAL FM JUL 1 81 CLOUDY (SCALE 8-10) 1
DPTR FM NORMAL -59
[CDD (BASE 65) ]
TOTAL THIS MO. 361
DPTR FM NORMAL 123 [PRESSURE DATA]
TOTAL FM JAN 1 887 HIGHEST SLP 30.28 ON 22
DPTR FM NORMAL 349 LOWEST SLP 29.82 ON 3
[REMARKS]
#FINAL-03-23#