000
CXUS56 KFGZ 010910
CF6GCN
PRELIMINARY LOCAL CLIMATOLOGICAL DATA (WS FORM: F-6)
STATION: GRAND CANYON AZ AIRPORT
MONTH: APRIL
YEAR: 2021
LATITUDE: 35 57 N
LONGITUDE: 112 9 W
TEMPERATURE IN F: :PCPN: SNOW: WIND :SUNSHINE: SKY :PK WND
================================================================================
1 2 3 4 5 6A 6B 7 8 9 10 11 12 13 14 15 16 17 18
12Z AVG MX 2MIN
DY MAX MIN AVG DEP HDD CDD WTR SNW DPTH SPD SPD DIR MIN PSBL S-S WX SPD DR
================================================================================
1 67 31 49 9 16 0 0.00 M M 9.2 16 40 M M 1 22 90
2 69 32 51 11 14 0 0.00 M M 3.2 16 50 M M 3 24 50
3 74 26 50 10 15 0 0.00 M M 3.6 16 210 M M 1 27 330
4 77 26 52 12 13 0 0.00 M M 5.2 20 240 M M 0 28 240
5 75 26 51 11 14 0 0.00 M M 11.9 31 230 M M 0 42 220
6 60 21 41 1 24 0 0.00 M M 7.0 17 270 M M 0 28 280
7 67 17 42 1 23 0 0.00 M M 4.6 16 260 M M 0 23 250
8 69 26 48 7 17 0 0.00 M M 7.1 18 280 M M 0 29 290
9 68 17 43 2 22 0 0.00 M M 3.7 14 240 M M 0 23 240
10 68 20 44 3 21 0 0.00 M M 4.6 20 220 M M 0 27 240
11 70 19 45 4 20 0 0.00 M M 4.8 20 250 M M 0 29 240
12 71 24 48 7 17 0 0.00 M M 4.9 22 220 M M 1 35 210
13 67 34 51 9 14 0 0.00 M M 13.2 32 210 M M 1 43 210
14 65 40 53 11 12 0 0.00 M M 19.6 39 220 M M 0 53 220
15 55 26 41 -1 24 0 0.00 M M 7.7 22 250 M M 1 34 250
16 57 17 37 -5 28 0 0.00 M M 4.6 17 270 M M 3 25 240
17 51 20 36 -6 29 0 T M M 6.0 20 40 M M 4 8 24 20
18 56 23 40 -3 25 0 0.00 M M 10.1 29 60 M M 0 35 60
19 66 17 42 -1 23 0 0.00 M M 5.2 18 240 M M 0 28 250
20 69 19 44 1 21 0 0.00 M M 5.8 24 220 M M 0 37 210
21 64 30 47 4 18 0 0.00 M M 15.8 36 210 M M 0 49 210
22 58 22 40 -4 25 0 0.03 M M 6.0 26 230 M M 5 36 210
23 63 22 43 -1 22 0 0.00 M M 6.7 20 260 M M 1 32 280
24 68 21 45 1 20 0 0.00 M M 13.3 35 210 M M 0 46 200
25 68 36 52 8 13 0 0.00 M M 18.9 38 210 M M 0 46 210
26 54 34 44 -1 21 0 0.08 M M 17.1 32 210 M M 4 1 41 210
27 45 31 38 -7 27 0 0.20 M M 5.1 29 190 M M 9 12 43 180
28 61 27 44 -1 21 0 0.00 M M 7.5 21 10 M M 2 28 20
29 73 27 50 4 15 0 0.00 M M 6.8 28 40 M M 0 34 40
30 78 30 54 8 11 0 0.00 M M 3.1 16 40 M M 0 22 40
================================================================================
SM 1953 761 585 0 0.31 M 242.3 M 36
================================================================================
AV 65.1 25.4 8.1 FASTST M M 1 MAX(MPH)
MISC ----> 39 220 53 220
================================================================================
NOTES:
# LAST OF SEVERAL OCCURRENCES
COLUMN 17 PEAK WIND IN M.P.H.
PRELIMINARY LOCAL CLIMATOLOGICAL DATA (WS FORM: F-6) , PAGE 2
STATION: GRAND CANYON AZ AIRPORT
MONTH: APRIL
YEAR: 2021
LATITUDE: 35 57 N
LONGITUDE: 112 9 W
[TEMPERATURE DATA] [PRECIPITATION DATA] SYMBOLS USED IN COLUMN 16
AVERAGE MONTHLY: 45.2 TOTAL FOR MONTH: 0.31 1 = FOG OR MIST
DPTR FM NORMAL: 2.9 DPTR FM NORMAL: -0.65 2 = FOG REDUCING VISIBILITY
HIGHEST: 78 ON 30 GRTST 24HR 0.28 ON 26-27 TO 1/4 MILE OR LESS
LOWEST: 17 ON 19,16 3 = THUNDER
SNOW, ICE PELLETS, HAIL 4 = ICE PELLETS
TOTAL MONTH: M 5 = HAIL
GRTST 24HR M ON M 6 = FREEZING RAIN OR DRIZZLE
GRTST DEPTH: M ON M 7 = DUSTSTORM OR SANDSTORM:
VSBY 1/2 MILE OR LESS
8 = SMOKE OR HAZE
[NO. OF DAYS WITH] [WEATHER - DAYS WITH] 9 = BLOWING SNOW
X = TORNADO
MAX 32 OR BELOW: 0 0.01 INCH OR MORE: 3
MAX 90 OR ABOVE: 0 0.10 INCH OR MORE: 1
MIN 32 OR BELOW: 26 0.50 INCH OR MORE: 0
MIN 0 OR BELOW: 0 1.00 INCH OR MORE: 0
[HDD (BASE 65) ]
TOTAL THIS MO. 585 CLEAR (SCALE 0-3) 26
DPTR FM NORMAL -96 PTCLDY (SCALE 4-7) 3
TOTAL FM JUL 1 6249 CLOUDY (SCALE 8-10) 1
DPTR FM NORMAL -320
[CDD (BASE 65) ]
TOTAL THIS MO. 0
DPTR FM NORMAL 0 [PRESSURE DATA]
TOTAL FM JAN 1 0 HIGHEST SLP M ON M
DPTR FM NORMAL 0 LOWEST SLP 29.54 ON 21
[REMARKS]
#FINAL-04-21#