000
CXUS51 KPHI 010815
CF6GED
PRELIMINARY LOCAL CLIMATOLOGICAL DATA (WS FORM: F-6)
STATION: GEORGETOWN DE
MONTH: MAY
YEAR: 2023
LATITUDE: 38 41 N
LONGITUDE: 75 22 W
TEMPERATURE IN F: :PCPN: SNOW: WIND :SUNSHINE: SKY :PK WND
================================================================================
1 2 3 4 5 6A 6B 7 8 9 10 11 12 13 14 15 16 17 18
12Z AVG MX 2MIN
DY MAX MIN AVG DEP HDD CDD WTR SNW DPTH SPD SPD DIR MIN PSBL S-S WX SPD DR
================================================================================
1 65 52 59 -1 6 0 T M M 10.2 24 230 M M 6 32 230
2 62 50 56 -5 9 0 T M M 7.3 20 260 M M 6 28 280
3 58 43 51 -10 14 0 0.09 M M 4.7 14 280 M M 5 22 300
4 65 44 55 -6 10 0 0.00 M M 6.0 14 10 M M 3 1 19 300
5 67 43 55 -7 10 0 T M M 2.8 12 60 M M 4 1 13 60
6 74 44 59 -3 6 0 0.00 M M 2.7 13 110 M M 2 12 20 310
7 80 49 65 3 0 0 T M M 5.5 15 240 M M 2 1 20 170
8 81 61 71 9 0 6 0.00 M M 5.7 13 60 M M 5 1 19 280
9 68 46 57 -6 8 0 0.15 M M 5.7 21 40 M M 5 13 24 40
10 74 43 59 -4 6 0 0.00 M M 3.6 14 240 M M 1 23 230
11 83 49 66 3 0 1 0.00 M M 5.2 16 220 M M 0 18 220
12 88 58 73 10 0 8 0.00 M M 4.6 16 230 M M 0 20 210
13 73 64 69 5 0 4 1.12 M M 4.8 14 230 M M 6 1 18 230
14 75 54 65 1 0 0 0.00 M M 6.5 22 50 M M 0 1 26 40
15 77 51 64 0 1 0 0.00 M M 6.3 16 230 M M 0 20 220
16 79 58 69 5 0 4 T M M 8.6 20 220 M M 5 25 220
17 73 51 62 -3 3 0 0.00 M M 8.1 21 40 M M 2 26 30
18 68 47 58 -7 7 0 0.00 M M 6.7 15 130 M M 0 21 30
19 74 54 64 -1 1 0 T M M 8.0 17 120 M M 3 18 23 160
20 77 62 70 4 0 5 0.70 M M 5.0 12 180 M M 8 1 15 170
21 76 58 67 1 0 2 0.35 M M 4.6 14 330 M M 4 1 21 340
22 78 55 67 1 0 2 0.00 M M 6.3 16 50 M M 0 25 50
23 69 54 62 -4 3 0 0.00 M M 9.1 20 60 M M 1 1 25 80
24 76 51 64 -3 1 0 0.00 M M 5.2 14 40 M M 0 17 40
25 70 49 60 -7 5 0 0.00 M M 10.0 23 40 M M 2 32 30
26 73 47 60 -7 5 0 0.00 M M 5.7 15 100 M M 0 19 110
27 74 46 60 -8 5 0 0.00 M M 7.0 18 110 M M 0 25 100
28 74 55 65 -3 0 0 T M M 8.5 17 80 M M 7 22 70
29 72 60 66 -2 0 1 1.25 M M 9.4 21 70 M M 8 13 27 80
30 69 57 63 -5 2 0 T M M 11.9 23 60 M M 6 1 28 50
31 74 56 65 -4 0 0 0.00 M M 8.6 16 60 M M 6 18 21 70
================================================================================
SM 2266 1611 102 33 3.66 M 204.3 M 97
================================================================================
AV 73.1 52.0 6.6 FASTST M M 3 MAX(MPH)
MISC ----> 24 230 # 32 230
================================================================================
NOTES:
# LAST OF SEVERAL OCCURRENCES
COLUMN 17 PEAK WIND IN M.P.H.
PRELIMINARY LOCAL CLIMATOLOGICAL DATA (WS FORM: F-6) , PAGE 2
STATION: GEORGETOWN DE
MONTH: MAY
YEAR: 2023
LATITUDE: 38 41 N
LONGITUDE: 75 22 W
[TEMPERATURE DATA] [PRECIPITATION DATA] SYMBOLS USED IN COLUMN 16
AVERAGE MONTHLY: 62.5 TOTAL FOR MONTH: 3.66 1 = FOG OR MIST
DPTR FM NORMAL: -2.0 DPTR FM NORMAL: 0.03 2 = FOG REDUCING VISIBILITY
HIGHEST: 88 ON 12 GRTST 24HR 1.25 ON 29-29 TO 1/4 MILE OR LESS
LOWEST: 43 ON 10, 5 3 = THUNDER
SNOW, ICE PELLETS, HAIL 4 = ICE PELLETS
TOTAL MONTH: M 5 = HAIL
GRTST 24HR M ON M 6 = FREEZING RAIN OR DRIZZLE
GRTST DEPTH: M ON M 7 = DUSTSTORM OR SANDSTORM:
VSBY 1/2 MILE OR LESS
8 = SMOKE OR HAZE
[NO. OF DAYS WITH] [WEATHER - DAYS WITH] 9 = BLOWING SNOW
X = TORNADO
MAX 32 OR BELOW: 0 0.01 INCH OR MORE: 6
MAX 90 OR ABOVE: 0 0.10 INCH OR MORE: 5
MIN 32 OR BELOW: 0 0.50 INCH OR MORE: 3
MIN 0 OR BELOW: 0 1.00 INCH OR MORE: 2
[HDD (BASE 65) ]
TOTAL THIS MO. 102 CLEAR (SCALE 0-3) 16
DPTR FM NORMAL -4 PTCLDY (SCALE 4-7) 14
TOTAL FM JUL 1 3390 CLOUDY (SCALE 8-10) 1
DPTR FM NORMAL -670
[CDD (BASE 65) ]
TOTAL THIS MO. 33
DPTR FM NORMAL -58 [PRESSURE DATA]
TOTAL FM JAN 1 93 HIGHEST SLP 30.33 ON 19
DPTR FM NORMAL -26 LOWEST SLP 29.26 ON 1
[REMARKS]
#FINAL-05-23#