000
CXUS56 KOTX 010910
CF6GEG
PRELIMINARY LOCAL CLIMATOLOGICAL DATA (WS FORM: F-6)
STATION: SPOKANE WA AIRPORT
MONTH: OCTOBER
YEAR: 2022
LATITUDE: 47 37 N
LONGITUDE: 117 32 W
TEMPERATURE IN F: :PCPN: SNOW: WIND :SUNSHINE: SKY :PK WND
================================================================================
1 2 3 4 5 6A 6B 7 8 9 10 11 12 13 14 15 16 17 18
12Z AVG MX 2MIN
DY MAX MIN AVG DEP HDD CDD WTR SNW DPTH SPD SPD DIR MIN PSBL S-S WX SPD DR
================================================================================
1 76 50 63 8 2 0 0.00 0.0 0 5.9 12 40 M M 1 1 16 40
2 76 51 64 10 1 0 0.00 0.0 0 5.7 13 240 M M 0 18 230
3 80 51 66 12 0 1 0.00 0.0 0 2.6 8 160 M M 2 10 110
4 80 50 65 11 0 0 0.00 0.0 0 2.9 13 70 M M 2 1 16 70
5 79 50 65 12 0 0 0.00 0.0 0 3.7 12 70 M M 5 15 80
6 78 51 65 12 0 0 0.00 0.0 0 4.8 10 60 M M 4 13 30
7 77 51 64 12 1 0 0.00 0.0 0 4.1 9 40 M M 7 11 50
8 77 48 63 11 2 0 0.00 0.0 0 3.1 9 80 M M 6 11 60
9 75 47 61 10 4 0 0.00 0.0 0 5.0 10 170 M M 1 1 12 240
10 74 48 61 10 4 0 0.00 0.0 0 12.4 23 230 M M 4 28 240
11 71 49 60 10 5 0 0.00 0.0 0 8.2 21 300 M M 2 33 290
12 74 47 61 11 4 0 0.00 0.0 0 4.2 10 320 M M 2 8 14 300
13 73 43 58 9 7 0 0.00 0.0 0 2.8 12 50 M M 2 8 16 80
14 73 44 59 10 6 0 0.00 0.0 0 3.7 10 240 M M 6 13 260
15 74 48 61 13 4 0 0.00 0.0 0 7.4 14 60 M M 1 17 60
16 74 46 60 12 5 0 0.00 0.0 0 6.3 10 70 M M 2 14 50
17 73 45 59 12 6 0 0.00 0.0 0 5.8 12 50 M M 0 8 15 60
18 72 45 59 12 6 0 0.00 0.0 0 4.6 12 50 M M 1 8 14 50
19 72 43 58 12 7 0 0.00 0.0 0 3.5 12 60 M M 1 18 15 60
20 65 45 55 9 10 0 T 0.0 0 6.4 12 200 M M 6 8 15 200
21 50 39 45 0 20 0 0.35 T 0 11.8 24 230 M M 9 1 28 230
22 48 33 41 -4 24 0 0.02 0.0 0 5.8 12 290 M M 8 1 13 280
23 48 32 40 -4 25 0 0.00 0.0 0 5.8 13 230 M M 7 1 15 190
24 44 35 40 -4 25 0 0.08 0.0 0 11.9 22 200 M M 9 1 27 210
25 48 35 42 -2 23 0 T 0.0 0 12.0 20 230 M M 8 25 220
26 48 36 42 -1 23 0 0.03 0.0 0 11.7 21 230 M M 7 5 25 200
27 53 36 45 2 20 0 0.00 0.0 0 13.8 24 210 M M 6 32 200
28 53 41 47 5 18 0 T 0.0 0 10.5 20 170 M M 8 25 200
29 55 38 47 5 18 0 0.00 0.0 0 7.0 16 250 M M 5 20 230
30 55 42 49 7 16 0 0.00 0.0 0 14.1 26 210 M M 9 32 210
31 53 44 49 8 16 0 0.13 0.0 0 17.8 26 200 M M 9 1 35 210
================================================================================
SM 2048 1363 302 1 0.61 T 225.3 M 140
================================================================================
AV 66.1 44.0 7.3 FASTST M M 5 MAX(MPH)
MISC ----> # 26 210 35 210
================================================================================
NOTES:
# LAST OF SEVERAL OCCURRENCES
COLUMN 17 PEAK WIND IN M.P.H.
PRELIMINARY LOCAL CLIMATOLOGICAL DATA (WS FORM: F-6) , PAGE 2
STATION: SPOKANE WA AIRPORT
MONTH: OCTOBER
YEAR: 2022
LATITUDE: 47 37 N
LONGITUDE: 117 32 W
[TEMPERATURE DATA] [PRECIPITATION DATA] SYMBOLS USED IN COLUMN 16
AVERAGE MONTHLY: 55.0 TOTAL FOR MONTH: 0.61 1 = FOG OR MIST
DPTR FM NORMAL: 7.1 DPTR FM NORMAL: -0.76 2 = FOG REDUCING VISIBILITY
HIGHEST: 80 ON 4, 3 GRTST 24HR 0.37 ON 21-22 TO 1/4 MILE OR LESS
LOWEST: 32 ON 23 3 = THUNDER
SNOW, ICE PELLETS, HAIL 4 = ICE PELLETS
TOTAL MONTH: T 5 = HAIL
GRTST 24HR T ON 21-21 6 = FREEZING RAIN OR DRIZZLE
GRTST DEPTH: 0 7 = DUSTSTORM OR SANDSTORM:
VSBY 1/2 MILE OR LESS
8 = SMOKE OR HAZE
[NO. OF DAYS WITH] [WEATHER - DAYS WITH] 9 = BLOWING SNOW
X = TORNADO
MAX 32 OR BELOW: 0 0.01 INCH OR MORE: 5
MAX 90 OR ABOVE: 0 0.10 INCH OR MORE: 2
MIN 32 OR BELOW: 1 0.50 INCH OR MORE: 0
MIN 0 OR BELOW: 0 1.00 INCH OR MORE: 0
[HDD (BASE 65) ]
TOTAL THIS MO. 302 CLEAR (SCALE 0-3) 13
DPTR FM NORMAL -230 PTCLDY (SCALE 4-7) 13
TOTAL FM JUL 1 369 CLOUDY (SCALE 8-10) 5
DPTR FM NORMAL -379
[CDD (BASE 65) ]
TOTAL THIS MO. 1
DPTR FM NORMAL 0 [PRESSURE DATA]
TOTAL FM JAN 1 765 HIGHEST SLP M ON M
DPTR FM NORMAL 250 LOWEST SLP 29.51 ON 22
[REMARKS]
#FINAL-10-22#