000
CXUS53 KIND 011503
CLMGEZ
CLIMATE REPORT
NATIONAL WEATHER SERVICE INDIANAPOLIS IN
1103 AM EDT THU JUN 01 2023
...................................
...THE SHELBYVILLE IN CLIMATE SUMMARY FOR THE MONTH OF MAY 2023...
CLIMATE NORMAL PERIOD 1991 TO 2020
CLIMATE RECORD PERIOD 9999 TO 9999
WEATHER OBSERVED NORMAL DEPART LAST YEAR`S
VALUE DATE(S) VALUE FROM VALUE DATE(S)
NORMAL
................................................................
TEMPERATURE (F)
HIGHEST 91 05/29 93 05/11
05/31
05/31
LOWEST 37 05/04 45 05/02
05/08
AVG. MAXIMUM 78.4 75.5 2.9 79.8
AVG. MINIMUM 53.6 54.7 -1.1 57.8
MEAN 66.0 65.1 0.9 68.8
DAYS MAX >= 90 3 1.1 1.9 7
DAYS MAX <= 32 0 0.0 0.0 0
DAYS MIN <= 32 0 0.1 -0.1 0
DAYS MIN <= 0 0 0.0 0.0 0
PRECIPITATION (INCHES)
TOTALS 1.60 4.62 -3.02 5.13
DAILY AVG. 0.05 0.15 -0.10 0.17
DAYS >= .01 8 13.9 -5.9 16
DAYS >= .10 5 9.0 -4.0 10
DAYS >= .50 1 3.2 -2.2 3
DAYS >= 1.00 0 1.0 -1.0 1
GREATEST
24 HR. TOTAL 0.64 05/06 TO 05/07
DEGREE DAYS
HEATING TOTAL 73 107 -34 45
SINCE 7/1 4283 5032 -749 MM
COOLING TOTAL 112 110 2 172
SINCE 1/1 132 131 1 MM
................................................................
WIND (MPH)
AVERAGE WIND SPEED 8.3
HIGHEST WIND SPEED/DIRECTION 26/260 DATE 05/01
HIGHEST GUST SPEED/DIRECTION 37/260 DATE 05/01
SKY COVER
AVERAGE SKY COVER 0.28
AVERAGE RH (PERCENT) 57
WEATHER CONDITIONS. NUMBER OF DAYS WITH
THUNDERSTORM 4 MIXED PRECIP 0
HEAVY RAIN 2 RAIN 4
LIGHT RAIN 10 FREEZING RAIN 0
LT FREEZING RAIN 0 HAIL 0
HEAVY SNOW 0 SNOW 0
LIGHT SNOW 0 SLEET 0
FOG 10 FOG W/VIS <= 1/4 MILE 1
HAZE 10
- INDICATES NEGATIVE NUMBERS.
R INDICATES RECORD WAS SET OR TIED.
MM INDICATES DATA IS MISSING.
T INDICATES TRACE AMOUNT.
$$