000
CXUS53 KIND 011511
CLMGEZ
CLIMATE REPORT
NATIONAL WEATHER SERVICE INDIANAPOLIS IN
1111 AM EDT SAT JUL 01 2023
...................................
...THE SHELBYVILLE IN CLIMATE SUMMARY FOR THE MONTH OF JUNE 2023...
CLIMATE NORMAL PERIOD 1991 TO 2020
CLIMATE RECORD PERIOD 9999 TO 9999
WEATHER OBSERVED NORMAL DEPART LAST YEAR`S
VALUE DATE(S) VALUE FROM VALUE DATE(S)
NORMAL
................................................................
TEMPERATURE (F)
HIGHEST 95 06/02 98 06/14
06/03
LOWEST 52 06/09 52 06/28
AVG. MAXIMUM 83.9 83.4 0.5 87.7
AVG. MINIMUM 61.0 63.0 -2.0 63.1
MEAN 72.5 73.2 -0.7 75.4
DAYS MAX >= 90 6 5.0 1.0 12
DAYS MAX <= 32 0 0.0 0.0 0
DAYS MIN <= 32 0 0.0 0.0 0
DAYS MIN <= 0 0 0.0 0.0 0
PRECIPITATION (INCHES)
TOTALS 3.43 5.16 -1.73 1.59
DAILY AVG. 0.11 0.17 -0.06 0.05
DAYS >= .01 11 12.5 -1.5 10
DAYS >= .10 7 8.2 -1.2 7
DAYS >= .50 2 3.6 -1.6 0
DAYS >= 1.00 1 1.2 -0.2 0
GREATEST
24 HR. TOTAL 1.31 06/11 TO 06/11
DEGREE DAYS
HEATING TOTAL 4 9 -5 0
SINCE 7/1 4287 5037 -750 MM
COOLING TOTAL 236 255 -19 320
SINCE 1/1 368 386 -18 MM
................................................................
WIND (MPH)
AVERAGE WIND SPEED 7.3
HIGHEST WIND SPEED/DIRECTION 43/330 DATE 06/25
HIGHEST GUST SPEED/DIRECTION 63/320 DATE 06/25
SKY COVER
AVERAGE SKY COVER 0.37
AVERAGE RH (PERCENT) 58
WEATHER CONDITIONS. NUMBER OF DAYS WITH
THUNDERSTORM 6 MIXED PRECIP 0
HEAVY RAIN 6 RAIN 5
LIGHT RAIN 12 FREEZING RAIN 0
LT FREEZING RAIN 0 HAIL 0
HEAVY SNOW 0 SNOW 0
LIGHT SNOW 0 SLEET 0
FOG 10 FOG W/VIS <= 1/4 MILE 1
HAZE 15
- INDICATES NEGATIVE NUMBERS.
R INDICATES RECORD WAS SET OR TIED.
MM INDICATES DATA IS MISSING.
T INDICATES TRACE AMOUNT.
$$