000
CXUS55 KALY 010710
CF6GFL
PRELIMINARY LOCAL CLIMATOLOGICAL DATA (WS FORM: F-6)
STATION: GLENS FALLS NY
MONTH: OCTOBER
YEAR: 2022
LATITUDE: 43 20 N
LONGITUDE: 73 37 W
TEMPERATURE IN F: :PCPN: SNOW: WIND :SUNSHINE: SKY :PK WND
================================================================================
1 2 3 4 5 6A 6B 7 8 9 10 11 12 13 14 15 16 17 18
12Z AVG MX 2MIN
DY MAX MIN AVG DEP HDD CDD WTR SNW DPTH SPD SPD DIR MIN PSBL S-S WX SPD DR
================================================================================
1 67 38 53 -1 12 0 0.00 M M 5.9 14 20 M M 0 1 18 30
2 58 37 48 -5 17 0 0.00 M M 9.3 17 60 M M 2 23 30
3 57 31 44 -9 21 0 0.00 M M 3.8 14 60 M M 0 1 17 70
4 60 40 50 -2 15 0 0.01 M M 4.9 14 10 M M 4 17 20
5 65 39 52 0 13 0 0.00 M M 2.9 12 350 M M 4 1 14 340
6 71 36 54 2 11 0 0.00 M M 2.2 9 160 M M 0 1 12 150
7 68 44 56 5 9 0 0.11 M M 5.9 18 250 M M 5 12 25 260
8 55 35 45 -6 20 0 0.00 M M 6.1 14 330 M M 3 19 340
9 58 35 47 -3 18 0 0.00 M M 5.5 18 200 M M 6 23 210
10 53 35 44 -6 21 0 0.24 M M 1.6 12 290 M M 9 12 16 300
11 62 34 48 -2 17 0 0.00 M M 2.4 9 190 M M 5 12 12 160
12 68 33 51 2 14 0 0.00 M M 4.7 16 180 M M 2 12 26 200
13 66 42 54 5 11 0 1.03 M M 2.4 16 300 M M 8 1 22 190
14 63 37 50 1 15 0 0.34 M M 3.4 13 340 M M 6 1 16 340
15 67 34 51 3 14 0 0.00 M M 4.4 20 180 M M 4 12 28 180
16 58 32 45 -3 20 0 0.00 M M 1.9 10 170 M M 1 12 15 310
17 51 31 41 -7 24 0 0.73 M M 1.1 17 270 M M 8 12 23 270
18 56 30 43 -4 22 0 0.00 M M 3.1 15 170 M M 5 12 20 160
19 50 27 39 -8 26 0 0.00 M M 5.3 15 170 M M 5 1 20 160
20 55 31 43 -3 22 0 0.00 M M 7.7 22 210 M M 3 28 210
21 57 24 41 -5 24 0 0.00 M M 3.5 15 180 M M 0 21 200
22 67 26 47 1 18 0 0.00 M M 2.0 10 180 M M 0 15 190
23 64 31 48 2 17 0 0.00 M M 0.5 7 340 M M 0 1 9 340
24 61 47 54 9 11 0 0.03 M M 5.2 13 360 M M 9 1 17 360
25 72 55 64 19 1 0 0.23 M M 2.2 9 250 M M 9 1 12 240
26 75 52 64 20 1 0 T M M 4.8 17 240 M M 6 12 24 260
27 61 38 50 6 15 0 0.00 M M 9.2 22 320 M M 2 33 310
28 51 27 39 -5 26 0 0.00 M M 3.2 10 70 M M 0 16 70
29 60 23 42 -1 23 0 0.00 M M 1.2 8 160 M M 0 1 10 150
30 63 22 43 0 22 0 0.00 M M 1.4 8 170 M M 0 1 10 170
31 60 27 44 1 21 0 T M M 2.1 13 190 M M 3 1 17 190
================================================================================
SM 1899 1073 521 0 2.72 M 119.8 M 109
================================================================================
AV 61.3 34.6 3.9 FASTST M M 4 MAX(MPH)
MISC ----> # 22 210 33 310
================================================================================
NOTES:
# LAST OF SEVERAL OCCURRENCES
COLUMN 17 PEAK WIND IN M.P.H.
PRELIMINARY LOCAL CLIMATOLOGICAL DATA (WS FORM: F-6) , PAGE 2
STATION: GLENS FALLS NY
MONTH: OCTOBER
YEAR: 2022
LATITUDE: 43 20 N
LONGITUDE: 73 37 W
[TEMPERATURE DATA] [PRECIPITATION DATA] SYMBOLS USED IN COLUMN 16
AVERAGE MONTHLY: 47.9 TOTAL FOR MONTH: 2.72 1 = FOG OR MIST
DPTR FM NORMAL: -0.1 DPTR FM NORMAL: -0.96 2 = FOG REDUCING VISIBILITY
HIGHEST: 75 ON 26 GRTST 24HR 1.37 ON 13-14 TO 1/4 MILE OR LESS
LOWEST: 22 ON 30 3 = THUNDER
SNOW, ICE PELLETS, HAIL 4 = ICE PELLETS
TOTAL MONTH: M 5 = HAIL
GRTST 24HR M ON M 6 = FREEZING RAIN OR DRIZZLE
GRTST DEPTH: M ON M 7 = DUSTSTORM OR SANDSTORM:
VSBY 1/2 MILE OR LESS
8 = SMOKE OR HAZE
[NO. OF DAYS WITH] [WEATHER - DAYS WITH] 9 = BLOWING SNOW
X = TORNADO
MAX 32 OR BELOW: 0 0.01 INCH OR MORE: 8
MAX 90 OR ABOVE: 0 0.10 INCH OR MORE: 6
MIN 32 OR BELOW: 13 0.50 INCH OR MORE: 2
MIN 0 OR BELOW: 0 1.00 INCH OR MORE: 1
[HDD (BASE 65) ]
TOTAL THIS MO. 521 CLEAR (SCALE 0-3) 15
DPTR FM NORMAL -7 PTCLDY (SCALE 4-7) 13
TOTAL FM JUL 1 718 CLOUDY (SCALE 8-10) 3
DPTR FM NORMAL -51
[CDD (BASE 65) ]
TOTAL THIS MO. 0
DPTR FM NORMAL -2 [PRESSURE DATA]
TOTAL FM JAN 1 451 HIGHEST SLP M ON M
DPTR FM NORMAL 43 LOWEST SLP 29.55 ON 18
[REMARKS]
#FINAL-10-22#