000
CXUS54 KSHV 011500
CF6GGG
PRELIMINARY LOCAL CLIMATOLOGICAL DATA (WS FORM: F-6)
STATION: LONGVIEW
MONTH: JUNE
YEAR: 2020
LATITUDE: 32 22 N
LONGITUDE: 94 43 W
TEMPERATURE IN F: :PCPN: SNOW: WIND :SUNSHINE: SKY :PK WND
================================================================================
1 2 3 4 5 6A 6B 7 8 9 10 11 12 13 14 15 16 17 18
12Z AVG MX 2MIN
DY MAX MIN AVG DEP HDD CDD WTR SNW DPTH SPD SPD DIR MIN PSBL S-S WX SPD DR
================================================================================
1 86 63 75 -2 0 10 0.00 0.0 0 2.7 9 70 M M 0 13 80
2 90 69 80 3 0 15 0.00 0.0 0 4.8 10 110 M M 3 15 170
3 92 72 82 5 0 17 0.00 0.0 0 6.3 17 190 M M 1 21 190
4 91 70 81 4 0 16 0.00 0.0 0 7.2 15 200 M M 3 19 150
5 93 74 84 6 0 19 0.00 0.0 0 5.8 12 160 M M 2 15 220
6 93 71 82 4 0 17 0.02 0.0 0 4.4 24 80 M M 1 3 31 50
7 92 72 82 4 0 17 T 0.0 0 6.6 18 60 M M 2 23 80
8 92 73 83 5 0 18 0.00 0.0 0 7.3 16 290 M M 1 19 280
9 95 72 84 6 0 19 0.01 0.0 0 13.2 24 320 M M 5 3 34 310
10 86 61 74 -5 0 9 0.00 0.0 0 9.0 20 310 M M 1 27 330
11 89 56 73 -6 0 8 0.00 0.0 0 3.5 13 70 M M 0 17 70
12 88 59 74 -5 0 9 0.00 0.0 0 3.3 14 80 M M 0 21 50
13 90 63 77 -2 0 12 0.00 0.0 0 4.1 15 60 M M 0 20 50
14 92 63 78 -1 0 13 0.00 0.0 0 4.2 13 110 M M 1 17 80
15 94 68 81 1 0 16 0.00 0.0 0 4.7 20 140 M M 0 3 23 130
16 92 69 81 1 0 16 T 0.0 0 2.3 17 200 M M 1 3 21 210
17 91 70 81 1 0 16 0.00 0.0 0 6.6 17 150 M M 2 3 20 150
18 92 68 80 0 0 15 0.00 0.0 0 7.9 15 160 M M 0 20 180
19 94 69 82 2 0 17 0.00 0.0 0 8.8 16 160 M M 1 21 160
20 91 73 82 1 0 17 T 0.0 0 8.9 16 180 M M 2 21 190
21 92 74 83 2 0 18 0.04 0.0 0 8.4 20 210 M M 3 25 200
22 89 72 81 0 0 16 0.02 0.0 0 8.6 26 160 M M 4 3 31 170
23 91 70 81 0 0 16 0.40 0.0 0 6.4 14 40 M M 3 3 18 180
24 90 71 81 0 0 16 0.45 0.0 0 4.9 20 200 M M 5 3 23 190
25 85 71 78 -4 0 13 0.01 0.0 0 6.6 16 150 M M 6 138 23 150
26 86 74 80 -2 0 15 0.97 0.0 0 6.9 18 190 M M 6 138 24 200
27 90 76 83 1 0 18 T 0.0 0 9.4 20 200 M M 5 18 23 210
28 94 76 85 3 0 20 0.02 0.0 0 10.4 24 210 M M 4 1 33 230
29 90 78 84 2 0 19 T 0.0 0 12.3 23 190 M M 5 29 190
30 91 79 85 3 0 20 0.00 0.0 0 11.7 23 190 M M 5 30 190
================================================================================
SM 2721 2096 0 467 1.94 0.0 207.2 M 72
================================================================================
AV 90.7 69.9 6.9 FASTST M M 2 MAX(MPH)
MISC ----> # 26 160 # 34 310
================================================================================
NOTES:
# LAST OF SEVERAL OCCURRENCES
COLUMN 17 PEAK WIND IN M.P.H.
PRELIMINARY LOCAL CLIMATOLOGICAL DATA (WS FORM: F-6) , PAGE 2
STATION: LONGVIEW
MONTH: JUNE
YEAR: 2020
LATITUDE: 32 22 N
LONGITUDE: 94 43 W
[TEMPERATURE DATA] [PRECIPITATION DATA] SYMBOLS USED IN COLUMN 16
AVERAGE MONTHLY: 80.3 TOTAL FOR MONTH: 1.94 1 = FOG OR MIST
DPTR FM NORMAL: 0.7 DPTR FM NORMAL: -3.07 2 = FOG REDUCING VISIBILITY
HIGHEST: 95 ON 9 GRTST 24HR 0.97 ON 26-26 TO 1/4 MILE OR LESS
LOWEST: 56 ON 11 3 = THUNDER
SNOW, ICE PELLETS, HAIL 4 = ICE PELLETS
TOTAL MONTH: 0.0 INCH 5 = HAIL
GRTST 24HR 0.0 6 = FREEZING RAIN OR DRIZZLE
GRTST DEPTH: 0 7 = DUSTSTORM OR SANDSTORM:
VSBY 1/2 MILE OR LESS
8 = SMOKE OR HAZE
[NO. OF DAYS WITH] [WEATHER - DAYS WITH] 9 = BLOWING SNOW
X = TORNADO
MAX 32 OR BELOW: 0 0.01 INCH OR MORE: 9
MAX 90 OR ABOVE: 23 0.10 INCH OR MORE: 3
MIN 32 OR BELOW: 0 0.50 INCH OR MORE: 1
MIN 0 OR BELOW: 0 1.00 INCH OR MORE: 0
[HDD (BASE 65) ]
TOTAL THIS MO. 0 CLEAR (SCALE 0-3) 19
DPTR FM NORMAL 0 PTCLDY (SCALE 4-7) 11
TOTAL FM JUL 1 2034 CLOUDY (SCALE 8-10) 0
DPTR FM NORMAL -224
[CDD (BASE 65) ]
TOTAL THIS MO. 467
DPTR FM NORMAL 28 [PRESSURE DATA]
TOTAL FM JAN 1 873 HIGHEST SLP 30.28 ON 12
DPTR FM NORMAL 55 LOWEST SLP 29.53 ON 8
[REMARKS]
#FINAL-06-20#