000
CXUS55 KGJT 011010
CF6GJT
PRELIMINARY LOCAL CLIMATOLOGICAL DATA (WS FORM: F-6)
STATION: GRAND JUNCTION CO
MONTH: FEBRUARY
YEAR: 2023
LATITUDE: 39 7 N
LONGITUDE: 108 32 W
TEMPERATURE IN F: :PCPN: SNOW: WIND :SUNSHINE: SKY :PK WND
================================================================================
1 2 3 4 5 6A 6B 7 8 9 10 11 12 13 14 15 16 17 18
12Z AVG MX 2MIN
DY MAX MIN AVG DEP HDD CDD WTR SNW DPTH SPD SPD DIR MIN PSBL S-S WX SPD DR
================================================================================
1 36 13 25 -6 40 0 0.00 0.0 T 6.3 17 120 M M 0 20 120
2 43 19 31 0 34 0 0.00 0.0 T 6.0 15 150 M M 0 19 120
3 44 21 33 2 32 0 0.00 0.0 0 4.5 15 110 M M 0 18 110
4 46 22 34 2 31 0 0.00 0.0 0 3.2 10 310 M M 0 16 300
5 50 25 38 6 27 0 T T 0 7.4 24 280 M M 1 1 36 280
6 45 29 37 5 28 0 T T T 7.5 25 300 M M 4 18 33 30
7 45 24 35 2 30 0 0.00 0.0 0 6.0 15 100 M M 0 18 150
8 44 23 34 1 31 0 T T 0 10.2 32 310 M M 2 45 350
9 39 21 30 -3 35 0 T 0.0 0 7.2 18 50 M M 1 8 27 50
10 42 19 31 -3 34 0 0.00 0.0 0 5.0 15 110 M M 0 19 90
11 44 19 32 -2 33 0 0.00 0.0 0 3.8 13 110 M M 0 14 110
12 53 21 37 3 28 0 0.00 0.0 0 3.4 9 300 M M 0 14 320
13 43 27 35 0 30 0 0.05 0.2 0 6.3 17 130 M M 5 18 20 110
14 35 26 31 -4 34 0 0.15 1.7 T 5.8 25 40 M M 10 128 34 30
15 26 11 19 -16 46 0 0.33 3.4 1 8.4 17 270 M M 9 1 23 270
16 22 1 12 -24 53 0 0.00 0.0 4 8.1 16 110 M M 1 19 110
17 29 3 16 -20 49 0 0.00 0.0 3 6.0 14 120 M M 0 17 110
18 38 15 27 -9 38 0 0.00 0.0 2 5.0 12 110 M M 0 13 110
19 45 20 33 -4 32 0 0.00 0.0 1 4.9 13 110 M M 2 15 110
20 44 25 35 -2 30 0 0.00 0.0 T 5.8 15 110 M M 3 18 110
21 51 28 40 2 25 0 0.00 0.0 T 8.5 22 230 M M 3 34 230
22 47 27 37 -1 28 0 0.02 0.2 0 17.5 43 250 M M 6 12 56 230
23 36 24 30 -8 35 0 0.04 0.5 0 11.7 28 240 M M 7 1 36 250
24 39 24 32 -7 33 0 0.04 0.7 1 6.3 15 340 M M 3 1 21 210
25 50 24 37 -2 28 0 0.00 0.0 0 3.9 17 80 M M 1 20 80
26 47 30 39 0 26 0 0.00 0.0 0 8.8 24 300 M M 4 32 270
27 42 28 35 -5 30 0 0.00 0.0 0 8.2 21 150 M M 7 25 150
28 42 27 35 -5 30 0 T 0.2 0 13.9 32 260 M M 3 128 48 260
================================================================================
SM 1167 596 930 0 0.63 6.9 199.6 M 72
================================================================================
AV 41.7 21.3 7.1 FASTST M M 3 MAX(MPH)
MISC ----> 43 250 56 230
================================================================================
NOTES:
# LAST OF SEVERAL OCCURRENCES
COLUMN 17 PEAK WIND IN M.P.H.
PRELIMINARY LOCAL CLIMATOLOGICAL DATA (WS FORM: F-6) , PAGE 2
STATION: GRAND JUNCTION CO
MONTH: FEBRUARY
YEAR: 2023
LATITUDE: 39 7 N
LONGITUDE: 108 32 W
[TEMPERATURE DATA] [PRECIPITATION DATA] SYMBOLS USED IN COLUMN 16
AVERAGE MONTHLY: 31.5 TOTAL FOR MONTH: 0.63 1 = FOG OR MIST
DPTR FM NORMAL: -3.8 DPTR FM NORMAL: 0.10 2 = FOG REDUCING VISIBILITY
HIGHEST: 53 ON 12 GRTST 24HR 0.37 ON 14-15 TO 1/4 MILE OR LESS
LOWEST: 1 ON 16 3 = THUNDER
SNOW, ICE PELLETS, HAIL 4 = ICE PELLETS
TOTAL MONTH: 6.9 INCHES 5 = HAIL
GRTST 24HR 3.4 ON 15-15 6 = FREEZING RAIN OR DRIZZLE
GRTST DEPTH: 4 ON 16 7 = DUSTSTORM OR SANDSTORM:
VSBY 1/2 MILE OR LESS
8 = SMOKE OR HAZE
[NO. OF DAYS WITH] [WEATHER - DAYS WITH] 9 = BLOWING SNOW
X = TORNADO
MAX 32 OR BELOW: 3 0.01 INCH OR MORE: 6
MAX 90 OR ABOVE: 0 0.10 INCH OR MORE: 2
MIN 32 OR BELOW: 28 0.50 INCH OR MORE: 0
MIN 0 OR BELOW: 0 1.00 INCH OR MORE: 0
[HDD (BASE 65) ]
TOTAL THIS MO. 930 CLEAR (SCALE 0-3) 17
DPTR FM NORMAL 97 PTCLDY (SCALE 4-7) 9
TOTAL FM JUL 1 4159 CLOUDY (SCALE 8-10) 2
DPTR FM NORMAL -155
[CDD (BASE 65) ]
TOTAL THIS MO. 0
DPTR FM NORMAL 0 [PRESSURE DATA]
TOTAL FM JAN 1 0 HIGHEST SLP 30.69 ON 17
DPTR FM NORMAL 0 LOWEST SLP 28.92 ON 22
[REMARKS]
#FINAL-02-23#