000
CXUS55 KGJT 010910
CF6GJT
PRELIMINARY LOCAL CLIMATOLOGICAL DATA (WS FORM: F-6)
STATION: GRAND JUNCTION CO
MONTH: JULY
YEAR: 2021
LATITUDE: 39 7 N
LONGITUDE: 108 32 W
TEMPERATURE IN F: :PCPN: SNOW: WIND :SUNSHINE: SKY :PK WND
================================================================================
1 2 3 4 5 6A 6B 7 8 9 10 11 12 13 14 15 16 17 18
12Z AVG MX 2MIN
DY MAX MIN AVG DEP HDD CDD WTR SNW DPTH SPD SPD DIR MIN PSBL S-S WX SPD DR
================================================================================
1 90 64 77 -1 0 12 0.02 0.0 0 6.8 23 60 M M 1 3 27 60
2 98 65 82 4 0 17 0.00 0.0 0 8.4 18 320 M M 0 26 300
3 98 69 84 6 0 19 0.00 0.0 0 8.5 20 290 M M 0 29 270
4 102 66 84 6 0 19 0.00 0.0 0 8.1 25 340 M M 0 33 330
5 100 71 86 8 0 21 0.00 0.0 0 9.2 29 330 M M 0 39 340
6 98 71 85 6 0 20 T 0.0 0 8.4 21 20 M M 1 29 10
7 100 66 83 4 0 18 0.00 0.0 0 7.0 18 120 M M 0 21 110
8 104 70 87 8 0 22 0.00 0.0 0 9.4 22 130 M M 0 26 130
9 107 73 90 11 0 25 0.00 0.0 0 10.8 23 330 M M 0 8 29 320
10 101 69 85 6 0 20 0.00 0.0 0 8.9 20 40 M M 0 24 40
11 99 62 81 2 0 16 0.00 0.0 0 6.9 21 310 M M 0 8 25 320
12 101 64 83 4 0 18 0.00 0.0 0 7.4 21 310 M M 0 8 26 320
13 98 68 83 3 0 18 0.12 0.0 0 14.6 37 160 M M 2 3 52 160
14 86 66 76 -4 0 11 0.00 0.0 0 11.8 23 350 M M 1 28 350
15 94 58 76 -4 0 11 0.00 0.0 0 5.6 16 210 M M 0 21 270
16 95 67 81 1 0 16 0.00 0.0 0 6.2 17 140 M M 0 20 140
17 97 66 82 2 0 17 0.00 0.0 0 10.4 23 60 M M 0 32 60
18 101 70 86 6 0 21 0.00 0.0 0 9.9 18 90 M M 0 24 90
19 98 73 86 6 0 21 0.00 0.0 0 7.4 17 240 M M 0 25 120
20 99 71 85 5 0 20 0.04 0.0 0 7.3 23 200 M M 0 30 200
21 98 68 83 3 0 18 0.00 0.0 0 9.6 29 130 M M 1 36 160
22 95 73 84 4 0 19 T 0.0 0 9.5 22 250 M M 1 28 250
23 97 69 83 3 0 18 T 0.0 0 9.9 31 300 M M 2 39 140
24 93 72 83 3 0 18 0.00 0.0 0 11.5 24 80 M M 1 3 33 90
25 93 67 80 0 0 15 0.18 0.0 0 8.8 26 70 M M 2 3 34 60
26 95 62 79 -1 0 14 T 0.0 0 8.5 29 140 M M 1 3 39 180
27 94 66 80 0 0 15 0.01 0.0 0 8.4 16 300 M M 1 22 250
28 97 67 82 3 0 17 0.06 0.0 0 6.5 23 60 M M 3 3 38 60
29 92 62 77 -2 0 12 0.02 0.0 0 7.7 41 140 M M 1 3 53 140
30 90 64 77 -2 0 12 0.04 0.0 0 8.8 30 110 M M 2 13 38 110
31 90 65 78 -1 0 13 0.01 0.0 0 10.7 36 60 M M 1 3 48 60
================================================================================
SM 3000 2084 0 533 0.50 0.0 272.9 M 21
================================================================================
AV 96.8 67.2 8.8 FASTST M M 1 MAX(MPH)
MISC ----> 41 140 53 140
================================================================================
NOTES:
# LAST OF SEVERAL OCCURRENCES
COLUMN 17 PEAK WIND IN M.P.H.
PRELIMINARY LOCAL CLIMATOLOGICAL DATA (WS FORM: F-6) , PAGE 2
STATION: GRAND JUNCTION CO
MONTH: JULY
YEAR: 2021
LATITUDE: 39 7 N
LONGITUDE: 108 32 W
[TEMPERATURE DATA] [PRECIPITATION DATA] SYMBOLS USED IN COLUMN 16
AVERAGE MONTHLY: 82.0 TOTAL FOR MONTH: 0.50 1 = FOG OR MIST
DPTR FM NORMAL: 2.8 DPTR FM NORMAL: -0.09 2 = FOG REDUCING VISIBILITY
HIGHEST: 107 ON 9 GRTST 24HR 0.18 ON 25-25 TO 1/4 MILE OR LESS
LOWEST: 58 ON 15 3 = THUNDER
SNOW, ICE PELLETS, HAIL 4 = ICE PELLETS
TOTAL MONTH: 0.0 INCH 5 = HAIL
GRTST 24HR 0.0 6 = FREEZING RAIN OR DRIZZLE
GRTST DEPTH: 0 7 = DUSTSTORM OR SANDSTORM:
VSBY 1/2 MILE OR LESS
8 = SMOKE OR HAZE
[NO. OF DAYS WITH] [WEATHER - DAYS WITH] 9 = BLOWING SNOW
X = TORNADO
MAX 32 OR BELOW: 0 0.01 INCH OR MORE: 9
MAX 90 OR ABOVE: 30 0.10 INCH OR MORE: 2
MIN 32 OR BELOW: 0 0.50 INCH OR MORE: 0
MIN 0 OR BELOW: 0 1.00 INCH OR MORE: 0
[HDD (BASE 65) ]
TOTAL THIS MO. 0 CLEAR (SCALE 0-3) 31
DPTR FM NORMAL 0 PTCLDY (SCALE 4-7) 0
TOTAL FM JUL 1 0 CLOUDY (SCALE 8-10) 0
DPTR FM NORMAL 0
[CDD (BASE 65) ]
TOTAL THIS MO. 533
DPTR FM NORMAL 93 [PRESSURE DATA]
TOTAL FM JAN 1 969 HIGHEST SLP M ON M
DPTR FM NORMAL 213 LOWEST SLP 29.65 ON 4
[REMARKS]
#FINAL-07-21#