000
CXUS54 KFWD 010830
CF6GKY
PRELIMINARY LOCAL CLIMATOLOGICAL DATA (WS FORM: F-6)
STATION: ARLINGTON
MONTH: JANUARY
YEAR: 2023
LATITUDE: 32 39 N
LONGITUDE: 97 6 W
TEMPERATURE IN F: :PCPN: SNOW: WIND :SUNSHINE: SKY :PK WND
================================================================================
1 2 3 4 5 6A 6B 7 8 9 10 11 12 13 14 15 16 17 18
12Z AVG MX 2MIN
DY MAX MIN AVG DEP HDD CDD WTR SNW DPTH SPD SPD DIR MIN PSBL S-S WX SPD DR
================================================================================
1 77 55 66 19 0 1 0.00 M M 9.9 17 150 M M 0 26 140
2 79 64 72 25 0 7 T M M 11.8 24 150 M M 6 1 35 160
3 69 40 55 8 10 0 0.00 M M 5.8 15 290 M M 2 24 290
4 61 33 47 0 18 0 0.00 M M 3.5 13 300 M M 0 19 310
5 63 31 47 0 18 0 0.00 M M 2.5 9 120 M M 0 14 350
6 71 34 53 6 12 0 0.00 M M 8.6 25 160 M M 1 37 160
7 64 48 56 9 9 0 0.00 M M 9.4 18 300 M M 0 1 24 320
8 62 34 48 1 17 0 0.00 M M 5.1 12 350 M M 0 16 340
9 70 32 51 4 14 0 0.00 M M 7.1 18 150 M M 0 26 160
10 84 48 66 19 0 1 0.00 M M 8.5 16 230 M M 0 27 210
11 85 48 67 20 0 2 0.00 M M 9.3 22 160 M M 1 33 160
12 70 42 56 9 9 0 0.00 M M 17.3 33 310 M M 1 49 320
13 59 27 43 -4 22 0 0.00 M M 4.2 12 310 M M 0 17 320
14 63 29 46 -1 19 0 0.00 M M 9.1 22 140 M M 0 31 150
15 71 49 60 13 5 0 0.00 M M 15.5 26 160 M M 0 40 170
16 75 52 64 17 1 0 0.00 M M 9.2 21 170 M M 0 32 170
17 80 44 62 15 3 0 0.00 M M 5.8 16 150 M M 0 21 140
18 72 59 66 19 0 1 T M M 8.9 24 290 M M 4 36 300
19 61 40 51 4 14 0 0.00 M M 7.8 22 320 M M 0 30 320
20 62 34 48 1 17 0 0.00 M M 6.4 14 120 M M 5 18 100
21 61 42 52 4 13 0 T M M 7.5 17 300 M M 6 1 29 300
22 55 30 43 -5 22 0 0.00 M M 9.5 20 310 M M 0 28 320
23 55 26 41 -7 24 0 0.00 M M 5.8 14 30 M M 3 19 30
24 49 37 43 -5 22 0 0.90 M M 12.9 23 360 M M 10 1 29 290
25 45 31 38 -10 27 0 T M M 8.4 17 320 M M 7 1 25 300
26 55 32 44 -4 21 0 0.00 M M 6.2 15 310 M M 0 20 310
27 62 27 45 -3 20 0 0.00 M M 8.1 18 160 M M 0 28 180
28 69 46 58 10 7 0 T M M 10.1 18 160 M M 5 1 28 180
29 61 31 46 -2 19 0 T M M 12.5 23 310 M M 7 1 32 320
30 31 27 29 -19 36 0 0.09 M M 13.7 22 340 M M 10 146 27 330
31 29 26 28 -21 37 0 0.42 M M 12.9 20 320 M M 10 12346 25 360
================================================================================
SM 1970 1198 436 12 1.41 M 273.3 M 78
================================================================================
AV 63.5 38.6 8.8 FASTST M M 3 MAX(MPH)
MISC ----> 33 310 49 320
================================================================================
NOTES:
# LAST OF SEVERAL OCCURRENCES
COLUMN 17 PEAK WIND IN M.P.H.
PRELIMINARY LOCAL CLIMATOLOGICAL DATA (WS FORM: F-6) , PAGE 2
STATION: ARLINGTON
MONTH: JANUARY
YEAR: 2023
LATITUDE: 32 39 N
LONGITUDE: 97 6 W
[TEMPERATURE DATA] [PRECIPITATION DATA] SYMBOLS USED IN COLUMN 16
AVERAGE MONTHLY: 51.1 TOTAL FOR MONTH: 1.41 1 = FOG OR MIST
DPTR FM NORMAL: 3.8 DPTR FM NORMAL: -0.93 2 = FOG REDUCING VISIBILITY
HIGHEST: 85 ON 11 GRTST 24HR 1.51 ON 24-24 TO 1/4 MILE OR LESS
LOWEST: 26 ON 31,23 3 = THUNDER
SNOW, ICE PELLETS, HAIL 4 = ICE PELLETS
TOTAL MONTH: M 5 = HAIL
GRTST 24HR M ON M 6 = FREEZING RAIN OR DRIZZLE
GRTST DEPTH: M ON M 7 = DUSTSTORM OR SANDSTORM:
VSBY 1/2 MILE OR LESS
8 = SMOKE OR HAZE
[NO. OF DAYS WITH] [WEATHER - DAYS WITH] 9 = BLOWING SNOW
X = TORNADO
MAX 32 OR BELOW: 2 0.01 INCH OR MORE: 3
MAX 90 OR ABOVE: 0 0.10 INCH OR MORE: 2
MIN 32 OR BELOW: 12 0.50 INCH OR MORE: 1
MIN 0 OR BELOW: 0 1.00 INCH OR MORE: 0
[HDD (BASE 65) ]
TOTAL THIS MO. 436 CLEAR (SCALE 0-3) 20
DPTR FM NORMAL -117 PTCLDY (SCALE 4-7) 8
TOTAL FM JUL 1 1291 CLOUDY (SCALE 8-10) 3
DPTR FM NORMAL -110
[CDD (BASE 65) ]
TOTAL THIS MO. 12
DPTR FM NORMAL 9 [PRESSURE DATA]
TOTAL FM JAN 1 12 HIGHEST SLP 30.48 ON 13
DPTR FM NORMAL 9 LOWEST SLP 29.59 ON 2
[REMARKS]
#FINAL-01-23#