000
CXUS54 KFWD 220503
CF6GLE
PRELIMINARY LOCAL CLIMATOLOGICAL DATA (WS FORM: F-6)
STATION: GAINESVILLE
MONTH: JULY
YEAR: 2022
LATITUDE: 33 39 N
LONGITUDE: 97 12 W
TEMPERATURE IN F: :PCPN: SNOW: WIND :SUNSHINE: SKY :PK WND
================================================================================
1 2 3 4 5 6A 6B 7 8 9 10 11 12 13 14 15 16 17 18
12Z AVG MX 2MIN
DY MAX MIN AVG DEP HDD CDD WTR SNW DPTH SPD SPD DIR MIN PSBL S-S WX SPD DR
================================================================================
1 96 72 84 3 0 19 0.00 M M 6.5 15 120 M M 0 18 120
2 98 73 86 5 0 21 0.00 M M 6.1 14 140 M M 2 17 70
3 95 74 85 4 0 20 0.00 M M 4.6 15 160 M M 2 21 160
4 99 75 87 6 0 22 0.00 M M 7.5 16 140 M M 0 22 150
5 100 73 87 5 0 22 0.00 M M 8.0 17 190 M M 0 21 190
6 102 75 89 7 0 24 0.00 M M 8.0 15 200 M M 0 20 200
7 102 78 90 8 0 25 0.00 M M 7.9 14 190 M M 0 20 120
8 105 74 90 8 0 25 0.00 M M 6.5 15 230 M M 0 17 210
9 103 77 90 8 0 25 0.00 M M 5.2 10 40 M M 0 16 340
10 100 73 87 5 0 22 0.00 M M 6.2 10 80 M M 0 17 50
11 100 75 88 6 0 23 0.00 M M 5.1 9 80 M M 0 M M
12 101 71 86 4 0 21 0.00 M M 5.9 14 70 M M 0 21 10
13 102 73 88 5 0 23 0.00 M M 4.9 8 40 M M 2 M M
14 98 74 86 3 0 21 0.00 M M 6.8 17 140 M M 3 22 140
15 100 69 85 2 0 20 0.00 M M 4.7 12 140 M M 1 17 0
16 99 73 86 3 0 21 0.00 M M 5.9 12 150 M M 0 17 190
17 104 76 90 7 0 25 0.00 M M 6.7 12 220 M M 0 17 200
18 109 79 94 11 0 29 0.00 M M 7.7 15 200 M M 1 18 230
19 110 80 95 12 0 30 0.00 M M 11.4 16 210 M M 0 29 250
20 106 77 92 8 0 27 0.04 M M 10.6 15 150 M M 0 26 100
21 94 80 87 3 0 22 0.00 M M 6.1 10 100 M M 2 20 90
22 99 76 88 4 0 23 0.00 M M 9.4 18 160 M M 2 24 150
23 98 74 86 2 0 21 0.00 M M 8.4 14 200 M M 0 24 200
24 100 77 89 5 0 24 0.00 M M 7.8 14 200 M M 0 21 180
25 101 76 89 5 0 24 0.00 M M 6.7 14 230 M M 1 25 210
26 101 79 90 6 0 25 0.00 M M 8.7 14 210 M M 0 21 150
27 101 79 90 6 0 25 0.00 M M 8.3 14 170 M M 0 21 170
28 101 76 89 5 0 24 0.00 M M 6.3 13 170 M M 0 20 170
29 100 73 87 3 0 22 0.43 M M 6.6 20 360 M M 2 30 360
30 96 74 85 1 0 20 M M M 4.5 13 120 M M 2 20 110
31 100 80 90 6 0 25 0.00 M M 7.6 15 140 M M 1 20 140
================================================================================
SM 3120 2335 0 720 0.47 M 216.7 M 21
================================================================================
AV100.6 75.3 7.0 FASTST M M 1 MAX(MPH)
MISC ----> 20 360 30 360
================================================================================
NOTES:
# LAST OF SEVERAL OCCURRENCES
COLUMN 17 PEAK WIND IN M.P.H.
PRELIMINARY LOCAL CLIMATOLOGICAL DATA (WS FORM: F-6) , PAGE 2
STATION: GAINESVILLE
MONTH: JULY
YEAR: 2022
LATITUDE: 33 39 N
LONGITUDE: 97 12 W
[TEMPERATURE DATA] [PRECIPITATION DATA] SYMBOLS USED IN COLUMN 16
AVERAGE MONTHLY: 88.0 TOTAL FOR MONTH: 0.47 1 = FOG OR MIST
DPTR FM NORMAL: 5.1 DPTR FM NORMAL: -2.11 2 = FOG REDUCING VISIBILITY
HIGHEST: 110 ON 19 GRTST 24HR 0.43 ON 29-29 TO 1/4 MILE OR LESS
LOWEST: 69 ON 15 3 = THUNDER
SNOW, ICE PELLETS, HAIL 4 = ICE PELLETS
TOTAL MONTH: M 5 = HAIL
GRTST 24HR M ON M 6 = FREEZING RAIN OR DRIZZLE
GRTST DEPTH: M ON M 7 = DUSTSTORM OR SANDSTORM:
VSBY 1/2 MILE OR LESS
8 = SMOKE OR HAZE
[NO. OF DAYS WITH] [WEATHER - DAYS WITH] 9 = BLOWING SNOW
X = TORNADO
MAX 32 OR BELOW: 0 0.01 INCH OR MORE: 2
MAX 90 OR ABOVE: 31 0.10 INCH OR MORE: 1
MIN 32 OR BELOW: 0 0.50 INCH OR MORE: 0
MIN 0 OR BELOW: 0 1.00 INCH OR MORE: 0
[HDD (BASE 65) ]
TOTAL THIS MO. 0 CLEAR (SCALE 0-3) 31
DPTR FM NORMAL 0 PTCLDY (SCALE 4-7) 0
TOTAL FM JUL 1 0 CLOUDY (SCALE 8-10) 0
DPTR FM NORMAL 0
[CDD (BASE 65) ]
TOTAL THIS MO. 720
DPTR FM NORMAL 165 [PRESSURE DATA]
TOTAL FM JAN 1 1599 HIGHEST SLP M ON M
DPTR FM NORMAL 391 LOWEST SLP M ON M
[REMARKS]
#FINAL-07-22#