000
CXUS54 KFWD 010731
CF6GLE
PRELIMINARY LOCAL CLIMATOLOGICAL DATA (WS FORM: F-6)
STATION: GAINESVILLE
MONTH: JULY
YEAR: 2021
LATITUDE: 33 39 N
LONGITUDE: 97 12 W
TEMPERATURE IN F: :PCPN: SNOW: WIND :SUNSHINE: SKY :PK WND
================================================================================
1 2 3 4 5 6A 6B 7 8 9 10 11 12 13 14 15 16 17 18
12Z AVG MX 2MIN
DY MAX MIN AVG DEP HDD CDD WTR SNW DPTH SPD SPD DIR MIN PSBL S-S WX SPD DR
================================================================================
1 M M M M M M M M M M M M M M M M M
2 M M M M M M M M M M M M M M M M M
3 M M M M M M M M M M M M M M M M M
4 M M M M M M M M M M M M M M M M M
5 M M M M M M M M M M M M M M M M M
6 M M M M M M M M M M M M M M M M M
7 M M M M M M M M M M M M M M M M M
8 M M M M M M M M M M M M M M M M M
9 M M M M M M M M M M M M M M M M M
10 M M M M M M 0.00 M M M M M M M M M M
11 M M M M M M M M M M M M M M M M M
12 M M M M M M M M M M M M M M M M M
13 M M M M M M M M M M M M M M M M M
14 M M M M M M M M M M M M M M M M M
15 M M M M M M M M M M M M M M M M M
16 93 72 83 0 0 18 0.15 M M 8.7 15 200 M M 5 17 200
17 92 73 83 0 0 18 M M M 7.4 13 180 M M 2 17 180
18 92 75 84 1 0 19 0.05 M M 5.8 12 350 M M 5 23 350
19 86 71 79 -4 0 14 0.30 M M 5.1 13 40 M M 6 20 100
20 87 69 78 -6 0 13 M M M 5.4 9 40 M M 2 16 40
21 88 67 78 -6 0 13 0.00 M M 4.0 9 90 M M 1 M M
22 91 67 79 -5 0 14 0.00 M M 4.0 9 130 M M 1 9 160
23 92 73 83 -1 0 18 0.00 M M 7.6 14 140 M M 4 23 180
24 94 74 84 0 0 19 0.00 M M 8.3 14 210 M M 0 18 210
25 96 72 84 0 0 19 0.00 M M 5.2 12 170 M M 0 16 170
26 97 73 85 1 0 20 0.00 M M 3.8 14 320 M M 1 18 320
27 98 76 87 3 0 22 0.00 M M 3.4 10 110 M M 0 25 110
28 96 73 85 1 0 20 0.00 M M 3.1 8 150 M M 2 M M
29 95 74 85 1 0 20 0.00 M M 2.5 8 100 M M 1 M M
30 97 75 86 2 0 21 0.00 M M 1.9 8 130 M M 1 M M
31 97 76 87 3 0 22 0.00 M M 4.6 10 150 M M 1 M M
================================================================================
SM 1491 1160 0 290 0.50 M 80.7 M 32
================================================================================
AV 93.2 72.5 5.0 FASTST M M 2 MAX(MPH)
MISC ----> 15 200 25 110
================================================================================
NOTES:
# LAST OF SEVERAL OCCURRENCES
COLUMN 17 PEAK WIND IN M.P.H.
PRELIMINARY LOCAL CLIMATOLOGICAL DATA (WS FORM: F-6) , PAGE 2
STATION: GAINESVILLE
MONTH: JULY
YEAR: 2021
LATITUDE: 33 39 N
LONGITUDE: 97 12 W
[TEMPERATURE DATA] [PRECIPITATION DATA] SYMBOLS USED IN COLUMN 16
AVERAGE MONTHLY: 82.8 TOTAL FOR MONTH: 0.50 1 = FOG OR MIST
DPTR FM NORMAL: -0.1 DPTR FM NORMAL: -2.08 2 = FOG REDUCING VISIBILITY
HIGHEST: 98 ON 27 GRTST 24HR 0.30 ON 19-19 TO 1/4 MILE OR LESS
LOWEST: 67 ON 22,21 3 = THUNDER
SNOW, ICE PELLETS, HAIL 4 = ICE PELLETS
TOTAL MONTH: M 5 = HAIL
GRTST 24HR M ON M 6 = FREEZING RAIN OR DRIZZLE
GRTST DEPTH: M ON M 7 = DUSTSTORM OR SANDSTORM:
VSBY 1/2 MILE OR LESS
8 = SMOKE OR HAZE
[NO. OF DAYS WITH] [WEATHER - DAYS WITH] 9 = BLOWING SNOW
X = TORNADO
MAX 32 OR BELOW: 0 0.01 INCH OR MORE: 3
MAX 90 OR ABOVE: 13 0.10 INCH OR MORE: 2
MIN 32 OR BELOW: 0 0.50 INCH OR MORE: 0
MIN 0 OR BELOW: 0 1.00 INCH OR MORE: 0
[HDD (BASE 65) ]
TOTAL THIS MO. 0 CLEAR (SCALE 0-3) 12
DPTR FM NORMAL 0 PTCLDY (SCALE 4-7) 4
TOTAL FM JUL 1 0 CLOUDY (SCALE 8-10) 15
DPTR FM NORMAL 0
[CDD (BASE 65) ]
TOTAL THIS MO. 290
DPTR FM NORMAL -265 [PRESSURE DATA]
TOTAL FM JAN 1 829 HIGHEST SLP M ON M
DPTR FM NORMAL -379 LOWEST SLP M ON M
[REMARKS]
#FINAL-07-21#