000
CXUS54 KJAN 011833
CF6GLH
PRELIMINARY LOCAL CLIMATOLOGICAL DATA (WS FORM: F-6)
STATION: GREENVILLE
MONTH: SEPTEMBER
YEAR: 2021
LATITUDE: 33 29 N
LONGITUDE: 90 59 W
TEMPERATURE IN F: :PCPN: SNOW: WIND :SUNSHINE: SKY :PK WND
================================================================================
1 2 3 4 5 6A 6B 7 8 9 10 11 12 13 14 15 16 17 18
12Z AVG MX 2MIN
DY MAX MIN AVG DEP HDD CDD WTR SNW DPTH SPD SPD DIR MIN PSBL S-S WX SPD DR
================================================================================
1 97 72 85 5 0 20 T 0.0 0 5.8 16 270 M M 2 3 23 280
2 92 71 82 3 0 17 0.00 0.0 0 4.8 12 40 M M 2 1 19 10
3 92 64 78 -1 0 13 0.00 0.0 0 2.7 8 40 M M 2 12 12 50
4 93 63 78 -1 0 13 0.00 0.0 0 3.4 9 150 M M 1 1 12 160
5 96 70 83 4 0 18 0.26 0.0 0 5.6 23 310 M M 3 1 28 310
6 87 63 75 -4 0 10 0.00 0.0 0 8.3 17 30 M M 1 25 40
7 90 60 75 -3 0 10 0.00 0.0 0 2.8 10 30 M M 0 1 16 360
8 93 59 76 -2 0 11 0.00 0.0 0 4.6 17 340 M M 2 1 24 10
9 88 59 74 -4 0 9 0.00 0.0 0 4.0 16 50 M M 0 1 24 30
10 90 56 73 -5 0 8 0.00 0.0 0 3.1 13 50 M M 0 17 50
11 90 59 75 -3 0 10 0.00 0.0 0 2.2 10 140 M M 0 15 130
12 94 57 76 -1 0 11 0.00 0.0 0 4.3 14 170 M M 2 12 20 170
13 89 73 81 4 0 16 0.00 0.0 0 6.2 15 220 M M 1 8 20 220
14 89 71 80 3 0 15 T 0.0 0 6.3 17 200 M M 3 26 180
15 86 70 78 2 0 13 T 0.0 0 7.1 17 120 M M 4 1 26 120
16 85 69 77 1 0 12 T 0.0 0 6.9 14 70 M M 8 20 80
17 89 75 82 6 0 17 1.50 0.0 0 6.3 23 10 M M 8 13 32 10
18 88 73 81 5 0 16 0.12 0.0 0 5.1 22 20 M M 5 1 32 30
19 89 73 81 6 0 16 0.05 0.0 0 6.1 15 60 M M 6 13 23 50
20 89 73 81 6 0 16 0.05 0.0 0 4.7 10 180 M M 4 1 13 180
21 88 65 77 2 0 12 0.11 0.0 0 7.4 23 350 M M 4 123 32 340
22 80 57 69 -5 0 4 0.07 0.0 0 10.8 24 360 M M 1 1 33 360
23 81 52 67 -7 0 2 0.00 0.0 0 2.3 13 350 M M 0 1 16 350
24 83 51 67 -7 0 2 0.00 0.0 0 2.3 9 120 M M 0 13 120
25 86 55 71 -2 0 6 0.00 0.0 0 3.3 12 250 M M 0 16 240
26 88 58 73 0 0 8 0.00 0.0 0 4.5 13 200 M M 0 17 200
27 90 60 75 2 0 10 0.00 0.0 0 5.0 13 210 M M 0 8 18 210
28 87 67 77 5 0 12 0.00 0.0 0 5.2 10 160 M M 6 15 160
29 89 71 80 8 0 15 T 0.0 0 7.5 16 140 M M 4 18 22 110
30 89 73 81 9 0 16 T 0.0 0 7.4 21 160 M M 6 8 29 140
================================================================================
SM 2667 1939 0 358 2.16 0.0 156.0 M 75
================================================================================
AV 88.9 64.6 5.2 FASTST M M 3 MAX(MPH)
MISC ----> 24 360 33 360
================================================================================
NOTES:
# LAST OF SEVERAL OCCURRENCES
COLUMN 17 PEAK WIND IN M.P.H.
PRELIMINARY LOCAL CLIMATOLOGICAL DATA (WS FORM: F-6) , PAGE 2
STATION: GREENVILLE
MONTH: SEPTEMBER
YEAR: 2021
LATITUDE: 33 29 N
LONGITUDE: 90 59 W
[TEMPERATURE DATA] [PRECIPITATION DATA] SYMBOLS USED IN COLUMN 16
AVERAGE MONTHLY: 76.8 TOTAL FOR MONTH: 2.16 1 = FOG OR MIST
DPTR FM NORMAL: 0.8 DPTR FM NORMAL: -1.46 2 = FOG REDUCING VISIBILITY
HIGHEST: 97 ON 1 GRTST 24HR 1.50 ON 17-17 TO 1/4 MILE OR LESS
LOWEST: 51 ON 24 3 = THUNDER
SNOW, ICE PELLETS, HAIL 4 = ICE PELLETS
TOTAL MONTH: 0.0 INCH 5 = HAIL
GRTST 24HR 0.0 6 = FREEZING RAIN OR DRIZZLE
GRTST DEPTH: 0 7 = DUSTSTORM OR SANDSTORM:
VSBY 1/2 MILE OR LESS
8 = SMOKE OR HAZE
[NO. OF DAYS WITH] [WEATHER - DAYS WITH] 9 = BLOWING SNOW
X = TORNADO
MAX 32 OR BELOW: 0 0.01 INCH OR MORE: 7
MAX 90 OR ABOVE: 11 0.10 INCH OR MORE: 4
MIN 32 OR BELOW: 0 0.50 INCH OR MORE: 1
MIN 0 OR BELOW: 0 1.00 INCH OR MORE: 1
[HDD (BASE 65) ]
TOTAL THIS MO. 0 CLEAR (SCALE 0-3) 19
DPTR FM NORMAL -4 PTCLDY (SCALE 4-7) 9
TOTAL FM JUL 1 0 CLOUDY (SCALE 8-10) 2
DPTR FM NORMAL -2
[CDD (BASE 65) ]
TOTAL THIS MO. 358
DPTR FM NORMAL 24 [PRESSURE DATA]
TOTAL FM JAN 1 2210 HIGHEST SLP 30.22 ON 22
DPTR FM NORMAL 39 LOWEST SLP 29.76 ON 1
[REMARKS]
#FINAL-09-21#