000
CXUS54 KJAN 011414
CF6GLH
PRELIMINARY LOCAL CLIMATOLOGICAL DATA (WS FORM: F-6)
STATION: GREENVILLE
MONTH: JULY
YEAR: 2020
LATITUDE: 33 29 N
LONGITUDE: 90 59 W
TEMPERATURE IN F: :PCPN: SNOW: WIND :SUNSHINE: SKY :PK WND
================================================================================
1 2 3 4 5 6A 6B 7 8 9 10 11 12 13 14 15 16 17 18
12Z AVG MX 2MIN
DY MAX MIN AVG DEP HDD CDD WTR SNW DPTH SPD SPD DIR MIN PSBL S-S WX SPD DR
================================================================================
1 94 76 85 4 0 20 0.02 0.0 0 8.2 16 210 M M 3 21 250
2 96 72 84 2 0 19 0.64 0.0 0 7.4 28 250 M M 3 13 35 30
3 91 72 82 0 0 17 0.00 0.0 0 4.6 13 250 M M 1 16 240
4 93 73 83 1 0 18 0.29 0.0 0 4.1 16 240 M M 1 18 20 230
5 90 72 81 -1 0 16 0.00 0.0 0 3.7 12 120 M M 0 1 16 130
6 92 71 82 0 0 17 0.00 0.0 0 3.4 15 130 M M 4 13 20 130
7 88 73 81 -1 0 16 0.00 0.0 0 4.4 16 280 M M 2 13 21 270
8 89 74 82 0 0 17 0.83 0.0 0 5.3 14 200 M M 6 13 18 180
9 92 74 83 1 0 18 0.68 0.0 0 4.8 29 10 M M 4 13 43 10
10 92 73 83 1 0 18 0.00 0.0 0 5.7 15 330 M M 0 21 330
11 94 72 83 1 0 18 0.00 0.0 0 3.0 9 180 M M 2 12 12 150
12 94 76 85 3 0 20 0.00 0.0 0 6.4 14 300 M M 1 19 300
13 94 73 84 2 0 19 0.00 0.0 0 2.3 10 100 M M 0 1 13 110
14 94 75 85 3 0 20 0.00 0.0 0 4.0 16 220 M M 0 3 21 210
15 94 77 86 4 0 21 0.00 0.0 0 7.4 13 170 M M 0 18 200
16 95 75 85 3 0 20 0.00 0.0 0 5.0 12 160 M M 0 17 150
17 93 72 83 1 0 18 0.00 0.0 0 4.3 14 180 M M 0 1 17 140
18 95 74 85 3 0 20 0.00 0.0 0 1.7 8 40 M M 1 1 16 130
19 95 75 85 3 0 20 0.00 0.0 0 3.9 9 170 M M 1 13 170
20 94 76 85 3 0 20 0.00 0.0 0 2.8 12 150 M M 1 8 15 150
21 93 75 84 2 0 19 0.00 0.0 0 4.3 14 230 M M 2 18 18 230
22 94 76 85 3 0 20 0.00 0.0 0 4.0 13 130 M M 1 17 140
23 94 75 85 3 0 20 0.00 0.0 0 4.9 13 50 M M 1 1 18 70
24 91 74 83 1 0 18 T 0.0 0 7.5 21 170 M M 2 8 29 160
25 92 74 83 1 0 18 0.28 0.0 0 5.9 26 160 M M 3 138 39 160
26 92 72 82 0 0 17 0.00 0.0 0 3.6 21 180 M M 0 1 27 180
27 91 73 82 0 0 17 0.00 0.0 0 3.4 15 30 M M 1 23 40
28 92 71 82 0 0 17 0.00 0.0 0 2.7 9 130 M M 2 1 13 150
29 94 74 84 2 0 19 0.00 0.0 0 6.2 16 230 M M 3 21 230
30 92 78 85 3 0 20 0.00 0.0 0 13.0 17 220 M M 2 30 210
31 90 74 82 0 0 17 0.05 0.0 0 12.5 25 220 M M 3 36 200
================================================================================
SM 2874 2291 0 574 2.79 0.0 160.4 M 50
================================================================================
AV 92.7 73.9 5.2 FASTST M M 2 MAX(MPH)
MISC ----> # 29 10 # 43 10
================================================================================
NOTES:
# LAST OF SEVERAL OCCURRENCES
COLUMN 17 PEAK WIND IN M.P.H.
PRELIMINARY LOCAL CLIMATOLOGICAL DATA (WS FORM: F-6) , PAGE 2
STATION: GREENVILLE
MONTH: JULY
YEAR: 2020
LATITUDE: 33 29 N
LONGITUDE: 90 59 W
[TEMPERATURE DATA] [PRECIPITATION DATA] SYMBOLS USED IN COLUMN 16
AVERAGE MONTHLY: 83.3 TOTAL FOR MONTH: 2.79 1 = FOG OR MIST
DPTR FM NORMAL: 1.3 DPTR FM NORMAL: -1.01 2 = FOG REDUCING VISIBILITY
HIGHEST: 96 ON 2 GRTST 24HR 0.83 ON 8- 8 TO 1/4 MILE OR LESS
LOWEST: 71 ON 28, 6 3 = THUNDER
SNOW, ICE PELLETS, HAIL 4 = ICE PELLETS
TOTAL MONTH: 0.0 INCH 5 = HAIL
GRTST 24HR 0.0 6 = FREEZING RAIN OR DRIZZLE
GRTST DEPTH: 0 7 = DUSTSTORM OR SANDSTORM:
VSBY 1/2 MILE OR LESS
8 = SMOKE OR HAZE
[NO. OF DAYS WITH] [WEATHER - DAYS WITH] 9 = BLOWING SNOW
X = TORNADO
MAX 32 OR BELOW: 0 0.01 INCH OR MORE: 7
MAX 90 OR ABOVE: 29 0.10 INCH OR MORE: 5
MIN 32 OR BELOW: 0 0.50 INCH OR MORE: 3
MIN 0 OR BELOW: 0 1.00 INCH OR MORE: 0
[HDD (BASE 65) ]
TOTAL THIS MO. 0 CLEAR (SCALE 0-3) 27
DPTR FM NORMAL 0 PTCLDY (SCALE 4-7) 4
TOTAL FM JUL 1 0 CLOUDY (SCALE 8-10) 0
DPTR FM NORMAL 0
[CDD (BASE 65) ]
TOTAL THIS MO. 574
DPTR FM NORMAL 47 [PRESSURE DATA]
TOTAL FM JAN 1 1347 HIGHEST SLP M ON M
DPTR FM NORMAL 78 LOWEST SLP 29.79 ON 12
[REMARKS]
#FINAL-07-20#