000
CXUS52 KJAX 082314
CF6GNV
PRELIMINARY LOCAL CLIMATOLOGICAL DATA (WS FORM: F-6)
STATION: GAINESVILLE
MONTH: MAY
YEAR: 2022
LATITUDE: 29 40 N
LONGITUDE: 82 16 W
TEMPERATURE IN F: :PCPN: SNOW: WIND :SUNSHINE: SKY :PK WND
================================================================================
1 2 3 4 5 6A 6B 7 8 9 10 11 12 13 14 15 16 17 18
12Z AVG MX 2MIN
DY MAX MIN AVG DEP HDD CDD WTR SNW DPTH SPD SPD DIR MIN PSBL S-S WX SPD DR
================================================================================
1 87 59 73 1 0 8 0.25 0.0 0 3.8 18 10 M M 2 13 24 10
2 87 62 75 3 0 10 0.17 0.0 0 1.8 10 270 M M 3 12 15 330
3 87 67 77 5 0 12 0.01 0.0 0 4.6 20 30 M M 3 3 27 20
4 90 63 77 4 0 12 0.00 0.0 0 3.3 9 120 M M 2 13 60
5 92 64 78 5 0 13 0.00 0.0 0 4.2 14 230 M M 2 22 240
6 91 63 77 4 0 12 0.11 0.0 0 9.1 25 230 M M 2 13 39 250
7 87 67 77 4 0 12 0.00 0.0 0 12.0 26 250 M M 1 38 310
8 87 61 74 1 0 9 0.00 0.0 0 6.6 15 280 M M 3 21 330
9 81 58 70 -4 0 5 0.00 0.0 0 8.2 17 50 M M 2 22 70
10 82 51 67 -7 0 2 0.00 0.0 0 5.9 17 360 M M 0 24 20
11 85 51 68 -6 0 3 0.00 0.0 0 7.0 21 20 M M 0 29 20
12 83 56 70 -4 0 5 T 0.0 0 5.3 15 80 M M 4 22 50
13 84 61 73 -1 0 8 1.92 0.0 0 2.9 14 60 M M 6 13 22 120
14 88 58 73 -2 0 8 0.00 0.0 0 2.2 21 270 M M 2 12 27 280
15 89 66 78 3 0 13 0.12 0.0 0 2.4 17 40 M M 4 13 25 190
16 87 63 75 0 0 10 0.19 0.0 0 6.1 18 280 M M 2 123 24 280
17 91 68 80 5 0 15 0.00 0.0 0 5.5 15 200 M M 1 20 230
18 93 70 82 6 0 17 0.00 0.0 0 2.9 20 200 M M 4 12 26 190
19 91 66 79 3 0 14 0.00 0.0 0 5.5 15 210 M M 1 1 21 220
20 89 67 78 2 0 13 0.02 0.0 0 6.3 20 130 M M 2 13 26 130
21 89 69 79 3 0 14 0.36 0.0 0 6.1 26 140 M M 4 13 36 130
22 90 67 79 3 0 14 0.03 0.0 0 6.0 22 250 M M 2 13 30 260
23 90 71 81 4 0 16 0.00 0.0 0 6.3 13 190 M M 4 19 170
24 90 70 80 3 0 15 0.11 0.0 0 6.2 23 150 M M 2 3 31 160
25 89 69 79 2 0 14 0.00 0.0 0 8.1 18 130 M M 2 24 130
26 89 71 80 3 0 15 0.00 0.0 0 9.2 25 260 M M 3 3 34 260
27 82 68 75 -2 0 10 0.21 0.0 0 7.0 20 250 M M 4 13 29 260
28 89 63 76 -1 0 11 0.00 0.0 0 5.1 14 220 M M 3 12 20 260
29 92 63 78 0 0 13 0.27 0.0 0 4.2 38 200 M M 1 13 59 190
30 91 66 79 1 0 14 T 0.0 0 6.6 22 260 M M 2 123 30 260
31 89 66 78 0 0 13 T 0.0 0 3.9 20 60 M M 1 13 28 50
================================================================================
SM 2731 1984 0 350 3.77 0.0 174.3 M 74
================================================================================
AV 88.1 64.0 5.6 FASTST M M 2 MAX(MPH)
MISC ----> 38 200 59 190
================================================================================
NOTES:
# LAST OF SEVERAL OCCURRENCES
COLUMN 17 PEAK WIND IN M.P.H.
PRELIMINARY LOCAL CLIMATOLOGICAL DATA (WS FORM: F-6) , PAGE 2
STATION: GAINESVILLE
MONTH: MAY
YEAR: 2022
LATITUDE: 29 40 N
LONGITUDE: 82 16 W
[TEMPERATURE DATA] [PRECIPITATION DATA] SYMBOLS USED IN COLUMN 16
AVERAGE MONTHLY: 76.0 TOTAL FOR MONTH: 3.77 1 = FOG OR MIST
DPTR FM NORMAL: 1.0 DPTR FM NORMAL: 0.69 2 = FOG REDUCING VISIBILITY
HIGHEST: 93 ON 18 GRTST 24HR 1.92 ON 13-13 TO 1/4 MILE OR LESS
LOWEST: 51 ON 11,10 3 = THUNDER
SNOW, ICE PELLETS, HAIL 4 = ICE PELLETS
TOTAL MONTH: 0.0 INCH 5 = HAIL
GRTST 24HR 0.0 6 = FREEZING RAIN OR DRIZZLE
GRTST DEPTH: 0 7 = DUSTSTORM OR SANDSTORM:
VSBY 1/2 MILE OR LESS
8 = SMOKE OR HAZE
[NO. OF DAYS WITH] [WEATHER - DAYS WITH] 9 = BLOWING SNOW
X = TORNADO
MAX 32 OR BELOW: 0 0.01 INCH OR MORE: 13
MAX 90 OR ABOVE: 11 0.10 INCH OR MORE: 10
MIN 32 OR BELOW: 0 0.50 INCH OR MORE: 1
MIN 0 OR BELOW: 0 1.00 INCH OR MORE: 1
[HDD (BASE 65) ]
TOTAL THIS MO. 0 CLEAR (SCALE 0-3) 22
DPTR FM NORMAL -3 PTCLDY (SCALE 4-7) 9
TOTAL FM JUL 1 901 CLOUDY (SCALE 8-10) 0
DPTR FM NORMAL -235
[CDD (BASE 65) ]
TOTAL THIS MO. 350
DPTR FM NORMAL 37 [PRESSURE DATA]
TOTAL FM JAN 1 705 HIGHEST SLP 30.30 ON 21
DPTR FM NORMAL 146 LOWEST SLP 29.72 ON 7
[REMARKS]
#FINAL-05-22#