000
CXUS52 KJAX 082109
CF6GNV
PRELIMINARY LOCAL CLIMATOLOGICAL DATA (WS FORM: F-6)
STATION: GAINESVILLE
MONTH: OCTOBER
YEAR: 2021
LATITUDE: 29 40 N
LONGITUDE: 82 16 W
TEMPERATURE IN F: :PCPN: SNOW: WIND :SUNSHINE: SKY :PK WND
================================================================================
1 2 3 4 5 6A 6B 7 8 9 10 11 12 13 14 15 16 17 18
12Z AVG MX 2MIN
DY MAX MIN AVG DEP HDD CDD WTR SNW DPTH SPD SPD DIR MIN PSBL S-S WX SPD DR
================================================================================
1 89 66 78 2 0 13 0.00 0.0 0 4.1 15 60 M M 2 1 20 50
2 88 66 77 1 0 12 0.01 0.0 0 4.1 13 120 M M 1 1 20 60
3 86 65 76 1 0 11 0.00 0.0 0 2.7 13 130 M M 3 12 15 130
4 89 65 77 2 0 12 0.00 0.0 0 2.6 13 360 M M 1 17 10
5 86 68 77 2 0 12 0.08 0.0 0 3.6 12 40 M M 2 1 15 110
6 84 71 78 3 0 13 0.06 0.0 0 2.3 9 30 M M 1 1 15 140
7 88 69 79 5 0 14 0.00 0.0 0 2.1 10 80 M M 4 12 14 90
8 89 70 80 6 0 15 T 0.0 0 4.2 18 300 M M 6 123 28 290
9 87 66 77 3 0 12 0.00 0.0 0 4.1 14 20 M M 3 1 18 20
10 84 66 75 2 0 10 0.00 0.0 0 5.8 14 20 M M 1 17 60
11 88 63 76 3 0 11 0.00 0.0 0 4.2 14 60 M M 3 19 100
12 87 69 78 5 0 13 0.00 0.0 0 5.4 15 60 M M 3 1 19 20
13 89 66 78 6 0 13 0.00 0.0 0 3.9 15 70 M M 1 20 60
14 90 66 78 6 0 13 0.00 0.0 0 3.0 9 90 M M 1 1 14 100
15 88 64 76 4 0 11 0.00 0.0 0 2.0 9 60 M M 1 1 14 70
16 89 64 77 6 0 12 0.07 0.0 0 4.7 20 310 M M 3 1 27 310
17 79 53 66 -5 0 1 0.00 0.0 0 7.0 15 10 M M 0 24 40
18 79 49 64 -7 1 0 0.00 0.0 0 5.6 15 50 M M 0 21 80
19 82 53 68 -2 0 3 0.00 0.0 0 5.0 16 120 M M 1 23 110
20 84 54 69 -1 0 4 0.00 0.0 0 3.5 14 110 M M 2 20 120
21 84 60 72 2 0 7 0.00 0.0 0 1.6 10 110 M M 0 15 150
22 86 62 74 5 0 9 0.00 0.0 0 2.4 10 270 M M 4 14 180
23 86 60 73 4 0 8 0.00 0.0 0 2.6 8 350 M M 0 1 14 340
24 85 59 72 3 0 7 T 0.0 0 4.0 15 130 M M 2 1 20 90
25 85 72 79 11 0 14 0.05 0.0 0 6.8 20 250 M M 5 1 25 230
26 85 57 71 3 0 6 0.00 0.0 0 7.2 18 280 M M 1 25 280
27 81 52 67 -1 0 2 0.00 0.0 0 2.5 8 340 M M 0 13 330
28 78 55 67 0 0 2 1.56 0.0 0 7.6 28 240 M M 7 13 45 250
29 69 57 63 -4 2 0 0.01 0.0 0 5.7 29 270 M M 8 43 270
30 71 50 61 -6 4 0 0.00 0.0 0 7.0 22 250 M M 3 30 280
31 64 48 56 -11 9 0 0.00 0.0 0 5.2 14 310 M M 6 22 290
================================================================================
SM 2599 1905 16 260 1.84 0.0 132.5 M 75
================================================================================
AV 83.8 61.5 4.3 FASTST M M 2 MAX(MPH)
MISC ----> 29 270 45 250
================================================================================
NOTES:
# LAST OF SEVERAL OCCURRENCES
COLUMN 17 PEAK WIND IN M.P.H.
PRELIMINARY LOCAL CLIMATOLOGICAL DATA (WS FORM: F-6) , PAGE 2
STATION: GAINESVILLE
MONTH: OCTOBER
YEAR: 2021
LATITUDE: 29 40 N
LONGITUDE: 82 16 W
[TEMPERATURE DATA] [PRECIPITATION DATA] SYMBOLS USED IN COLUMN 16
AVERAGE MONTHLY: 72.6 TOTAL FOR MONTH: 1.84 1 = FOG OR MIST
DPTR FM NORMAL: 1.2 DPTR FM NORMAL: -0.84 2 = FOG REDUCING VISIBILITY
HIGHEST: 90 ON 14 GRTST 24HR 1.56 ON 28-28 TO 1/4 MILE OR LESS
LOWEST: 48 ON 31 3 = THUNDER
SNOW, ICE PELLETS, HAIL 4 = ICE PELLETS
TOTAL MONTH: 0.0 INCH 5 = HAIL
GRTST 24HR 0.0 6 = FREEZING RAIN OR DRIZZLE
GRTST DEPTH: 0 7 = DUSTSTORM OR SANDSTORM:
VSBY 1/2 MILE OR LESS
8 = SMOKE OR HAZE
[NO. OF DAYS WITH] [WEATHER - DAYS WITH] 9 = BLOWING SNOW
X = TORNADO
MAX 32 OR BELOW: 0 0.01 INCH OR MORE: 7
MAX 90 OR ABOVE: 1 0.10 INCH OR MORE: 1
MIN 32 OR BELOW: 0 0.50 INCH OR MORE: 1
MIN 0 OR BELOW: 0 1.00 INCH OR MORE: 1
[HDD (BASE 65) ]
TOTAL THIS MO. 16 CLEAR (SCALE 0-3) 23
DPTR FM NORMAL -9 PTCLDY (SCALE 4-7) 7
TOTAL FM JUL 1 16 CLOUDY (SCALE 8-10) 1
DPTR FM NORMAL -6
[CDD (BASE 65) ]
TOTAL THIS MO. 260
DPTR FM NORMAL 38 [PRESSURE DATA]
TOTAL FM JAN 1 2722 HIGHEST SLP 30.29 ON 20
DPTR FM NORMAL 71 LOWEST SLP 29.64 ON 29
[REMARKS]
#FINAL-10-21#