000
CXUS55 KMSO 081549
CF6GPI
PRELIMINARY LOCAL CLIMATOLOGICAL DATA (WS FORM: F-6)
STATION: KALISPELL MT
MONTH: DECEMBER
YEAR: 2020
LATITUDE: 48 17 N
LONGITUDE: 114 16 W
TEMPERATURE IN F: :PCPN: SNOW: WIND :SUNSHINE: SKY :PK WND
================================================================================
1 2 3 4 5 6A 6B 7 8 9 10 11 12 13 14 15 16 17 18
12Z AVG MX 2MIN
DY MAX MIN AVG DEP HDD CDD WTR SNW DPTH SPD SPD DIR MIN PSBL S-S WX SPD DR
================================================================================
1 42 19 31 5 34 0 0.00 0.0 0 1.2 8 160 M M 8 10 170
2 38 15 27 1 38 0 0.00 0.0 0 1.1 6 20 M M 0 8 40
3 35 13 24 -2 41 0 0.00 0.0 0 1.5 8 50 M M 2 1 10 40
4 30 26 28 3 37 0 0.00 0.0 0 2.3 8 40 M M 10 18 10 40
5 27 24 26 1 39 0 0.00 0.0 0 3.8 12 30 M M 10 8 15 20
6 28 24 26 2 39 0 0.00 0.0 0 1.7 7 150 M M 10 1 8 150
7 30 26 28 4 37 0 0.00 0.0 0 0.9 6 210 M M 10 18 7 210
8 38 26 32 8 33 0 T 0.0 0 0.1 5 110 M M 8 18 6 40
9 51 29 40 16 25 0 T 0.0 0 4.0 15 230 M M 9 1 20 240
10 40 25 33 10 32 0 0.00 0.0 0 2.3 9 340 M M 7 12 190
11 33 21 27 4 38 0 0.04 1.0 0 1.6 10 350 M M 7 18 12 350
12 30 21 26 3 39 0 T 0.1 1 0.7 7 350 M M 10 9 90
13 31 16 24 1 41 0 0.01 0.3 1 0.4 7 50 M M 7 1 7 50
14 33 27 30 8 35 0 T 0.0 1 1.5 7 180 M M 10 1 8 170
15 36 31 34 12 31 0 0.05 0.4 1 9.6 17 160 M M 10 1 21 160
16 41 26 34 12 31 0 T T 1 5.6 14 200 M M 9 19 180
17 44 32 38 16 27 0 0.02 T 0 8.2 21 210 M M 9 1 24 220
18 41 28 35 13 30 0 0.00 0.0 0 6.4 15 150 M M 9 26 110
19 44 35 40 18 25 0 0.02 0.0 0 9.8 18 220 M M 8 28 180
20 48 28 38 16 27 0 0.13 0.0 0 11.4 21 150 M M 5 1 29 230
21 38 30 34 12 31 0 0.27 0.3 0 1.9 10 160 M M 9 128 13 170
22 43 10 27 5 38 0 0.19 2.0 0 8.2 23 40 M M 7 128 34 220
23 32 9 21 0 44 0 T T 2 0.3 6 280 M M 8 128 7 80
24 31 2 17 -4 48 0 0.00 0.0 1 0.2 6 300 M M 3 128 8 150
25 28 3 16 -5 49 0 0.02 T 0 0.7 7 190 M M 4 128 8 190
26 30 23 27 6 38 0 0.12 2.7 3 0.5 6 40 M M 10 1 7 140
27 37 18 28 7 37 0 T T 3 1.7 8 230 M M 9 128 9 220
28 26 5 16 -6 49 0 0.00 0.0 3 1.6 7 350 M M 5 128 12 140
29 29 21 25 3 40 0 T T 3 3.6 8 150 M M 10 1 10 150
30 28 20 24 2 41 0 0.31 3.9 3 0.4 5 270 M M 10 1 5 270
31 36 28 32 10 33 0 0.03 1.2 7 1.2 8 220 M M 10 1 9 220
================================================================================
SM 1098 661 1127 0 1.21 11.9 94.4 M 243
================================================================================
AV 35.4 21.3 3.0 FASTST M M 8 MAX(MPH)
MISC ----> 23 40 34 220
================================================================================
NOTES:
# LAST OF SEVERAL OCCURRENCES
COLUMN 17 PEAK WIND IN M.P.H.
PRELIMINARY LOCAL CLIMATOLOGICAL DATA (WS FORM: F-6) , PAGE 2
STATION: KALISPELL MT
MONTH: DECEMBER
YEAR: 2020
LATITUDE: 48 17 N
LONGITUDE: 114 16 W
[TEMPERATURE DATA] [PRECIPITATION DATA] SYMBOLS USED IN COLUMN 16
AVERAGE MONTHLY: 28.4 TOTAL FOR MONTH: 1.21 1 = FOG OR MIST
DPTR FM NORMAL: 5.7 DPTR FM NORMAL: -0.35 2 = FOG REDUCING VISIBILITY
HIGHEST: 51 ON 9 GRTST 24HR 0.34 ON 30-31 TO 1/4 MILE OR LESS
LOWEST: 2 ON 24 3 = THUNDER
SNOW, ICE PELLETS, HAIL 4 = ICE PELLETS
TOTAL MONTH: 12.0 INCHES 5 = HAIL
GRTST 24HR 3.9 ON 30-30 6 = FREEZING RAIN OR DRIZZLE
GRTST DEPTH: 7 ON 31 7 = DUSTSTORM OR SANDSTORM:
VSBY 1/2 MILE OR LESS
8 = SMOKE OR HAZE
[NO. OF DAYS WITH] [WEATHER - DAYS WITH] 9 = BLOWING SNOW
X = TORNADO
MAX 32 OR BELOW: 13 0.01 INCH OR MORE: 12
MAX 90 OR ABOVE: 0 0.10 INCH OR MORE: 5
MIN 32 OR BELOW: 30 0.50 INCH OR MORE: 0
MIN 0 OR BELOW: 0 1.00 INCH OR MORE: 0
[HDD (BASE 65) ]
TOTAL THIS MO. 1127 CLEAR (SCALE 0-3) 3
DPTR FM NORMAL -183 PTCLDY (SCALE 4-7) 8
TOTAL FM JUL 1 3257 CLOUDY (SCALE 8-10) 20
DPTR FM NORMAL -258
[CDD (BASE 65) ]
TOTAL THIS MO. 0
DPTR FM NORMAL 0 [PRESSURE DATA]
TOTAL FM JAN 1 155 HIGHEST SLP 30.74 ON 2
DPTR FM NORMAL 8 LOWEST SLP 29.37 ON 22
[REMARKS]
#FINAL-12-20#