000
CXUS55 KMSO 042201
CLMGPI
CLIMATE REPORT
NATIONAL WEATHER SERVICE MISSOULA MT
401 PM MDT THU MAY 04 2023
...................................
...THE KALISPELL MT CLIMATE SUMMARY FOR THE MONTH OF APRIL 2023...
CLIMATE NORMAL PERIOD 1991 TO 2020
CLIMATE RECORD PERIOD 1894 TO 2023
WEATHER OBSERVED NORMAL DEPART LAST YEAR`S
VALUE DATE(S) VALUE FROM VALUE
NORMAL
..............................................................
TEMPERATURE (F)
RECORD
HIGH 85 04/18/1936
LOW -8 04/01/1936
HIGHEST 82 04/30 MM MM 66
LOWEST 14 04/02 MM MM 14
AVG. MAXIMUM 55.1 55.0 0.1 48.9
AVG. MINIMUM 28.2 30.5 -2.3 24.1
MEAN 41.7 42.7 -1.0
DAYS MAX >= 90 0 0.0 0.0 0
DAYS MAX <= 32 0 0.2 -0.2 0
DAYS MIN <= 32 24 18.0 6.0 29
DAYS MIN <= 0 0 0.0 0.0 0
PRECIPITATION (INCHES)
RECORD
MAXIMUM 2.37 1978
MINIMUM 0.01 1924
TOTALS 0.44 1.34 -0.90
DAILY AVG. 0.01 0.04 -0.03 0.03
DAYS >= .01 10 11.3 -1.3 12
DAYS >= .10 2 4.5 -2.5 4
DAYS >= .50 0 0.3 -0.3 0
DAYS >= 1.00 0 0.0 0.0 0
GREATEST
24 HR. TOTAL 0.11 04/24 TO 04/24 0.33
04/20 TO 04/21
04/24 TO 04/24
SNOWFALL (INCHES)
TOTALS 1.1 1.2 -0.1 2.5
SINCE 7/1 49.9 53.9 -4.0 MM
DAYS >= TRACE 6 1.6 4.4 8
DAYS >= 1.0 1 0.6 0.4 1
GREATEST
SNOW DEPTH 1R 04/02
24 HR TOTAL MM MM
DEGREE DAYS
HEATING TOTAL 692 668 24
SINCE 7/1 7703 7458 245
COOLING TOTAL 0 0 0
SINCE 1/1 0 0 0
..............................................................
WIND (MPH)
AVERAGE WIND SPEED 6.4
HIGHEST WIND SPEED/DIRECTION 33/230 DATE 04/16
HIGHEST GUST SPEED/DIRECTION 45/230 DATE 04/16
SKY COVER
POSSIBLE SUNSHINE (PERCENT) MM
AVERAGE SKY COVER 0.44
NUMBER OF DAYS FAIR 11
NUMBER OF DAYS PC 14
NUMBER OF DAYS CLOUDY 5
AVERAGE RH (PERCENT) 62
WEATHER CONDITIONS. NUMBER OF DAYS WITH
THUNDERSTORM 0 MIXED PRECIP 0
HEAVY RAIN 1 RAIN 1
LIGHT RAIN 8 FREEZING RAIN 0
LT FREEZING RAIN 0 HAIL 0
HEAVY SNOW 1 SNOW 1
LIGHT SNOW 8 SLEET 0
FOG 8 FOG W/VIS <= 1/4 MILE 3
HAZE 2
- INDICATES NEGATIVE NUMBERS.
R INDICATES RECORD WAS SET OR TIED.
MM INDICATES DATA IS MISSING.
T INDICATES TRACE AMOUNT.
$$