000
CXUS53 KGRB 021935
CLSGRB
CLIMATE REPORT
NATIONAL WEATHER SERVICE GREEN BAY
135 PM CST FRI DEC 02 2022
...................................
...THE GREEN BAY WI CLIMATE SUMMARY FOR THE SEASON, FROM
9/1/2022 TO 11/30/2022...
CLIMATE NORMAL PERIOD: 1991 TO 2020
CLIMATE RECORD PERIOD: 1886 TO 2022
WEATHER OBSERVED NORMAL DEPART LAST YEAR`S
VALUE DATE(S) VALUE FROM VALUE DATE(S)
NORMAL
................................................................
TEMPERATURE (F)
RECORD
HIGH 97 09/10/1931
LOW -12 11/28/1887
HIGHEST 87 09/01 85 2 86 09/19
LOWEST 10 11/20 9 1 14 11/26
AVG. MAXIMUM 60.9 57.8 3.1 61.2
AVG. MINIMUM 40.7 39.5 1.2 41.4
MEAN 50.8 48.6 2.2 51.3
DAYS MAX >= 90 0 0.3 -0.3 0
DAYS MAX <= 32 5 4.4 0.6 2
DAYS MIN <= 32 22 28.7 -6.7 25
DAYS MIN <= 0 0 0.1 -0.1 0
PRECIPITATION (INCHES)
RECORD
MAXIMUM 16.83 2019
MINIMUM 1.26 1976
TOTALS 7.35 7.85 -0.50 3.13
DAILY AVG. 0.08 0.09 -0.01 0.04
DAYS >= .01 26 29.7 -3.7 24
DAYS >= .10 13 16.5 -3.5 11
DAYS >= .50 6 4.8 1.2 1
DAYS >= 1.00 1 1.7 -0.7 0
SNOWFALL (INCHES)
RECORDS
TOTAL 26.0 1887
24 HR TOTAL 1.1
TOTALS 3.0 3.4 -0.4 6.4
SINCE 7/1 3.0 3.4 -0.4 6.4
DAYS >= TRACE 12 3.9 8.1 6
DAYS >= 1.0 2 1.1 0.9 2
GREATEST
SNOW DEPTH 1 11/18 3 11/15
24 HR TOTAL MM
DEGREE DAYS
HEATING TOTAL 1344 1540 -196 1259
SINCE 7/1 1345 1581 -236 1268
COOLING TOTAL 70 51 19 39
SINCE 1/1 702 508 194 678
FREEZE DATES
RECORD
EARLIEST 09/12/1955
LATEST 06/06/1958
EARLIEST 10/19
LATEST 04/28
................................................................
WIND (MPH)
AVERAGE WIND SPEED 8.2
RESULTANT WIND SPEED/DIRECTION 3/260
HIGHEST WIND SPEED/DIRECTION 33/270 DATE 11/30
HIGHEST GUST SPEED/DIRECTION 52/200 DATE 11/05
SKY COVER
POSSIBLE SUNSHINE (PERCENT) MM
AVERAGE SKY COVER 0.37
NUMBER OF DAYS FAIR 51
NUMBER OF DAYS PC 20
NUMBER OF DAYS CLOUDY 19
AVERAGE RH (PERCENT) 69
WEATHER CONDITIONS. NUMBER OF DAYS WITH
THUNDERSTORM 6 MIXED PRECIP 0
HEAVY RAIN 5 RAIN 12
LIGHT RAIN 25 FREEZING RAIN 0
LT FREEZING RAIN 0 HAIL 0
HEAVY SNOW 0 SNOW 0
LIGHT SNOW 12 SLEET 0
FOG 40 FOG W/VIS <= 1/4 MILE 3
HAZE 23
- INDICATES NEGATIVE NUMBERS.
R INDICATES RECORD WAS SET OR TIED.
MM INDICATES DATA IS MISSING.
T INDICATES TRACE AMOUNT.
$$