000
CXUS53 KGID 010959
CLMGRI
CLIMATE REPORT
NATIONAL WEATHER SERVICE HASTINGS NE
459 AM CDT SAT APR 01 2023
...................................
...THE GRAND ISLAND NE CLIMATE SUMMARY FOR THE MONTH OF MARCH 2023...
CLIMATE NORMAL PERIOD 1991 TO 2020
CLIMATE RECORD PERIOD 1895 TO 2023
WEATHER OBSERVED NORMAL DEPART LAST YEAR`S
VALUE DATE(S) VALUE FROM VALUE DATE(S)
NORMAL
................................................................
TEMPERATURE (F)
RECORD
HIGH 90 03/16/2015
03/29/1986
03/31/1978
LOW -21 03/04/1960
HIGHEST 76 03/30 77 -1 80 03/29
LOWEST 9 03/27 7 2 5 03/12
AVG. MAXIMUM 48.1 52.6 -4.5 54.7
AVG. MINIMUM 24.5 28.8 -4.3 26.2
MEAN 36.3 40.7 -4.4 40.4
DAYS MAX >= 90 0 0.0 0.0 0
DAYS MAX <= 32 1 3.0 -2.0 4
DAYS MIN <= 32 30 21.6 8.4 24
DAYS MIN <= 0 0 0.6 -0.6 0
PRECIPITATION (INCHES)
RECORD
MAXIMUM 8.65 2021
MINIMUM T 1907
TOTALS 1.09 1.39 -0.30 1.01
DAILY AVG. 0.04 0.04 -0.00 0.03
DAYS >= .01 5 7.0 -2.0 9
DAYS >= .10 3 3.5 -0.5 4
DAYS >= .50 1 0.8 0.2 0
DAYS >= 1.00 0 0.1 -0.1 0
GREATEST
24 HR. TOTAL 0.57 03/26 TO 03/26
SNOWFALL (INCHES)
RECORDS
TOTAL 23.5 1915
TOTALS 7.1 3.8 3.3 5.2
SINCE 7/1 26.6 26.1 0.5 MM
DAYS >= 1.0 2 1.1 0.9 3
GREATEST
SNOW DEPTH 6 03/26 2
24 HR TOTAL 5.0 03/26 TO 03/26
DEGREE DAYS
HEATING TOTAL 885 754 131 755
SINCE 7/1 5358 5308 50 MM
COOLING TOTAL 0 1 -1 0
SINCE 1/1 0 1 -1 MM
................................................................
WIND (MPH)
AVERAGE WIND SPEED 12.6
HIGHEST WIND SPEED/DIRECTION 39/350 DATE 03/16
39/300 03/31
HIGHEST GUST SPEED/DIRECTION 55/300 DATE 03/31
SKY COVER
POSSIBLE SUNSHINE (PERCENT) MM
AVERAGE SKY COVER 0.39
NUMBER OF DAYS FAIR 15
NUMBER OF DAYS PC 10
NUMBER OF DAYS CLOUDY 6
AVERAGE RH (PERCENT) 65
WEATHER CONDITIONS. NUMBER OF DAYS WITH
THUNDERSTORM 0 MIXED PRECIP 0
HEAVY RAIN 0 RAIN 0
LIGHT RAIN 2 FREEZING RAIN 1
LT FREEZING RAIN 2 HAIL 0
HEAVY SNOW 1 SNOW 1
LIGHT SNOW 7 SLEET 0
FOG 14 FOG W/VIS <= 1/4 MILE 3
HAZE 9
- INDICATES NEGATIVE NUMBERS.
R INDICATES RECORD WAS SET OR TIED.
MM INDICATES DATA IS MISSING.
T INDICATES TRACE AMOUNT.
$$