000
CXUS52 KRAH 010945
CF6GSO
PRELIMINARY LOCAL CLIMATOLOGICAL DATA (WS FORM: F-6)
STATION: GREENSBORO NC
MONTH: FEBRUARY
YEAR: 2024
LATITUDE: 36 4 N
LONGITUDE: 79 57 W
TEMPERATURE IN F: :PCPN: SNOW: WIND :SUNSHINE: SKY :PK WND
================================================================================
1 2 3 4 5 6A 6B 7 8 9 10 11 12 13 14 15 16 17 18
12Z AVG MX 2MIN
DY MAX MIN AVG DEP HDD CDD WTR SNW DPTH SPD SPD DIR MIN PSBL S-S WX SPD DR
================================================================================
1 56 28 42 2 23 0 0.00 0.0 0 5.7 14 290 M M 1 18 260
2 63 36 50 9 15 0 0.00 0.0 0 7.8 18 320 M M 6 25 310
3 54 31 43 2 22 0 0.00 0.0 0 3.7 12 60 M M 1 16 80
4 54 28 41 0 24 0 0.00 0.0 0 5.5 15 70 M M 5 23 60
5 57 32 45 4 20 0 0.00 0.0 M 7.2 16 50 M M 4 22 50
6 51 32 42 1 23 0 0.00 0.0 0 10.9 20 50 M M 1 26 60
7 52 27 40 -1 25 0 0.00 0.0 0 4.0 15 50 M M 1 19 60
8 58 28 43 1 22 0 0.00 0.0 0 5.6 12 220 M M 7 22 270
9 55 44 50 8 15 0 0.10 0.0 0 9.2 17 200 M M 10 1 21 200
10 69 45 57 15 8 0 0.06 0.0 0 6.6 21 230 M M 9 1 28 220
11 58 52 55 13 10 0 0.84 0.0 0 3.5 16 130 M M 10 1 21 120
12 57 52 55 13 10 0 0.18 0.0 0 5.8 21 170 M M 10 12 29 160
13 57 37 47 4 18 0 0.07 0.0 0 13.4 25 300 M M 3 1 38 340
14 61 35 48 5 17 0 0.00 0.0 0 9.0 22 300 M M 1 29 290
15 65 32 49 6 16 0 0.00 0.0 0 9.1 25 230 M M 3 38 230
16 56 42 49 6 16 0 0.00 0.0 0 7.1 15 190 M M 9 21 190
17 52 30 41 -2 24 0 0.00 0.0 0 11.2 22 320 M M 8 29 330
18 46 24 35 -9 30 0 0.00 0.0 0 5.8 13 240 M M 8 20 310
19 55 25 40 -4 25 0 0.00 0.0 0 2.4 14 20 M M 3 19 20
20 55 28 42 -2 23 0 0.00 0.0 0 3.7 13 110 M M 5 17 110
21 56 30 43 -1 22 0 0.00 0.0 0 4.8 9 40 M M 1 12 90
22 66 37 52 8 13 0 0.00 0.0 0 12.8 26 210 M M 8 42 240
23 58 41 50 5 15 0 0.07 0.0 0 9.4 18 320 M M 8 1 25 330
24 56 34 45 0 20 0 T 0.0 0 9.1 28 290 M M 6 37 320
25 52 27 40 -5 25 0 0.00 0.0 0 4.3 13 230 M M 2 17 250
26 70 40 55 9 10 0 0.00 0.0 0 9.7 16 230 M M 6 25 230
27 62 49 56 10 9 0 0.18 0.0 0 11.9 18 230 M M 10 1 26 240
28 68 41 55 9 10 0 0.35 0.0 0 17.7 31 310 M M 10 1 43 300
29 50 31 41 -5 24 0 0.00 0.0 0 5.5 20 320 M M 8 28 310
================================================================================
SM 1669 1018 534 0 1.85 0.0 222.4 M 164
================================================================================
AV 57.6 35.1 7.7 FASTST M M 6 MAX(MPH)
MISC ----> 31 310 43 300
================================================================================
NOTES:
# LAST OF SEVERAL OCCURRENCES
COLUMN 17 PEAK WIND IN M.P.H.
PRELIMINARY LOCAL CLIMATOLOGICAL DATA (WS FORM: F-6) , PAGE 2
STATION: GREENSBORO NC
MONTH: FEBRUARY
YEAR: 2024
LATITUDE: 36 4 N
LONGITUDE: 79 57 W
[TEMPERATURE DATA] [PRECIPITATION DATA] SYMBOLS USED IN COLUMN 16
AVERAGE MONTHLY: 46.3 TOTAL FOR MONTH: 1.85 1 = FOG OR MIST
DPTR FM NORMAL: 3.3 DPTR FM NORMAL: -0.96 2 = FOG REDUCING VISIBILITY
HIGHEST: 70 ON 26 GRTST 24HR 0.90 ON 10-11 TO 1/4 MILE OR LESS
LOWEST: 24 ON 18 3 = THUNDER
SNOW, ICE PELLETS, HAIL 4 = ICE PELLETS
TOTAL MONTH: 0.0 INCH 5 = HAIL
GRTST 24HR 0.0 6 = FREEZING RAIN OR DRIZZLE
GRTST DEPTH: 0 7 = DUSTSTORM OR SANDSTORM:
VSBY 1/2 MILE OR LESS
8 = SMOKE OR HAZE
[NO. OF DAYS WITH] [WEATHER - DAYS WITH] 9 = BLOWING SNOW
X = TORNADO
MAX 32 OR BELOW: 0 0.01 INCH OR MORE: 8
MAX 90 OR ABOVE: 0 0.10 INCH OR MORE: 5
MIN 32 OR BELOW: 15 0.50 INCH OR MORE: 1
MIN 0 OR BELOW: 0 1.00 INCH OR MORE: 0
[HDD (BASE 65) ]
TOTAL THIS MO. 534 CLEAR (SCALE 0-3) 9
DPTR FM NORMAL -82 PTCLDY (SCALE 4-7) 12
TOTAL FM JUL 1 2528 CLOUDY (SCALE 8-10) 8
DPTR FM NORMAL -278
[CDD (BASE 65) ]
TOTAL THIS MO. 0
DPTR FM NORMAL -1 [PRESSURE DATA]
TOTAL FM JAN 1 0 HIGHEST SLP 30.46 ON 29
DPTR FM NORMAL -1 LOWEST SLP 29.35 ON 13
[REMARKS]
#FINAL-02-24#