000
CXUS52 KRAH 010845
CF6GSO
PRELIMINARY LOCAL CLIMATOLOGICAL DATA (WS FORM: F-6)
STATION: GREENSBORO NC
MONTH: JULY
YEAR: 2022
LATITUDE: 36 4 N
LONGITUDE: 79 57 W
TEMPERATURE IN F: :PCPN: SNOW: WIND :SUNSHINE: SKY :PK WND
================================================================================
1 2 3 4 5 6A 6B 7 8 9 10 11 12 13 14 15 16 17 18
12Z AVG MX 2MIN
DY MAX MIN AVG DEP HDD CDD WTR SNW DPTH SPD SPD DIR MIN PSBL S-S WX SPD DR
================================================================================
1 90 70 80 2 0 15 0.00 0.0 0 6.9 21 170 M M 5 25 170
2 90 71 81 3 0 16 0.07 0.0 0 6.4 18 310 M M 7 13 23 320
3 90 69 80 2 0 15 0.00 0.0 M 3.5 10 10 M M 8 14 280
4 90 70 80 1 0 15 0.00 0.0 M 7.2 13 120 M M 6 17 50
5 91 69 80 1 0 15 1.37 0.0 0 8.4 49 320 M M 8 1238 64 310
6 93 69 81 2 0 16 T 0.0 0 6.4 22 290 M M 8 38 26 290
7 93 72 83 4 0 18 T 0.0 0 5.3 20 270 M M 8 3 25 210
8 86 73 80 1 0 15 0.04 0.0 0 4.0 10 140 M M 9 13 13 110
9 88 70 79 0 0 14 0.20 0.0 0 6.6 28 310 M M 8 13 34 310
10 70 64 67 -12 0 2 0.26 0.0 0 10.1 18 60 M M 10 1 31 200
11 83 62 73 -6 0 8 0.00 0.0 0 4.2 8 200 M M 6 17 60
12 90 67 79 0 0 14 0.00 0.0 0 9.6 17 240 M M 6 29 230
13 89 69 79 0 0 14 0.73 0.0 0 5.0 23 330 M M 9 13 23 330
14 86 68 77 -2 0 12 0.00 0.0 0 4.1 10 230 M M 8 1 13 230
15 90 69 80 1 0 15 0.00 0.0 0 5.3 14 170 M M 5 16 160
16 87 68 78 -1 0 13 1.55 0.0 0 7.2 36 240 M M 7 1238 50 240
17 89 68 79 0 0 14 0.08 0.0 0 6.9 26 160 M M 6 3 33 160
18 90 71 81 2 0 16 T 0.0 0 9.4 17 200 M M 4 22 40
19 88 70 79 0 0 14 0.00 0.0 0 6.6 16 300 M M 4 19 290
20 93 69 81 2 0 16 T 0.0 0 8.6 18 280 M M 5 28 280
21 89 70 80 1 0 15 1.97 0.0 0 8.8 36 290 M M 8 123 43 290
22 88 71 80 1 0 15 0.00 0.0 0 4.4 10 260 M M 7 14 270
23 94 73 84 5 0 19 T 0.0 0 5.1 23 200 M M 5 13 28 210
24 92 69 81 2 0 16 0.00 0.0 0 6.3 15 170 M M 6 18 170
25 89 72 81 2 0 16 0.35 0.0 0 9.2 24 310 M M 8 13 31 310
26 88 72 80 1 0 15 0.11 0.0 0 7.3 23 250 M M 10 3 27 260
27 92 74 83 4 0 18 0.16 0.0 M 8.1 17 230 M M 8 3 20 240
28 92 74 83 4 0 18 T 0.0 0 8.1 17 270 M M 6 3 24 210
29 92 73 83 4 0 18 0.08 0.0 0 7.2 29 310 M M 8 13 40 310
30 88 74 81 2 0 16 T 0.0 0 4.8 12 50 M M 8 15 50
31 88 73 81 2 0 16 0.04 0.0 0 6.8 17 240 M M 9 13 22 240
================================================================================
SM 2758 2173 0 459 7.01 0.0 207.8 M 220
================================================================================
AV 89.0 70.1 6.7 FASTST M M 7 MAX(MPH)
MISC ----> 49 320 64 310
================================================================================
NOTES:
# LAST OF SEVERAL OCCURRENCES
COLUMN 17 PEAK WIND IN M.P.H.
PRELIMINARY LOCAL CLIMATOLOGICAL DATA (WS FORM: F-6) , PAGE 2
STATION: GREENSBORO NC
MONTH: JULY
YEAR: 2022
LATITUDE: 36 4 N
LONGITUDE: 79 57 W
[TEMPERATURE DATA] [PRECIPITATION DATA] SYMBOLS USED IN COLUMN 16
AVERAGE MONTHLY: 79.5 TOTAL FOR MONTH: 7.01 1 = FOG OR MIST
DPTR FM NORMAL: 0.6 DPTR FM NORMAL: 2.83 2 = FOG REDUCING VISIBILITY
HIGHEST: 94 ON 23 GRTST 24HR 1.97 ON 21-21 TO 1/4 MILE OR LESS
LOWEST: 62 ON 11 3 = THUNDER
SNOW, ICE PELLETS, HAIL 4 = ICE PELLETS
TOTAL MONTH: 0.0 INCH 5 = HAIL
GRTST 24HR 0.0 6 = FREEZING RAIN OR DRIZZLE
GRTST DEPTH: 0 7 = DUSTSTORM OR SANDSTORM:
VSBY 1/2 MILE OR LESS
8 = SMOKE OR HAZE
[NO. OF DAYS WITH] [WEATHER - DAYS WITH] 9 = BLOWING SNOW
X = TORNADO
MAX 32 OR BELOW: 0 0.01 INCH OR MORE: 14
MAX 90 OR ABOVE: 16 0.10 INCH OR MORE: 9
MIN 32 OR BELOW: 0 0.50 INCH OR MORE: 4
MIN 0 OR BELOW: 0 1.00 INCH OR MORE: 3
[HDD (BASE 65) ]
TOTAL THIS MO. 0 CLEAR (SCALE 0-3) 0
DPTR FM NORMAL 0 PTCLDY (SCALE 4-7) 24
TOTAL FM JUL 1 0 CLOUDY (SCALE 8-10) 7
DPTR FM NORMAL 0
[CDD (BASE 65) ]
TOTAL THIS MO. 459
DPTR FM NORMAL 28 [PRESSURE DATA]
TOTAL FM JAN 1 1012 HIGHEST SLP 30.17 ON 31
DPTR FM NORMAL 84 LOWEST SLP 29.77 ON 21
[REMARKS]
#FINAL-07-22#