000
CXUS52 KRAH 010945
CF6GSO
PRELIMINARY LOCAL CLIMATOLOGICAL DATA (WS FORM: F-6)
STATION: GREENSBORO NC
MONTH: FEBRUARY
YEAR: 2022
LATITUDE: 36 4 N
LONGITUDE: 79 57 W
TEMPERATURE IN F: :PCPN: SNOW: WIND :SUNSHINE: SKY :PK WND
================================================================================
1 2 3 4 5 6A 6B 7 8 9 10 11 12 13 14 15 16 17 18
12Z AVG MX 2MIN
DY MAX MIN AVG DEP HDD CDD WTR SNW DPTH SPD SPD DIR MIN PSBL S-S WX SPD DR
================================================================================
1 48 28 38 -2 27 0 0.00 0.0 0 4.8 14 50 M M 6 16 60
2 54 25 40 -1 25 0 0.00 0.0 0 2.1 10 90 M M 6 13 90
3 61 40 51 10 14 0 0.57 0.0 0 4.4 21 190 M M 10 12 29 190
4 65 42 54 13 11 0 0.36 0.0 0 13.4 25 210 M M 10 1 33 220
5 42 27 35 -6 30 0 0.00 0.0 0 7.3 16 20 M M 3 24 20
6 40 22 31 -10 34 0 0.00 0.0 0 5.7 12 60 M M 0 16 90
7 36 29 33 -8 32 0 0.42 0.0 0 6.1 12 20 M M 10 16 17 20
8 52 29 41 -1 24 0 0.00 0.0 0 5.8 16 320 M M 6 12 20 320
9 57 26 42 0 23 0 0.00 0.0 0 5.8 16 220 M M 0 22 250
10 64 31 48 6 17 0 0.00 0.0 0 9.2 25 230 M M 1 32 230
11 67 32 50 8 15 0 0.00 0.0 0 10.6 24 200 M M 1 31 200
12 69 39 54 12 11 0 0.00 0.0 0 8.2 16 280 M M 3 22 280
13 51 27 39 -4 26 0 0.05 0.0 0 6.8 17 50 M M 6 1 23 60
14 48 21 35 -8 30 0 0.00 0.0 0 5.3 17 270 M M 2 23 290
15 50 22 36 -7 29 0 0.00 0.0 0 4.2 13 200 M M 3 16 190
16 62 30 46 3 19 0 0.00 0.0 0 7.8 23 190 M M 6 29 170
17 69 47 58 15 7 0 T 0.0 0 14.4 33 180 M M 10 47 180
18 66 32 49 5 16 0 0.06 0.0 0 13.2 33 220 M M 7 1 46 210
19 58 23 41 -3 24 0 0.00 0.0 0 9.3 29 310 M M 1 38 320
20 52 24 38 -6 27 0 0.00 0.0 0 5.6 15 220 M M 0 26 200
21 64 33 49 5 16 0 T 0.0 0 5.8 16 210 M M 7 21 220
22 69 53 61 17 4 0 0.17 0.0 0 9.8 21 200 M M 9 1 30 190
23 70 55 63 18 2 0 0.93 0.0 0 5.4 15 180 M M 8 1 19 180
24 58 37 48 3 17 0 0.62 0.0 0 9.0 18 50 M M 10 1 24 40
25 67 36 52 7 13 0 0.01 0.0 0 7.0 14 30 M M 8 12 20 30
26 47 38 43 -3 22 0 0.03 0.0 0 6.2 15 40 M M 9 20 30
27 45 35 40 -6 25 0 0.19 0.0 0 4.9 12 260 M M 8 1 13 260
28 57 28 43 -3 22 0 0.00 0.0 0 4.6 12 30 M M 1 14 70
================================================================================
SM 1588 911 562 0 3.41 0.0 202.7 M 151
================================================================================
AV 56.7 32.5 7.2 FASTST M M 5 MAX(MPH)
MISC ----> # 33 180 47 180
================================================================================
NOTES:
# LAST OF SEVERAL OCCURRENCES
COLUMN 17 PEAK WIND IN M.P.H.
PRELIMINARY LOCAL CLIMATOLOGICAL DATA (WS FORM: F-6) , PAGE 2
STATION: GREENSBORO NC
MONTH: FEBRUARY
YEAR: 2022
LATITUDE: 36 4 N
LONGITUDE: 79 57 W
[TEMPERATURE DATA] [PRECIPITATION DATA] SYMBOLS USED IN COLUMN 16
AVERAGE MONTHLY: 44.6 TOTAL FOR MONTH: 3.41 1 = FOG OR MIST
DPTR FM NORMAL: 1.6 DPTR FM NORMAL: 0.60 2 = FOG REDUCING VISIBILITY
HIGHEST: 70 ON 23 GRTST 24HR 1.07 ON 22-23 TO 1/4 MILE OR LESS
LOWEST: 21 ON 14 3 = THUNDER
SNOW, ICE PELLETS, HAIL 4 = ICE PELLETS
TOTAL MONTH: 0.0 INCH 5 = HAIL
GRTST 24HR 0.0 6 = FREEZING RAIN OR DRIZZLE
GRTST DEPTH: 0 7 = DUSTSTORM OR SANDSTORM:
VSBY 1/2 MILE OR LESS
8 = SMOKE OR HAZE
[NO. OF DAYS WITH] [WEATHER - DAYS WITH] 9 = BLOWING SNOW
X = TORNADO
MAX 32 OR BELOW: 0 0.01 INCH OR MORE: 11
MAX 90 OR ABOVE: 0 0.10 INCH OR MORE: 7
MIN 32 OR BELOW: 17 0.50 INCH OR MORE: 3
MIN 0 OR BELOW: 0 1.00 INCH OR MORE: 0
[HDD (BASE 65) ]
TOTAL THIS MO. 562 CLEAR (SCALE 0-3) 10
DPTR FM NORMAL -54 PTCLDY (SCALE 4-7) 11
TOTAL FM JUL 1 2473 CLOUDY (SCALE 8-10) 7
DPTR FM NORMAL -295
[CDD (BASE 65) ]
TOTAL THIS MO. 0
DPTR FM NORMAL -1 [PRESSURE DATA]
TOTAL FM JAN 1 5 HIGHEST SLP 30.63 ON 16
DPTR FM NORMAL 5 LOWEST SLP 29.64 ON 18
[REMARKS]
#FINAL-02-22#