807
CXUS52 KRAH 010845
CF6GSO
PRELIMINARY LOCAL CLIMATOLOGICAL DATA (WS FORM: F-6)
STATION: PIEDMONT TRIAD INTL AIRPORT NC
MONTH: JULY
YEAR: 2020
LATITUDE: 36 4 N
LONGITUDE: 79 57 W
TEMPERATURE IN F: :PCPN: SNOW: WIND :SUNSHINE: SKY :PK WND
================================================================================
1 2 3 4 5 6A 6B 7 8 9 10 11 12 13 14 15 16 17 18
12Z AVG MX 2MIN
DY MAX MIN AVG DEP HDD CDD WTR SNW DPTH SPD SPD DIR MIN PSBL S-S WX SPD DR
================================================================================
1 90 68 79 1 0 14 T 0.0 0 2.8 14 30 M M 6 3 20 20
2 88 68 78 0 0 13 0.00 0.0 0 7.1 16 50 M M 3 20 50
3 92 67 80 2 0 15 0.00 0.0 0 2.8 9 60 M M 2 13 20
4 94 71 83 5 0 18 0.00 0.0 0 4.3 16 260 M M 5 3 21 290
5 91 69 80 2 0 15 0.05 0.0 0 4.2 24 220 M M 8 138 33 220
6 89 69 79 1 0 14 0.00 0.0 0 6.4 16 180 M M 8 1 21 170
7 86 70 78 0 0 13 T 0.0 0 5.2 18 170 M M 9 3 24 170
8 88 71 80 2 0 15 0.05 0.0 0 8.0 24 100 M M 8 13 31 100
9 87 71 79 0 0 14 0.01 0.0 0 7.0 16 70 M M 8 1 20 80
10 92 70 81 2 0 16 0.19 0.0 0 5.8 25 310 M M 7 13 33 300
11 90 69 80 1 0 15 0.00 0.0 0 7.9 18 290 M M 5 23 310
12 89 65 77 -2 0 12 0.00 0.0 0 5.6 15 240 M M 4 19 200
13 90 70 80 1 0 15 T 0.0 0 3.9 12 160 M M 5 18 150
14 92 70 81 2 0 16 0.00 0.0 0 4.2 13 40 M M 3 16 40
15 93 70 82 3 0 17 0.00 0.0 0 6.9 20 70 M M 5 23 70
16 89 73 81 2 0 16 T 0.0 0 8.1 18 180 M M 7 22 200
17 91 73 82 3 0 17 0.53 0.0 0 6.0 21 320 M M 7 13 29 310
18 92 71 82 3 0 17 0.97 0.0 0 6.0 21 190 M M 6 138 25 180
19 94 70 82 3 0 17 0.00 0.0 0 5.9 13 250 M M 5 18 240
20 95 74 85 6 0 20 0.00 0.0 0 5.2 17 280 M M 5 3 21 270
21 94 73 84 5 0 19 0.00 0.0 0 8.3 24 170 M M 5 3 30 180
22 93 70 82 3 0 17 0.00 0.0 0 9.0 20 200 M M 6 3 27 280
23 92 71 82 3 0 17 0.97 0.0 0 6.8 23 310 M M 7 13 29 360
24 87 70 79 1 0 14 0.60 0.0 0 8.0 16 190 M M 8 13 19 270
25 92 69 81 3 0 16 T 0.0 0 4.6 12 260 M M 6 3 16 230
26 91 70 81 3 0 16 0.00 0.0 0 6.7 14 230 M M 3 17 260
27 92 73 83 5 0 18 0.00 0.0 0 6.4 13 230 M M 4 17 260
28 91 73 82 4 0 17 0.01 0.0 0 5.4 24 310 M M 5 3 33 280
29 91 71 81 3 0 16 0.02 0.0 0 4.9 20 130 M M 6 13 24 130
30 87 71 79 1 0 14 0.06 0.0 0 7.8 18 210 M M 6 13 23 220
31 91 73 82 4 0 17 0.03 0.0 0 10.5 28 260 M M 7 13 36 270
================================================================================
SM 2813 2183 0 490 3.49 0.0 191.7 M 179
================================================================================
AV 90.7 70.4 6.2 FASTST M M 6 MAX(MPH)
MISC ----> 28 260 36 270
================================================================================
NOTES:
# LAST OF SEVERAL OCCURRENCES
COLUMN 17 PEAK WIND IN M.P.H.
PRELIMINARY LOCAL CLIMATOLOGICAL DATA (WS FORM: F-6) , PAGE 2
STATION: PIEDMONT TRIAD INTL AIRPORT NC
MONTH: JULY
YEAR: 2020
LATITUDE: 36 4 N
LONGITUDE: 79 57 W
[TEMPERATURE DATA] [PRECIPITATION DATA] SYMBOLS USED IN COLUMN 16
AVERAGE MONTHLY: 80.6 TOTAL FOR MONTH: 3.49 1 = FOG OR MIST
DPTR FM NORMAL: 2.1 DPTR FM NORMAL: -0.99 2 = FOG REDUCING VISIBILITY
HIGHEST: 95 ON 20 GRTST 24HR 1.57 ON 23-24 TO 1/4 MILE OR LESS
LOWEST: 65 ON 12 3 = THUNDER
SNOW, ICE PELLETS, HAIL 4 = ICE PELLETS
TOTAL MONTH: 0.0 INCH 5 = HAIL
GRTST 24HR 0.0 6 = FREEZING RAIN OR DRIZZLE
GRTST DEPTH: 0 7 = DUSTSTORM OR SANDSTORM:
VSBY 1/2 MILE OR LESS
8 = SMOKE OR HAZE
[NO. OF DAYS WITH] [WEATHER - DAYS WITH] 9 = BLOWING SNOW
X = TORNADO
MAX 32 OR BELOW: 0 0.01 INCH OR MORE: 12
MAX 90 OR ABOVE: 22 0.10 INCH OR MORE: 5
MIN 32 OR BELOW: 0 0.50 INCH OR MORE: 4
MIN 0 OR BELOW: 0 1.00 INCH OR MORE: 0
[HDD (BASE 65) ]
TOTAL THIS MO. 0 CLEAR (SCALE 0-3) 2
DPTR FM NORMAL 0 PTCLDY (SCALE 4-7) 26
TOTAL FM JUL 1 0 CLOUDY (SCALE 8-10) 3
DPTR FM NORMAL 0
[CDD (BASE 65) ]
TOTAL THIS MO. 490
DPTR FM NORMAL 71 [PRESSURE DATA]
TOTAL FM JAN 1 922 HIGHEST SLP 30.19 ON 16
DPTR FM NORMAL 37 LOWEST SLP 29.75 ON 12
[REMARKS]
#FINAL-07-20#