000
CXUS52 KRAH 011345
CF6GSO
PRELIMINARY LOCAL CLIMATOLOGICAL DATA (WS FORM: F-6)
STATION: PIEDMONT TRIAD INTL AIRPORT NC
MONTH: APRIL
YEAR: 2020
LATITUDE: 36 4 N
LONGITUDE: 79 57 W
TEMPERATURE IN F: :PCPN: SNOW: WIND :SUNSHINE: SKY :PK WND
================================================================================
1 2 3 4 5 6A 6B 7 8 9 10 11 12 13 14 15 16 17 18
12Z AVG MX 2MIN
DY MAX MIN AVG DEP HDD CDD WTR SNW DPTH SPD SPD DIR MIN PSBL S-S WX SPD DR
================================================================================
1 58 40 49 -6 16 0 0.01 0.0 0 7.7 16 290 M M 5 1 22 20
2 65 36 51 -4 14 0 0.00 0.0 0 9.4 21 310 M M 1 29 300
3 72 44 58 3 7 0 0.00 0.0 0 9.8 22 310 M M 3 8 28 320
4 73 44 59 3 6 0 0.00 0.0 0 5.2 13 130 M M 2 18 30
5 72 46 59 3 6 0 T 0.0 0 4.8 10 220 M M 5 17 230
6 81 51 66 10 0 1 T 0.0 0 6.2 17 260 M M 4 38 23 320
7 82 51 67 11 0 2 0.01 0.0 0 7.5 29 240 M M 7 3 35 230
8 84 58 71 14 0 6 0.00 0.0 0 10.1 28 20 M M 6 40 30
9 77 54 66 9 0 1 0.10 0.0 0 14.4 32 280 M M 4 13 41 280
10 57 39 48 -9 17 0 0.00 0.0 0 12.4 31 320 M M 3 42 320
11 65 35 50 -8 15 0 0.00 0.0 0 6.6 17 260 M M 2 24 220
12 70 48 59 1 6 0 0.07 0.0 0 12.5 26 160 M M 9 1 40 160
13 77 56 67 9 0 2 0.60 0.0 0 17.7 36 240 M M 7 13 46 210
14 69 46 58 0 7 0 T 0.0 0 6.4 17 350 M M 4 24 20
15 56 40 48 -11 17 0 0.00 0.0 0 8.8 20 50 M M 6 32 20
16 65 36 51 -8 14 0 0.00 0.0 0 9.1 21 290 M M 0 31 310
17 70 36 53 -6 12 0 0.00 0.0 0 11.1 28 210 M M 4 34 220
18 65 43 54 -6 11 0 0.21 0.0 0 11.4 26 300 M M 5 1 36 310
19 62 38 50 -10 15 0 0.00 0.0 0 3.8 13 180 M M 7 16 200
20 63 48 56 -4 9 0 0.46 0.0 0 6.3 15 50 M M 7 1 24 10
21 74 47 61 1 4 0 0.00 0.0 0 13.4 29 280 M M 4 37 270
22 69 41 55 -5 10 0 0.00 0.0 0 8.9 17 280 M M 4 22 280
23 61 53 57 -4 8 0 0.16 0.0 0 8.4 23 250 M M 10 1 30 250
24 78 58 68 7 0 3 0.01 0.0 0 10.6 21 280 M M 5 1 27 270
25 61 53 57 -4 8 0 0.27 0.0 0 10.1 20 60 M M 10 18 22 70
26 72 50 61 -1 4 0 0.01 0.0 0 9.4 24 310 M M 9 1 31 310
27 70 47 59 -3 6 0 0.00 0.0 0 7.8 20 320 M M 3 28 320
28 73 41 57 -5 8 0 0.00 0.0 0 4.5 14 220 M M 5 16 230
29 76 57 67 5 0 2 0.09 0.0 0 15.8 29 170 M M 8 1 41 180
30 66 51 59 -4 6 0 1.78 0.0 0 8.0 28 160 M M 9 1 35 170
================================================================================
SM 2083 1387 226 17 3.78 0.0 278.1 M 158
================================================================================
AV 69.4 46.2 9.3 FASTST M M 5 MAX(MPH)
MISC ----> # 36 240 # 46 210
================================================================================
NOTES:
# LAST OF SEVERAL OCCURRENCES
COLUMN 17 PEAK WIND IN M.P.H.
PRELIMINARY LOCAL CLIMATOLOGICAL DATA (WS FORM: F-6) , PAGE 2
STATION: PIEDMONT TRIAD INTL AIRPORT NC
MONTH: APRIL
YEAR: 2020
LATITUDE: 36 4 N
LONGITUDE: 79 57 W
[TEMPERATURE DATA] [PRECIPITATION DATA] SYMBOLS USED IN COLUMN 16
AVERAGE MONTHLY: 57.8 TOTAL FOR MONTH: 3.78 1 = FOG OR MIST
DPTR FM NORMAL: -1.0 DPTR FM NORMAL: 0.21 2 = FOG REDUCING VISIBILITY
HIGHEST: 84 ON 8 GRTST 24HR 1.78 ON 30-30 TO 1/4 MILE OR LESS
LOWEST: 35 ON 11 3 = THUNDER
SNOW, ICE PELLETS, HAIL 4 = ICE PELLETS
TOTAL MONTH: 0.0 INCH 5 = HAIL
GRTST 24HR 0.0 6 = FREEZING RAIN OR DRIZZLE
GRTST DEPTH: 0 7 = DUSTSTORM OR SANDSTORM:
VSBY 1/2 MILE OR LESS
8 = SMOKE OR HAZE
[NO. OF DAYS WITH] [WEATHER - DAYS WITH] 9 = BLOWING SNOW
X = TORNADO
MAX 32 OR BELOW: 0 0.01 INCH OR MORE: 13
MAX 90 OR ABOVE: 0 0.10 INCH OR MORE: 7
MIN 32 OR BELOW: 0 0.50 INCH OR MORE: 2
MIN 0 OR BELOW: 0 1.00 INCH OR MORE: 1
[HDD (BASE 65) ]
TOTAL THIS MO. 226 CLEAR (SCALE 0-3) 6
DPTR FM NORMAL 5 PTCLDY (SCALE 4-7) 19
TOTAL FM JUL 1 2996 CLOUDY (SCALE 8-10) 5
DPTR FM NORMAL -550
[CDD (BASE 65) ]
TOTAL THIS MO. 17
DPTR FM NORMAL -16 [PRESSURE DATA]
TOTAL FM JAN 1 49 HIGHEST SLP M ON M
DPTR FM NORMAL 11 LOWEST SLP 29.45 ON 9
[REMARKS]
#FINAL-04-20#