000
CXUS52 KRAH 010945
CF6GSO
PRELIMINARY LOCAL CLIMATOLOGICAL DATA (WS FORM: F-6)
STATION: GREENSBORO NC
MONTH: NOVEMBER
YEAR: 2023
LATITUDE: 36 4 N
LONGITUDE: 79 57 W
TEMPERATURE IN F: :PCPN: SNOW: WIND :SUNSHINE: SKY :PK WND
================================================================================
1 2 3 4 5 6A 6B 7 8 9 10 11 12 13 14 15 16 17 18
12Z AVG MX 2MIN
DY MAX MIN AVG DEP HDD CDD WTR SNW DPTH SPD SPD DIR MIN PSBL S-S WX SPD DR
================================================================================
1 49 32 41 -13 24 0 0.00 0.0 0 8.4 21 330 M M 1 31 350
2 53 27 40 -14 25 0 0.00 0.0 0 1.9 9 90 M M 0 14 60
3 62 30 46 -8 19 0 0.00 0.0 0 0.9 8 210 M M 0 11 130
4 70 32 51 -2 14 0 0.00 0.0 0 1.8 10 50 M M 1 14 50
5 73 41 57 4 8 0 0.00 0.0 0 1.1 13 20 M M 4 18 10
6 72 45 59 6 6 0 0.00 0.0 0 5.6 16 220 M M 3 23 230
7 79 50 65 13 0 0 0.00 0.0 0 7.8 16 230 M M 3 24 260
8 78 49 64 12 1 0 0.00 0.0 0 3.8 15 160 M M 4 19 160
9 82 55 69 17 0 4 0.00 0.0 0 6.6 16 240 M M 4 23 250
10 66 48 57 6 8 0 T 0.0 0 10.4 22 50 M M 10 27 60
11 56 46 51 0 14 0 T 0.0 0 5.2 12 80 M M 9 15 70
12 60 42 51 0 14 0 0.00 0.0 0 6.3 16 60 M M 6 21 100
13 63 35 49 -1 16 0 0.00 0.0 M 3.1 10 220 M M 5 15 230
14 65 38 52 2 13 0 0.00 0.0 0 2.8 15 50 M M 7 19 50
15 58 40 49 -1 16 0 0.00 0.0 0 0.6 7 50 M M 9 10 120
16 70 39 55 5 10 0 0.00 0.0 0 1.7 10 140 M M 3 12 140
17 68 45 57 8 8 0 T 0.0 0 2.0 10 200 M M 8 17 180
18 71 46 59 10 6 0 0.01 0.0 0 6.7 14 30 M M 3 21 40
19 62 35 49 0 16 0 0.00 0.0 0 1.8 7 140 M M 1 10 360
20 60 33 47 -1 18 0 T 0.0 0 5.3 14 60 M M 6 18 40
21 61 42 52 4 13 0 1.46 0.0 0 8.1 28 300 M M 10 12 35 300
22 62 38 50 2 15 0 0.12 0.0 M 4.8 17 330 M M 7 1 24 20
23 58 31 45 -2 20 0 0.00 0.0 0 5.0 12 320 M M 3 16 330
24 56 36 46 -1 19 0 0.00 0.0 0 5.5 17 60 M M 6 20 60
25 48 33 41 -6 24 0 0.00 0.0 0 9.6 20 50 M M 8 26 60
26 50 29 40 -7 25 0 0.01 0.0 0 4.7 10 230 M M 6 15 230
27 53 32 43 -3 22 0 0.03 0.0 0 9.1 20 320 M M 2 1 26 310
28 48 27 38 -8 27 0 0.00 0.0 0 9.8 25 310 M M 3 35 310
29 46 19 33 -13 32 0 0.00 0.0 0 7.1 16 220 M M 1 22 210
30 63 28 46 0 19 0 0.00 0.0 0 5.4 17 210 M M 4 27 250
================================================================================
SM 1862 1123 452 4 1.63 0.0 152.9 M 137
================================================================================
AV 62.1 37.4 5.1 FASTST M M 5 MAX(MPH)
MISC ----> 28 300 # 35 300
================================================================================
NOTES:
# LAST OF SEVERAL OCCURRENCES
COLUMN 17 PEAK WIND IN M.P.H.
PRELIMINARY LOCAL CLIMATOLOGICAL DATA (WS FORM: F-6) , PAGE 2
STATION: GREENSBORO NC
MONTH: NOVEMBER
YEAR: 2023
LATITUDE: 36 4 N
LONGITUDE: 79 57 W
[TEMPERATURE DATA] [PRECIPITATION DATA] SYMBOLS USED IN COLUMN 16
AVERAGE MONTHLY: 49.8 TOTAL FOR MONTH: 1.63 1 = FOG OR MIST
DPTR FM NORMAL: 0.0 DPTR FM NORMAL: -1.64 2 = FOG REDUCING VISIBILITY
HIGHEST: 82 ON 9 GRTST 24HR 1.56 ON 21-22 TO 1/4 MILE OR LESS
LOWEST: 19 ON 29 3 = THUNDER
SNOW, ICE PELLETS, HAIL 4 = ICE PELLETS
TOTAL MONTH: 0.0 INCH 5 = HAIL
GRTST 24HR 0.0 6 = FREEZING RAIN OR DRIZZLE
GRTST DEPTH: 0 7 = DUSTSTORM OR SANDSTORM:
VSBY 1/2 MILE OR LESS
8 = SMOKE OR HAZE
[NO. OF DAYS WITH] [WEATHER - DAYS WITH] 9 = BLOWING SNOW
X = TORNADO
MAX 32 OR BELOW: 0 0.01 INCH OR MORE: 5
MAX 90 OR ABOVE: 0 0.10 INCH OR MORE: 2
MIN 32 OR BELOW: 10 0.50 INCH OR MORE: 1
MIN 0 OR BELOW: 0 1.00 INCH OR MORE: 1
[HDD (BASE 65) ]
TOTAL THIS MO. 452 CLEAR (SCALE 0-3) 12
DPTR FM NORMAL -9 PTCLDY (SCALE 4-7) 14
TOTAL FM JUL 1 621 CLOUDY (SCALE 8-10) 4
DPTR FM NORMAL -48
[CDD (BASE 65) ]
TOTAL THIS MO. 4
DPTR FM NORMAL 1 [PRESSURE DATA]
TOTAL FM JAN 1 1372 HIGHEST SLP 30.54 ON 2
DPTR FM NORMAL -180 LOWEST SLP 29.72 ON 22
[REMARKS]
#FINAL-11-23#