000
CXUS56 KTFX 011504
CF6GTF
PRELIMINARY LOCAL CLIMATOLOGICAL DATA (WS FORM: F-6)
STATION: GREAT FALLS MT
MONTH: FEBRUARY
YEAR: 2020
LATITUDE: 47 28 N
LONGITUDE: 111 22 W
TEMPERATURE IN F: :PCPN: SNOW: WIND :SUNSHINE: SKY :PK WND
================================================================================
1 2 3 4 5 6A 6B 7 8 9 10 11 12 13 14 15 16 17 18
12Z AVG MX 2MIN
DY MAX MIN AVG DEP HDD CDD WTR SNW DPTH SPD SPD DIR MIN PSBL S-S WX SPD DR
================================================================================
1 64 32 48 22 17 0 0.00 0.0 0 33.4 59 240 M M 1 82 230
2 35 10 23 -3 42 0 T T 0 7.9 20 350 M M 3 29 340
3 33 6 20 -6 45 0 T T 0 8.7 22 350 M M 3 27 350
4 33 6 20 -6 45 0 0.01 0.3 0 18.5 32 260 M M 3 1 42 240
5 46 20 33 7 32 0 0.00 0.0 T 17.8 28 240 M M 3 36 240
6 41 18 30 4 35 0 0.01 T 0 9.2 28 240 M M 8 1 38 240
7 35 16 26 0 39 0 0.02 0.5 0 8.4 14 210 M M 8 1 19 270
8 39 19 29 3 36 0 0.04 0.7 0 13.0 31 320 M M 7 18 41 320
9 36 11 24 -2 41 0 0.02 0.2 1 14.8 35 220 M M 5 1 43 220
10 32 20 26 -1 39 0 T 0.2 T 10.4 16 190 M M 7 1 22 210
11 43 22 33 6 32 0 0.01 0.2 T 22.4 39 230 M M 6 1 50 230
12 30 9 20 -7 45 0 0.08 1.7 1 8.4 28 350 M M 9 18 35 360
13 46 3 25 -2 40 0 0.00 0.0 2 15.9 35 220 M M 0 45 220
14 42 21 32 5 33 0 0.00 0.0 0 19.8 35 270 M M 1 48 240
15 43 22 33 6 32 0 0.00 0.0 0 20.0 36 240 M M 3 48 250
16 45 26 36 9 29 0 0.01 T 0 12.7 26 290 M M 7 8 40 280
17 39 15 27 0 38 0 T 0.1 0 9.3 21 270 M M 6 18 27 340
18 20 6 13 -15 52 0 0.01 0.3 T 5.1 13 60 M M 6 18 14 60
19 35 2 19 -9 46 0 0.00 0.0 0 11.8 18 190 M M 0 25 220
20 47 21 34 6 31 0 0.00 0.0 0 22.0 35 230 M M 0 45 220
21 50 29 40 12 25 0 0.00 0.0 0 21.1 36 220 M M 0 45 230
22 54 28 41 13 24 0 0.00 0.0 0 20.3 36 260 M M 1 52 250
23 53 20 37 9 28 0 T T 0 12.7 32 240 M M 4 1 44 270
24 33 12 23 -6 42 0 0.20 2.1 0 8.2 20 250 M M 9 128 26 250
25 34 18 26 -3 39 0 0.00 0.0 2 7.0 15 220 M M 4 128 19 200
26 48 26 37 8 28 0 T T 1 13.6 24 240 M M 4 30 230
27 51 27 39 10 26 0 0.00 0.0 T 16.6 31 250 M M 0 41 250
28 58 33 46 16 19 0 0.00 0.0 0 17.9 32 230 M M 0 38 240
29 49 26 38 8 27 0 0.00 0.0 0 18.4 35 250 M M 3 44 240
================================================================================
SM 1214 524 1007 0 0.41 6.3 425.3 M 111
================================================================================
AV 41.9 18.1 14.7 FASTST M M 4 MAX(MPH)
MISC ----> 59 240 82 230
================================================================================
NOTES:
# LAST OF SEVERAL OCCURRENCES
COLUMN 17 PEAK WIND IN M.P.H.
PRELIMINARY LOCAL CLIMATOLOGICAL DATA (WS FORM: F-6) , PAGE 2
STATION: GREAT FALLS MT
MONTH: FEBRUARY
YEAR: 2020
LATITUDE: 47 28 N
LONGITUDE: 111 22 W
[TEMPERATURE DATA] [PRECIPITATION DATA] SYMBOLS USED IN COLUMN 16
AVERAGE MONTHLY: 30.0 TOTAL FOR MONTH: 0.41 1 = FOG OR MIST
DPTR FM NORMAL: 2.7 DPTR FM NORMAL: -0.06 2 = FOG REDUCING VISIBILITY
HIGHEST: 64 ON 1 GRTST 24HR 0.20 ON 24-24 TO 1/4 MILE OR LESS
LOWEST: 2 ON 19 3 = THUNDER
SNOW, ICE PELLETS, HAIL 4 = ICE PELLETS
TOTAL MONTH: 6.3 INCHES 5 = HAIL
GRTST 24HR 2.1 ON 24-24 6 = FREEZING RAIN OR DRIZZLE
GRTST DEPTH: 2 ON 25,13 7 = DUSTSTORM OR SANDSTORM:
VSBY 1/2 MILE OR LESS
8 = SMOKE OR HAZE
[NO. OF DAYS WITH] [WEATHER - DAYS WITH] 9 = BLOWING SNOW
X = TORNADO
MAX 32 OR BELOW: 3 0.01 INCH OR MORE: 10
MAX 90 OR ABOVE: 0 0.10 INCH OR MORE: 1
MIN 32 OR BELOW: 28 0.50 INCH OR MORE: 0
MIN 0 OR BELOW: 0 1.00 INCH OR MORE: 0
[HDD (BASE 65) ]
TOTAL THIS MO. 1007 CLEAR (SCALE 0-3) 12
DPTR FM NORMAL -47 PTCLDY (SCALE 4-7) 15
TOTAL FM JUL 1 5467 CLOUDY (SCALE 8-10) 2
DPTR FM NORMAL -109
[CDD (BASE 65) ]
TOTAL THIS MO. 0
DPTR FM NORMAL 0 [PRESSURE DATA]
TOTAL FM JAN 1 0 HIGHEST SLP 30.69 ON 25
DPTR FM NORMAL 0 LOWEST SLP 29.51 ON 1
[REMARKS]
#FINAL-02-20#