656
CXUS54 KAMA 010710
CF6GUY
PRELIMINARY LOCAL CLIMATOLOGICAL DATA (WS FORM: F-6)
STATION: GUYMON
MONTH: JULY
YEAR: 2020
LATITUDE: 36 41 N
LONGITUDE: 101 30 W
TEMPERATURE IN F: :PCPN: SNOW: WIND :SUNSHINE: SKY :PK WND
================================================================================
1 2 3 4 5 6A 6B 7 8 9 10 11 12 13 14 15 16 17 18
12Z AVG MX 2MIN
DY MAX MIN AVG DEP HDD CDD WTR SNW DPTH SPD SPD DIR MIN PSBL S-S WX SPD DR
================================================================================
1 97 65 81 3 0 16 0.00 M M 10.9 23 360 M M 1 28 350
2 101 64 83 5 0 18 0.15 M M 7.8 37 180 M M 1 13 55 180
3 95 65 80 1 0 15 0.00 M M 8.5 23 280 M M 0 30 360
4 92 69 81 2 0 16 T M M 10.2 29 300 M M 3 3 39 300
5 90 67 79 0 0 14 0.02 M M 6.4 23 180 M M 5 3 31 190
6 93 63 78 -1 0 13 0.00 M M 5.3 14 100 M M 2 21 140
7 95 67 81 2 0 16 0.00 M M 10.6 25 250 M M 1 35 250
8 105 68 87 7 0 22 0.00 M M 15.1 30 200 M M 0 38 200
9 102 76 89 9 0 24 0.00 M M 14.9 25 80 M M 0 32 70
10 101 72 87 7 0 22 0.00 M M 8.8 18 70 M M 3 1 24 180
11 105 70 88 8 0 23 1.12 M M 10.8 47 250 M M 1 13 60 250
12 102 73 88 8 0 23 0.01 M M 10.5 24 120 M M 2 3 32 120
13 105 67 86 6 0 21 T M M 11.1 22 120 M M 0 3 37 150
14 101 66 84 4 0 19 0.05 M M 10.1 44 360 M M 1 3 52 360
15 89 65 77 -3 0 12 0.38 M M 11.1 36 240 M M 1 13 43 250
16 94 65 80 0 0 15 0.33 M M 11.3 29 300 M M 2 13 35 290
17 101 68 85 5 0 20 0.00 M M 11.7 25 210 M M 1 32 210
18 102 73 88 8 0 23 0.00 M M 14.0 24 200 M M 0 32 180
19 94 68 81 1 0 16 0.44 M M 11.5 30 60 M M 3 3 37 50
20 92 65 79 -1 0 14 0.72 M M 12.3 26 200 M M 3 13 35 200
21 87 65 76 -4 0 11 0.11 M M 7.3 18 30 M M 1 13 24 30
22 92 66 79 -1 0 14 0.00 M M 11.1 18 200 M M 0 25 180
23 94 69 82 2 0 17 0.00 M M 11.3 20 160 M M 0 26 160
24 94 71 83 3 0 18 0.01 M M 11.2 23 160 M M 2 29 150
25 94 69 82 2 0 17 0.00 M M 11.1 23 210 M M 1 28 210
26 95 69 82 2 0 17 0.31 M M 12.1 33 330 M M 2 13 42 320
27 83 68 76 -4 0 11 0.89 M M 6.3 26 20 M M 9 13 34 20
28 85 71 78 -2 0 13 0.00 M M 4.3 12 80 M M 6 1 14 80
29 91 65 78 -2 0 13 0.63 M M 7.0 31 310 M M 1 13 39 320
30 85 64 75 -5 0 10 0.00 M M 12.9 26 20 M M 0 31 20
31 86 60 73 -7 0 8 0.00 M M 6.5 14 20 M M 1 18 310
================================================================================
SM 2942 2093 0 511 5.17 M 314.0 M 53
================================================================================
AV 94.9 67.5 10.1 FASTST M M 2 MAX(MPH)
MISC ----> 47 250 60 250
================================================================================
NOTES:
# LAST OF SEVERAL OCCURRENCES
COLUMN 17 PEAK WIND IN M.P.H.
PRELIMINARY LOCAL CLIMATOLOGICAL DATA (WS FORM: F-6) , PAGE 2
STATION: GUYMON
MONTH: JULY
YEAR: 2020
LATITUDE: 36 41 N
LONGITUDE: 101 30 W
[TEMPERATURE DATA] [PRECIPITATION DATA] SYMBOLS USED IN COLUMN 16
AVERAGE MONTHLY: 81.2 TOTAL FOR MONTH: 5.17 1 = FOG OR MIST
DPTR FM NORMAL: 1.6 DPTR FM NORMAL: 2.51 2 = FOG REDUCING VISIBILITY
HIGHEST: 105 ON 13,11 GRTST 24HR 1.20 ON 26-27 TO 1/4 MILE OR LESS
LOWEST: 60 ON 31 3 = THUNDER
SNOW, ICE PELLETS, HAIL 4 = ICE PELLETS
TOTAL MONTH: M 5 = HAIL
GRTST 24HR M ON M 6 = FREEZING RAIN OR DRIZZLE
GRTST DEPTH: M ON M 7 = DUSTSTORM OR SANDSTORM:
VSBY 1/2 MILE OR LESS
8 = SMOKE OR HAZE
[NO. OF DAYS WITH] [WEATHER - DAYS WITH] 9 = BLOWING SNOW
X = TORNADO
MAX 32 OR BELOW: 0 0.01 INCH OR MORE: 14
MAX 90 OR ABOVE: 25 0.10 INCH OR MORE: 10
MIN 32 OR BELOW: 0 0.50 INCH OR MORE: 4
MIN 0 OR BELOW: 0 1.00 INCH OR MORE: 1
[HDD (BASE 65) ]
TOTAL THIS MO. 0 CLEAR (SCALE 0-3) 27
DPTR FM NORMAL 0 PTCLDY (SCALE 4-7) 3
TOTAL FM JUL 1 0 CLOUDY (SCALE 8-10) 1
DPTR FM NORMAL 0
[CDD (BASE 65) ]
TOTAL THIS MO. 511
DPTR FM NORMAL 57 [PRESSURE DATA]
TOTAL FM JAN 1 1142 HIGHEST SLP M ON M
DPTR FM NORMAL 300 LOWEST SLP 29.54 ON 8
[REMARKS]
#FINAL-07-20#