000
CXUS52 KFFC 011010
CF6GVL
PRELIMINARY LOCAL CLIMATOLOGICAL DATA (WS FORM: F-6)
STATION: GAINESVILLE
MONTH: MAY
YEAR: 2023
LATITUDE: 34 16 N
LONGITUDE: 83 50 W
TEMPERATURE IN F: :PCPN: SNOW: WIND :SUNSHINE: SKY :PK WND
================================================================================
1 2 3 4 5 6A 6B 7 8 9 10 11 12 13 14 15 16 17 18
12Z AVG MX 2MIN
DY MAX MIN AVG DEP HDD CDD WTR SNW DPTH SPD SPD DIR MIN PSBL S-S WX SPD DR
================================================================================
1 65 46 56 -9 9 0 0.00 M M 13.0 26 260 M M 1 38 250
2 68 47 58 -7 7 0 0.00 M M 12.9 25 270 M M 1 41 260
3 69 46 58 -7 7 0 0.00 M M 10.9 24 260 M M 0 34 270
4 72 43 58 -8 7 0 0.00 M M 4.9 14 250 M M 0 20 240
5 63 53 58 -8 7 0 0.06 M M 4.7 14 80 M M 6 20 100
6 72 56 64 -2 1 0 T M M 4.5 15 80 M M 8 20 80
7 82 56 69 3 0 4 0.00 M M 4.2 13 270 M M 7 13 19 250
8 82 62 72 5 0 7 0.87 M M 7.9 22 330 M M 4 13 32 360
9 86 67 77 10 0 12 0.00 M M 9.1 18 270 M M 3 13 26 270
10 82 64 73 6 0 8 0.00 M M 7.0 16 70 M M 1 23 60
11 77 64 71 4 0 6 T M M 7.0 13 70 M M 5 17 80
12 75 64 70 2 0 5 0.54 M M 3.5 10 80 M M 8 1 15 80
13 83 64 74 6 0 9 0.00 M M 4.4 10 260 M M 4 1238 15 290
14 86 66 76 8 0 11 0.04 M M 4.8 18 20 M M 2 13 23 20
15 81 67 74 6 0 9 0.00 M M 7.0 14 90 M M 5 19 90
16 86 67 77 8 0 12 0.01 M M 6.5 17 230 M M 5 13 26 230
17 81 65 73 4 0 8 0.00 M M 7.6 14 290 M M 5 23 280
18 68 60 64 -5 1 0 0.02 M M 11.3 17 80 M M 10 18 25 80
19 75 59 67 -2 0 2 0.00 M M 7.6 16 80 M M 10 23 60
20 77 63 70 0 0 5 0.92 M M 4.6 16 50 M M 10 1 25 50
21 81 63 72 2 0 7 T M M 5.8 13 60 M M 6 1 19 70
22 76 63 70 0 0 5 T M M 9.0 20 90 M M 6 1 28 100
23 74 62 68 -2 0 3 0.04 M M 9.2 18 70 M M 6 25 60
24 78 59 69 -2 0 4 0.00 M M 7.3 16 90 M M 1 23 100
25 79 57 68 -3 0 3 0.00 M M 8.0 17 80 M M 2 26 110
26 76 59 68 -3 0 3 0.00 M M 10.9 20 70 M M 1 31 40
27 76 55 66 -6 0 1 T M M 12.8 22 50 M M 3 33 60
28 79 56 68 -4 0 3 T M M 5.6 16 260 M M 6 23 290
29 78 55 67 -5 0 2 0.00 M M 4.7 12 250 M M 4 1 17 260
30 81 61 71 -1 0 6 0.00 M M 8.1 18 60 M M 4 23 60
31 77 65 71 -1 0 6 0.00 M M 9.0 15 70 M M 7 23 80
================================================================================
SM 2385 1834 39 141 2.50 M 233.8 M 141
================================================================================
AV 76.9 59.2 7.5 FASTST M M 5 MAX(MPH)
MISC ----> 26 260 41 260
================================================================================
NOTES:
# LAST OF SEVERAL OCCURRENCES
COLUMN 17 PEAK WIND IN M.P.H.
PRELIMINARY LOCAL CLIMATOLOGICAL DATA (WS FORM: F-6) , PAGE 2
STATION: GAINESVILLE
MONTH: MAY
YEAR: 2023
LATITUDE: 34 16 N
LONGITUDE: 83 50 W
[TEMPERATURE DATA] [PRECIPITATION DATA] SYMBOLS USED IN COLUMN 16
AVERAGE MONTHLY: 68.0 TOTAL FOR MONTH: 2.50 1 = FOG OR MIST
DPTR FM NORMAL: -0.7 DPTR FM NORMAL: -1.51 2 = FOG REDUCING VISIBILITY
HIGHEST: 86 ON 16,14 GRTST 24HR 0.92 ON 20-20 TO 1/4 MILE OR LESS
LOWEST: 43 ON 4 3 = THUNDER
SNOW, ICE PELLETS, HAIL 4 = ICE PELLETS
TOTAL MONTH: M 5 = HAIL
GRTST 24HR M ON M 6 = FREEZING RAIN OR DRIZZLE
GRTST DEPTH: M ON M 7 = DUSTSTORM OR SANDSTORM:
VSBY 1/2 MILE OR LESS
8 = SMOKE OR HAZE
[NO. OF DAYS WITH] [WEATHER - DAYS WITH] 9 = BLOWING SNOW
X = TORNADO
MAX 32 OR BELOW: 0 0.01 INCH OR MORE: 8
MAX 90 OR ABOVE: 0 0.10 INCH OR MORE: 3
MIN 32 OR BELOW: 0 0.50 INCH OR MORE: 3
MIN 0 OR BELOW: 0 1.00 INCH OR MORE: 0
[HDD (BASE 65) ]
TOTAL THIS MO. 39 CLEAR (SCALE 0-3) 11
DPTR FM NORMAL 1 PTCLDY (SCALE 4-7) 16
TOTAL FM JUL 1 2387 CLOUDY (SCALE 8-10) 4
DPTR FM NORMAL -612
[CDD (BASE 65) ]
TOTAL THIS MO. 141
DPTR FM NORMAL -11 [PRESSURE DATA]
TOTAL FM JAN 1 218 HIGHEST SLP 30.29 ON 6
DPTR FM NORMAL 20 LOWEST SLP 29.66 ON 1
[REMARKS]
#FINAL-05-23#