000
CXUS54 KFWD 010730
CF6GVT
PRELIMINARY LOCAL CLIMATOLOGICAL DATA (WS FORM: F-6)
STATION: GREENVILLE
MONTH: MARCH
YEAR: 2023
LATITUDE: 33 4 N
LONGITUDE: 96 4 W
TEMPERATURE IN F: :PCPN: SNOW: WIND :SUNSHINE: SKY :PK WND
================================================================================
1 2 3 4 5 6A 6B 7 8 9 10 11 12 13 14 15 16 17 18
12Z AVG MX 2MIN
DY MAX MIN AVG DEP HDD CDD WTR SNW DPTH SPD SPD DIR MIN PSBL S-S WX SPD DR
================================================================================
1 76 59 68 15 0 3 0.01 M M 7.1 15 210 M M 5 1 21 210
2 79 54 67 14 0 2 0.41 M M 8.8 29 320 M M 4 18 49 320
3 62 41 52 -1 13 0 0.38 M M 10.5 18 300 M M 3 1 32 300
4 72 38 55 2 10 0 0.00 M M 5.8 14 210 M M 0 18 210
5 77 49 63 9 2 0 0.00 M M 11.4 22 200 M M 0 25 180
6 78 57 68 14 0 3 0.00 M M 10.6 20 200 M M 1 1 25 200
7 79 52 66 12 0 1 0.00 M M 4.6 10 170 M M 7 128 M M
8 67 54 61 7 4 0 0.18 M M 7.3 15 340 M M 10 1 30 330
9 73 55 64 9 1 0 0.80 M M 8.7 15 360 M M 10 18 24 360
10 64 45 55 0 10 0 0.00 M M 8.3 14 10 M M 5 8 22 20
11 81 57 69 14 0 4 0.00 M M 12.9 20 200 M M 7 1 30 200
12 67 49 58 2 7 0 M M M 14.2 22 360 M M 4 33 360
13 58 42 50 -6 15 0 0.00 M M 10.1 14 360 M M 3 21 50
14 61 39 50 -6 15 0 M M M 6.4 10 140 M M 2 8 M M
15 67 37 52 -4 13 0 0.00 M M 11.4 20 150 M M 4 28 160
16 68 43 56 -1 9 0 0.03 M M 17.5 24 330 M M 10 1 33 330
17 53 38 46 -11 19 0 0.00 M M 15.6 23 360 M M 2 32 350
18 52 33 43 -14 22 0 0.00 M M 8.3 20 340 M M 0 25 360
19 51 29 40 -17 25 0 0.00 M M 6.2 12 360 M M 0 M M
20 58 29 44 -14 21 0 0.00 M M 12.4 17 160 M M 6 26 160
21 64 49 57 -1 8 0 0.09 M M 11.5 16 170 M M 10 1 23 170
22 79 64 72 14 0 7 0.00 M M 15.4 22 180 M M 7 32 190
23 82 66 74 16 0 9 0.00 M M 13.0 21 200 M M 9 28 190
24 74 52 63 4 2 0 0.15 M M 8.7 16 180 M M 7 1 23 180
25 74 43 59 0 6 0 0.00 M M 6.7 15 260 M M 0 1 22 260
26 78 41 60 1 5 0 0.00 M M 5.5 18 10 M M 0 24 10
27 69 43 56 -3 9 0 0.01 M M 7.0 15 360 M M 4 8 22 360
28 64 46 55 -5 10 0 0.00 M M 11.2 18 350 M M 0 26 350
29 64 43 54 -6 11 0 0.00 M M 7.1 15 180 M M 5 20 150
30 72 56 64 4 1 0 0.00 M M 12.8 25 150 M M 9 33 150
31 82 51 67 7 0 2 0.08 M M 15.6 23 180 M M 7 1 36 210
================================================================================
SM 2145 1454 238 31 2.14 M 312.5 M 141
================================================================================
AV 69.2 46.9 10.1 FASTST M M 5 MAX(MPH)
MISC ----> 29 320 49 320
================================================================================
NOTES:
# LAST OF SEVERAL OCCURRENCES
COLUMN 17 PEAK WIND IN M.P.H.
PRELIMINARY LOCAL CLIMATOLOGICAL DATA (WS FORM: F-6) , PAGE 2
STATION: GREENVILLE
MONTH: MARCH
YEAR: 2023
LATITUDE: 33 4 N
LONGITUDE: 96 4 W
[TEMPERATURE DATA] [PRECIPITATION DATA] SYMBOLS USED IN COLUMN 16
AVERAGE MONTHLY: 58.0 TOTAL FOR MONTH: 2.14 1 = FOG OR MIST
DPTR FM NORMAL: 1.5 DPTR FM NORMAL: -2.08 2 = FOG REDUCING VISIBILITY
HIGHEST: 82 ON 31,23 GRTST 24HR 0.80 ON 9- 9 TO 1/4 MILE OR LESS
LOWEST: 29 ON 20,19 3 = THUNDER
SNOW, ICE PELLETS, HAIL 4 = ICE PELLETS
TOTAL MONTH: M 5 = HAIL
GRTST 24HR M ON M 6 = FREEZING RAIN OR DRIZZLE
GRTST DEPTH: M ON M 7 = DUSTSTORM OR SANDSTORM:
VSBY 1/2 MILE OR LESS
8 = SMOKE OR HAZE
[NO. OF DAYS WITH] [WEATHER - DAYS WITH] 9 = BLOWING SNOW
X = TORNADO
MAX 32 OR BELOW: 0 0.01 INCH OR MORE: 10
MAX 90 OR ABOVE: 0 0.10 INCH OR MORE: 5
MIN 32 OR BELOW: 2 0.50 INCH OR MORE: 1
MIN 0 OR BELOW: 0 1.00 INCH OR MORE: 0
[HDD (BASE 65) ]
TOTAL THIS MO. 238 CLEAR (SCALE 0-3) 11
DPTR FM NORMAL -49 PTCLDY (SCALE 4-7) 14
TOTAL FM JUL 1 2102 CLOUDY (SCALE 8-10) 6
DPTR FM NORMAL -192
[CDD (BASE 65) ]
TOTAL THIS MO. 31
DPTR FM NORMAL 6 [PRESSURE DATA]
TOTAL FM JAN 1 47 HIGHEST SLP M ON M
DPTR FM NORMAL 14 LOWEST SLP M ON M
[REMARKS]
#FINAL-03-23#