000
CXUS54 KFWD 010141
CF6GVT
PRELIMINARY LOCAL CLIMATOLOGICAL DATA (WS FORM: F-6)
STATION: GREENVILLE
MONTH: DECEMBER
YEAR: 2020
LATITUDE: 33 4 N
LONGITUDE: 96 4 W
TEMPERATURE IN F: :PCPN: SNOW: WIND :SUNSHINE: SKY :PK WND
================================================================================
1 2 3 4 5 6A 6B 7 8 9 10 11 12 13 14 15 16 17 18
12Z AVG MX 2MIN
DY MAX MIN AVG DEP HDD CDD WTR SNW DPTH SPD SPD DIR MIN PSBL S-S WX SPD DR
================================================================================
1 59 27 43 -7 22 0 0.00 M M 7.7 22 180 M M 0 28 180
2 52 41 47 -3 18 0 0.22 M M 6.3 12 300 M M 9 1 18 300
3 50 37 44 -6 21 0 0.00 M M 5.8 12 310 M M 9 16 310
4 55 34 45 -4 20 0 0.00 M M 3.8 10 290 M M 2 16 290
5 64 32 48 -1 17 0 0.00 M M 0.9 6 230 M M 1 1 M M
6 63 45 54 6 11 0 M M M 5.2 12 350 M M 5 20 330
7 63 39 51 3 14 0 0.00 M M 3.4 9 310 M M 0 M M
8 73 36 55 7 10 0 0.00 M M 1.6 7 260 M M 0 M M
9 81 32 57 9 8 0 0.00 M M 1.5 7 210 M M 0 M M
10 79 41 60 13 5 0 0.00 M M 6.4 15 170 M M 0 23 170
11 66 48 57 10 8 0 0.11 M M 7.1 12 170 M M 6 8 17 280
12 55 41 48 1 17 0 0.00 M M 2.3 9 340 M M 1 M M
13 43 37 40 -7 25 0 0.88 M M 10.6 20 330 M M 10 25 320
14 52 32 42 -4 23 0 0.00 M M 5.8 16 340 M M 2 20 340
15 41 34 38 -8 27 0 0.03 M M 4.8 10 110 M M 9 18 17 90
16 45 30 38 -8 27 0 0.00 M M 5.8 10 310 M M 7 8 18 340
17 61 28 45 -1 20 0 0.00 M M 2.3 7 160 M M 0 M M
18 64 36 50 4 15 0 0.00 M M 10.0 17 170 M M 4 23 170
19 59 41 50 4 15 0 0.10 M M 2.4 12 350 M M 10 128 M M
20 64 34 49 3 16 0 0.00 M M 2.2 9 270 M M 3 12 16 250
21 73 34 54 9 11 0 0.00 M M 2.6 12 220 M M 0 16 220
22 72 37 55 10 10 0 0.00 M M 7.4 18 170 M M 2 18 25 170
23 73 37 55 10 10 0 0.00 M M 16.9 28 330 M M 5 38 330
24 54 32 43 -2 22 0 0.00 M M 10.1 20 260 M M 0 29 270
25 59 32 46 1 19 0 0.00 M M 1.5 5 160 M M 1 8 M M
26 70 34 52 7 13 0 0.00 M M 7.5 16 200 M M 0 8 24 200
27 73 43 58 13 7 0 0.00 M M 11.6 25 200 M M 0 33 200
28 66 45 56 11 9 0 0.01 M M 4.7 12 50 M M 5 17 50
29 73 57 65 20 0 0 M M M 11.6 16 150 M M 9 23 140
30 63 41 52 7 13 0 0.91 M M 10.4 20 360 M M 10 8 29 10
31 45 41 43 -2 22 0 2.77 M M 10.0 16 40 M M 10 1 22 30
================================================================================
SM 1910 1158 475 0 5.03 M 190.4 M 120
================================================================================
AV 61.6 37.4 6.1 FASTST M M 4 MAX(MPH)
MISC ----> 28 330 38 330
================================================================================
NOTES:
# LAST OF SEVERAL OCCURRENCES
COLUMN 17 PEAK WIND IN M.P.H.
PRELIMINARY LOCAL CLIMATOLOGICAL DATA (WS FORM: F-6) , PAGE 2
STATION: GREENVILLE
MONTH: DECEMBER
YEAR: 2020
LATITUDE: 33 4 N
LONGITUDE: 96 4 W
[TEMPERATURE DATA] [PRECIPITATION DATA] SYMBOLS USED IN COLUMN 16
AVERAGE MONTHLY: 49.5 TOTAL FOR MONTH: 5.03 1 = FOG OR MIST
DPTR FM NORMAL: 2.9 DPTR FM NORMAL: 1.45 2 = FOG REDUCING VISIBILITY
HIGHEST: 81 ON 9 GRTST 24HR 2.77 ON 31-31 TO 1/4 MILE OR LESS
LOWEST: 27 ON 1 3 = THUNDER
SNOW, ICE PELLETS, HAIL 4 = ICE PELLETS
TOTAL MONTH: M 5 = HAIL
GRTST 24HR M ON M 6 = FREEZING RAIN OR DRIZZLE
GRTST DEPTH: M ON M 7 = DUSTSTORM OR SANDSTORM:
VSBY 1/2 MILE OR LESS
8 = SMOKE OR HAZE
[NO. OF DAYS WITH] [WEATHER - DAYS WITH] 9 = BLOWING SNOW
X = TORNADO
MAX 32 OR BELOW: 0 0.01 INCH OR MORE: 8
MAX 90 OR ABOVE: 0 0.10 INCH OR MORE: 5
MIN 32 OR BELOW: 8 0.50 INCH OR MORE: 3
MIN 0 OR BELOW: 0 1.00 INCH OR MORE: 1
[HDD (BASE 65) ]
TOTAL THIS MO. 475 CLEAR (SCALE 0-3) 17
DPTR FM NORMAL -100 PTCLDY (SCALE 4-7) 6
TOTAL FM JUL 1 777 CLOUDY (SCALE 8-10) 8
DPTR FM NORMAL -165
[CDD (BASE 65) ]
TOTAL THIS MO. 0
DPTR FM NORMAL -5 [PRESSURE DATA]
TOTAL FM JAN 1 2705 HIGHEST SLP M ON M
DPTR FM NORMAL 58 LOWEST SLP M ON M
[REMARKS]
#FINAL-12-20#