000
CXUS54 KEWX 011010
CF6GYB
PRELIMINARY LOCAL CLIMATOLOGICAL DATA (WS FORM: F-6)
STATION: GIDDINGS-LEE COUNTY AIRPORT
MONTH: OCTOBER
YEAR: 2021
LATITUDE: 30 10 N
LONGITUDE: 96 59 W
TEMPERATURE IN F: :PCPN: SNOW: WIND :SUNSHINE: SKY :PK WND
================================================================================
1 2 3 4 5 6A 6B 7 8 9 10 11 12 13 14 15 16 17 18
12Z AVG MX 2MIN
DY MAX MIN AVG DEP HDD CDD WTR SNW DPTH SPD SPD DIR MIN PSBL S-S WX SPD DR
================================================================================
1 84 68 76 M 0 11 0.81 M M 2.8 10 300 M M 5 16 300
2 85 70 78 M 0 13 0.00 M M 0.6 5 80 M M 5 12 M M
3 89 70 80 M 0 15 0.00 M M 2.2 8 10 M M 2 1 M M
4 87 63 75 M 0 10 0.00 M M 3.6 10 20 M M 0 20 20
5 87 60 74 M 0 9 0.00 M M 3.6 12 340 M M 0 23 340
6 86 57 72 M 0 7 0.00 M M 0.7 4 90 M M 1 M M
7 87 59 73 M 0 8 0.00 M M 1.9 7 220 M M 0 M M
8 88 62 75 M 0 10 0.00 M M 2.6 8 220 M M 0 1 M M
9 87 59 73 M 0 8 0.00 M M 4.1 10 210 M M 1 12 16 190
10 90 69 80 M 0 15 0.00 M M 10.3 18 180 M M 6 1 26 190
11 83 64 74 M 0 9 0.06 M M 2.3 10 300 M M 5 25 220
12 87 68 78 M 0 13 0.13 M M 4.4 14 160 M M 6 1 25 170
13 89 71 80 M 0 15 0.10 M M 8.8 14 170 M M 6 21 180
14 80 70 75 M 0 10 2.39 M M 4.9 12 120 M M 8 1 23 130
15 88 65 77 M 0 12 0.00 M M 5.1 14 360 M M 3 1 23 10
16 72 53 63 M 2 0 0.00 M M 7.5 16 340 M M 0 21 50
17 73 49 61 M 4 0 0.00 M M 1.2 5 10 M M 0 8 M M
18 76 47 62 M 3 0 0.00 M M 2.5 9 130 M M 0 M M
19 82 55 69 M 0 4 0.00 M M 4.4 10 180 M M 0 17 190
20 84 60 72 M 0 7 0.00 M M 0.3 4 110 M M 2 1 M M
21 85 62 74 M 0 9 0.00 M M 0.5 5 80 M M 1 18 M M
22 85 64 75 M 0 10 0.00 M M 2.1 7 130 M M 3 M M
23 86 68 77 M 0 12 0.01 M M 5.9 14 170 M M 5 1 21 170
24 85 67 76 M 0 11 0.00 M M 3.3 10 220 M M 6 18 16 220
25 84 70 77 M 0 12 0.00 M M 3.1 8 220 M M 6 18 M M
26 87 72 80 M 0 15 0.00 M M 7.8 14 170 M M 7 1 23 170
27 79 59 69 M 0 4 0.59 M M 10.3 22 290 M M 3 33 290
28 77 57 67 M 0 2 0.00 M M 12.6 30 320 M M 0 46 330
29 73 55 64 M 1 0 0.00 M M 10.7 23 340 M M 0 32 340
30 78 46 62 M 3 0 0.00 M M 2.8 6 230 M M 0 M M
31 81 46 64 M 1 0 0.00 M M 2.1 8 120 M M 0 M M
================================================================================
SM 2584 1905 14 251 4.09 M 135.0 M 81
================================================================================
AV 83.4 61.5 4.4 FASTST M M 3 MAX(MPH)
MISC ----> 30 320 46 330
================================================================================
NOTES:
# LAST OF SEVERAL OCCURRENCES
COLUMN 17 PEAK WIND IN M.P.H.
PRELIMINARY LOCAL CLIMATOLOGICAL DATA (WS FORM: F-6) , PAGE 2
STATION: GIDDINGS-LEE COUNTY AIRPORT
MONTH: OCTOBER
YEAR: 2021
LATITUDE: 30 10 N
LONGITUDE: 96 59 W
[TEMPERATURE DATA] [PRECIPITATION DATA] SYMBOLS USED IN COLUMN 16
AVERAGE MONTHLY: 72.4 TOTAL FOR MONTH: 4.09 1 = FOG OR MIST
DPTR FM NORMAL: 0.0 DPTR FM NORMAL: M 2 = FOG REDUCING VISIBILITY
HIGHEST: 90 ON 10 GRTST 24HR 2.39 ON 14-14 TO 1/4 MILE OR LESS
LOWEST: 46 ON 31,30 3 = THUNDER
SNOW, ICE PELLETS, HAIL 4 = ICE PELLETS
TOTAL MONTH: M 5 = HAIL
GRTST 24HR M ON M 6 = FREEZING RAIN OR DRIZZLE
GRTST DEPTH: M ON M 7 = DUSTSTORM OR SANDSTORM:
VSBY 1/2 MILE OR LESS
8 = SMOKE OR HAZE
[NO. OF DAYS WITH] [WEATHER - DAYS WITH] 9 = BLOWING SNOW
X = TORNADO
MAX 32 OR BELOW: 0 0.01 INCH OR MORE: 7
MAX 90 OR ABOVE: 1 0.10 INCH OR MORE: 5
MIN 32 OR BELOW: 0 0.50 INCH OR MORE: 3
MIN 0 OR BELOW: 0 1.00 INCH OR MORE: 1
[HDD (BASE 65) ]
TOTAL THIS MO. 14 CLEAR (SCALE 0-3) 18
DPTR FM NORMAL M PTCLDY (SCALE 4-7) 13
TOTAL FM JUL 1 14 CLOUDY (SCALE 8-10) 0
DPTR FM NORMAL M
[CDD (BASE 65) ]
TOTAL THIS MO. 251
DPTR FM NORMAL M [PRESSURE DATA]
TOTAL FM JAN 1 2662 HIGHEST SLP M ON M
DPTR FM NORMAL M LOWEST SLP M ON M
[REMARKS]
#FINAL-10-21#