000
CXUS54 KEWX 011110
CF6HDO
PRELIMINARY LOCAL CLIMATOLOGICAL DATA (WS FORM: F-6)
STATION: HONDO
MONTH: FEBRUARY
YEAR: 2021
LATITUDE: 29 21 N
LONGITUDE: 99 10 W
TEMPERATURE IN F: :PCPN: SNOW: WIND :SUNSHINE: SKY :PK WND
================================================================================
1 2 3 4 5 6A 6B 7 8 9 10 11 12 13 14 15 16 17 18
12Z AVG MX 2MIN
DY MAX MIN AVG DEP HDD CDD WTR SNW DPTH SPD SPD DIR MIN PSBL S-S WX SPD DR
================================================================================
1 70 37 54 2 11 0 0.00 M M 6.7 14 20 M M 0 18 20
2 70 32 51 -2 14 0 0.00 M M 6.2 14 170 M M 0 21 200
3 77 38 58 5 7 0 0.00 M M 7.8 17 190 M M 0 22 170
4 86 46 66 13 0 1 0.00 M M 5.9 24 30 M M 4 12 31 40
5 64 43 54 1 11 0 0.00 M M 9.3 17 60 M M 4 24 50
6 79 40 60 7 5 0 0.00 M M 10.0 25 320 M M 4 18 36 320
7 74 32 53 0 12 0 0.00 M M 8.0 18 200 M M 0 27 230
8 75 50 63 9 2 0 0.00 M M 5.5 12 210 M M 4 16 210
9 80 56 68 14 0 3 0.00 M M 7.2 16 100 M M 6 128 24 110
10 61 43 52 -2 13 0 T M M 11.6 22 30 M M 10 18 28 30
11 43 35 39 -15 26 0 0.53 M M 12.8 24 40 M M 10 13 31 40
12 39 32 36 -18 29 0 0.00 M M 11.9 23 10 M M 10 18 29 40
13 33 30 32 -22 33 0 T M M 10.8 17 30 M M 10 168 22 30
14 30 13 22 -33 43 0 0.01 M M 15.8 28 20 M M 10 168 35 30
15 31 6 19 -36 46 0 T M M 13.0 22 350 M M 5 8 28 350
16 29 19 24 -31 41 0 T M M 8.9 14 30 M M 10 16 16 100
17 50 19 35 -20 30 0 T M M 8.4 21 40 M M 9 18 28 40
18 34 25 30 -26 35 0 0.02 M M 12.0 20 10 M M 10 18 25 10
19 45 11 28 -28 37 0 0.00 M M 3.9 10 240 M M 1 15 220
20 62 23 43 -13 22 0 0.00 M M 8.3 18 170 M M 0 23 130
21 75 38 57 1 8 0 0.00 M M 5.4 20 190 M M 2 12 26 200
22 75 38 57 1 8 0 0.00 M M 6.9 16 50 M M 1 21 40
23 80 39 60 3 5 0 0.00 M M 9.4 21 190 M M 0 27 180
24 79 58 69 12 0 4 0.00 M M 4.9 13 130 M M 5 16 130
25 69 59 64 7 1 0 T M M 11.7 20 70 M M 9 18 24 80
26 64 50 57 0 8 0 0.01 M M 8.5 18 10 M M 10 1 22 20
27 80 60 70 12 0 5 0.01 M M 10.1 21 150 M M 10 18 27 150
28 76 65 71 13 0 6 T M M 7.4 17 50 M M 8 18 22 50
================================================================================
SM 1730 1037 447 19 0.58 M 248.3 M 152
================================================================================
AV 61.8 37.0 8.9 FASTST M M 5 MAX(MPH)
MISC ----> 28 20 36 320
================================================================================
NOTES:
# LAST OF SEVERAL OCCURRENCES
COLUMN 17 PEAK WIND IN M.P.H.
PRELIMINARY LOCAL CLIMATOLOGICAL DATA (WS FORM: F-6) , PAGE 2
STATION: HONDO
MONTH: FEBRUARY
YEAR: 2021
LATITUDE: 29 21 N
LONGITUDE: 99 10 W
[TEMPERATURE DATA] [PRECIPITATION DATA] SYMBOLS USED IN COLUMN 16
AVERAGE MONTHLY: 49.4 TOTAL FOR MONTH: 0.58 1 = FOG OR MIST
DPTR FM NORMAL: -5.5 DPTR FM NORMAL: -0.91 2 = FOG REDUCING VISIBILITY
HIGHEST: 86 ON 4 GRTST 24HR 0.53 ON 11-11 TO 1/4 MILE OR LESS
LOWEST: 6 ON 15 3 = THUNDER
SNOW, ICE PELLETS, HAIL 4 = ICE PELLETS
TOTAL MONTH: M 5 = HAIL
GRTST 24HR M ON M 6 = FREEZING RAIN OR DRIZZLE
GRTST DEPTH: M ON M 7 = DUSTSTORM OR SANDSTORM:
VSBY 1/2 MILE OR LESS
8 = SMOKE OR HAZE
[NO. OF DAYS WITH] [WEATHER - DAYS WITH] 9 = BLOWING SNOW
X = TORNADO
MAX 32 OR BELOW: 3 0.01 INCH OR MORE: 5
MAX 90 OR ABOVE: 0 0.10 INCH OR MORE: 1
MIN 32 OR BELOW: 11 0.50 INCH OR MORE: 1
MIN 0 OR BELOW: 0 1.00 INCH OR MORE: 0
[HDD (BASE 65) ]
TOTAL THIS MO. 447 CLEAR (SCALE 0-3) 9
DPTR FM NORMAL 150 PTCLDY (SCALE 4-7) 8
TOTAL FM JUL 1 1299 CLOUDY (SCALE 8-10) 11
DPTR FM NORMAL -77
[CDD (BASE 65) ]
TOTAL THIS MO. 19
DPTR FM NORMAL 5 [PRESSURE DATA]
TOTAL FM JAN 1 19 HIGHEST SLP 30.59 ON 19
DPTR FM NORMAL 4 LOWEST SLP 29.70 ON 4
[REMARKS]
#FINAL-02-21#