000
CXUS54 KHGX 011410
CF6HGX
PRELIMINARY LOCAL CLIMATOLOGICAL DATA (WS FORM: F-6)
STATION: DICKINSON WFO
MONTH: JUNE
YEAR: 2023
LATITUDE: 29 28 N
LONGITUDE: 95 5 W
TEMPERATURE IN F: :PCPN: SNOW: WIND :SUNSHINE: SKY :PK WND
================================================================================
1 2 3 4 5 6A 6B 7 8 9 10 11 12 13 14 15 16 17 18
12Z AVG MX 2MIN
DY MAX MIN AVG DEP HDD CDD WTR SNW DPTH SPD SPD DIR MIN PSBL S-S WX SPD DR
================================================================================
1 87 69 78 -3 0 13 0.00 0.0 0 M M M M M M M M
2 89 69 79 -2 0 14 0.00 0.0 0 M M M M M M M M
3 92 72 82 1 0 17 0.00 0.0 0 M M M M M M M M
4 86 66 76 -5 0 11 0.62 0.0 0 M M M M M M 3 M M
5 86 66 76 -5 0 11 0.00 0.0 0 M M M M M M 13 M M
6 83 68 76 -6 0 11 1.04 0.0 0 M M M M M M 13 M M
7 88 68 78 -4 0 13 0.01 0.0 0 M M M M M M 13 M M
8 91 67 79 -3 0 14 1.16 0.0 0 M M M M M M 13 M M
9 92 66 79 -3 0 14 0.00 0.0 0 M M M M M M M M
10 92 69 81 -1 0 16 0.03 0.0 0 M M M M M M 3 M M
11 93 74 84 2 0 19 0.00 0.0 0 M M M M M M M M
12 91 76 84 2 0 19 0.00 0.0 0 M M M M M M M M
13 91 76 84 2 0 19 0.00 0.0 0 M M M M M M M M
14 90 78 84 2 0 19 0.00 0.0 0 M M M M M M M M
15 93 78 86 4 0 21 0.00 0.0 0 M M M M M M M M
16 91 81 86 3 0 21 0.00 0.0 0 M M M M M M M M
17 94 80 87 4 0 22 0.00 0.0 0 M M M M M M M M
18 96 80 88 5 0 23 0.00 0.0 0 M M M M M M M M
19 94 80 87 4 0 22 0.00 0.0 0 M M M M M M M M
20 96 82 89 6 0 24 0.00 0.0 0 M M M M M M M M
21 97 72 85 2 0 20 0.23 0.0 0 M M M M M M 3 M M
22 96 76 86 3 0 21 0.00 0.0 0 M M M M M M M M
23 95 80 88 5 0 23 0.00 0.0 0 M M M M M M M M
24 94 79 87 4 0 22 0.00 0.0 0 M M M M M M M M
25 93 81 87 4 0 22 0.00 0.0 0 M M M M M M M M
26 93 80 87 4 0 22 0.00 0.0 0 M M M M M M M M
27 96 80 88 5 0 23 0.00 0.0 0 M M M M M M M M
28 95 79 87 4 0 22 0.00 0.0 0 M M M M M M M M
29 95 79 87 4 0 22 0.00 0.0 0 M M M M M M M M
30 95 80 88 5 0 23 0.00 0.0 0 M M M M M M M M
================================================================================
SM 2764 2251 0 563 3.09 0.0 M M M
================================================================================
AV 92.1 75.0 M FASTST M M M MAX(MPH)
MISC ----> M M M M
================================================================================
NOTES:
# LAST OF SEVERAL OCCURRENCES
COLUMN 17 PEAK WIND IN M.P.H.
PRELIMINARY LOCAL CLIMATOLOGICAL DATA (WS FORM: F-6) , PAGE 2
STATION: DICKINSON WFO
MONTH: JUNE
YEAR: 2023
LATITUDE: 29 28 N
LONGITUDE: 95 5 W
[TEMPERATURE DATA] [PRECIPITATION DATA] SYMBOLS USED IN COLUMN 16
AVERAGE MONTHLY: 83.6 TOTAL FOR MONTH: 3.09 1 = FOG OR MIST
DPTR FM NORMAL: 1.2 DPTR FM NORMAL: -3.45 2 = FOG REDUCING VISIBILITY
HIGHEST: 97 ON 21 GRTST 24HR 1.16 ON 8- 8 TO 1/4 MILE OR LESS
LOWEST: 66 ON 9, 5 3 = THUNDER
SNOW, ICE PELLETS, HAIL 4 = ICE PELLETS
TOTAL MONTH: 0.0 INCH 5 = HAIL
GRTST 24HR 0.0 6 = FREEZING RAIN OR DRIZZLE
GRTST DEPTH: 0 7 = DUSTSTORM OR SANDSTORM:
VSBY 1/2 MILE OR LESS
8 = SMOKE OR HAZE
[NO. OF DAYS WITH] [WEATHER - DAYS WITH] 9 = BLOWING SNOW
X = TORNADO
MAX 32 OR BELOW: 0 0.01 INCH OR MORE: 6
MAX 90 OR ABOVE: 24 0.10 INCH OR MORE: 4
MIN 32 OR BELOW: 0 0.50 INCH OR MORE: 3
MIN 0 OR BELOW: 0 1.00 INCH OR MORE: 2
[HDD (BASE 65) ]
TOTAL THIS MO. 0 CLEAR (SCALE 0-3) 0
DPTR FM NORMAL 0 PTCLDY (SCALE 4-7) 0
TOTAL FM JUL 1 1021 CLOUDY (SCALE 8-10) 30
DPTR FM NORMAL -125
[CDD (BASE 65) ]
TOTAL THIS MO. 563
DPTR FM NORMAL 43 [PRESSURE DATA]
TOTAL FM JAN 1 1396 HIGHEST SLP M ON M
DPTR FM NORMAL 186 LOWEST SLP M ON M
[REMARKS]
#FINAL-06-23#