000
CXUS54 KHGX 011510
CF6HGX
PRELIMINARY LOCAL CLIMATOLOGICAL DATA (WS FORM: F-6)
STATION: DICKINSON WFO
MONTH: DECEMBER
YEAR: 2022
LATITUDE: 29 28 N
LONGITUDE: 95 5 W
TEMPERATURE IN F: :PCPN: SNOW: WIND :SUNSHINE: SKY :PK WND
================================================================================
1 2 3 4 5 6A 6B 7 8 9 10 11 12 13 14 15 16 17 18
12Z AVG MX 2MIN
DY MAX MIN AVG DEP HDD CDD WTR SNW DPTH SPD SPD DIR MIN PSBL S-S WX SPD DR
================================================================================
1 57 45 51 -8 14 0 0.00 0.0 0 M M M M M M M M
2 77 56 67 8 0 2 0.00 0.0 0 M M M M M M M M
3 82 65 74 15 0 9 0.00 0.0 0 M M M M M M 1 M M
4 68 60 64 6 1 0 0.00 0.0 0 M M M M M M 1 M M
5 80 65 73 15 0 8 0.00 0.0 0 M M M M M M M M
6 80 65 73 15 0 8 0.01 0.0 0 M M M M M M 1 M M
7 82 69 76 18 0 11 T 0.0 0 M M M M M M M M
8 81 70 76 18 0 11 0.00 0.0 0 M M M M M M M M
9 82 68 75 17 0 10 0.00 0.0 0 M M M M M M M M
10 81 61 71 14 0 6 0.00 0.0 0 M M M M M M M M
11 75 64 70 13 0 5 0.53 0.0 0 M M M M M M M M
12 69 64 67 10 0 2 T 0.0 0 M M M M M M M M
13 80 69 75 18 0 10 0.00 0.0 0 M M M M M M M M
14 73 51 62 5 3 0 1.32 0.0 0 M M M M M M 3 M M
15 64 42 53 -4 12 0 0.00 0.0 0 M M M M M M M M
16 68 43 56 0 9 0 0.10 0.0 0 M M M M M M M M
17 55 40 48 -8 17 0 0.00 0.0 0 M M M M M M M M
18 54 39 47 -9 18 0 T 0.0 0 M M M M M M M M
19 52 44 48 -8 17 0 0.29 0.0 0 M M M M M M 13 M M
20 60 47 54 -2 11 0 0.06 0.0 0 M M M M M M M M
21 54 40 47 -9 18 0 0.00 0.0 0 M M M M M M 1 M M
22 66 22 44 -12 21 0 T 0.0 0 M M M M M M M M
23 34 16 25 -31 40 0 0.00 0.0 0 M M M M M M M M
24 42 22 32 -23 33 0 0.00 0.0 0 M M M M M M M M
25 49 25 37 -18 28 0 0.00 0.0 0 M M M M M M M M
26 61 29 45 -10 20 0 0.00 0.0 0 M M M M M M M M
27 56 35 46 -9 19 0 0.00 0.0 0 M M M M M M M M
28 74 36 55 0 10 0 0.01 0.0 0 M M M M M M 1 M M
29 78 63 71 16 0 6 2.64 0.0 0 M M M M M M 138 M M
30 72 57 65 10 0 0 1.79 0.0 0 M M M M M M 138 M M
31 75 53 64 9 1 0 0.00 0.0 0 M M M M M M M M
================================================================================
SM 2081 1525 292 88 6.75 0.0 M M M
================================================================================
AV 67.1 49.2 M FASTST M M M MAX(MPH)
MISC ----> M M M M
================================================================================
NOTES:
# LAST OF SEVERAL OCCURRENCES
COLUMN 17 PEAK WIND IN M.P.H.
PRELIMINARY LOCAL CLIMATOLOGICAL DATA (WS FORM: F-6) , PAGE 2
STATION: DICKINSON WFO
MONTH: DECEMBER
YEAR: 2022
LATITUDE: 29 28 N
LONGITUDE: 95 5 W
[TEMPERATURE DATA] [PRECIPITATION DATA] SYMBOLS USED IN COLUMN 16
AVERAGE MONTHLY: 58.2 TOTAL FOR MONTH: 6.75 1 = FOG OR MIST
DPTR FM NORMAL: 1.6 DPTR FM NORMAL: 2.22 2 = FOG REDUCING VISIBILITY
HIGHEST: 82 ON 9, 7 GRTST 24HR 2.64 ON 29-29 TO 1/4 MILE OR LESS
LOWEST: 16 ON 23 3 = THUNDER
SNOW, ICE PELLETS, HAIL 4 = ICE PELLETS
TOTAL MONTH: 0.0 INCH 5 = HAIL
GRTST 24HR 0.0 6 = FREEZING RAIN OR DRIZZLE
GRTST DEPTH: 0 7 = DUSTSTORM OR SANDSTORM:
VSBY 1/2 MILE OR LESS
8 = SMOKE OR HAZE
[NO. OF DAYS WITH] [WEATHER - DAYS WITH] 9 = BLOWING SNOW
X = TORNADO
MAX 32 OR BELOW: 0 0.01 INCH OR MORE: 9
MAX 90 OR ABOVE: 0 0.10 INCH OR MORE: 6
MIN 32 OR BELOW: 5 0.50 INCH OR MORE: 4
MIN 0 OR BELOW: 0 1.00 INCH OR MORE: 3
[HDD (BASE 65) ]
TOTAL THIS MO. 292 CLEAR (SCALE 0-3) 0
DPTR FM NORMAL -2 PTCLDY (SCALE 4-7) 0
TOTAL FM JUL 1 529 CLOUDY (SCALE 8-10) 31
DPTR FM NORMAL 71
[CDD (BASE 65) ]
TOTAL THIS MO. 88
DPTR FM NORMAL 54 [PRESSURE DATA]
TOTAL FM JAN 1 3444 HIGHEST SLP M ON M
DPTR FM NORMAL 244 LOWEST SLP M ON M
[REMARKS]
#FINAL-12-22#