000
CXUS54 KHGX 011510
CF6HGX
PRELIMINARY LOCAL CLIMATOLOGICAL DATA (WS FORM: F-6)
STATION: DICKINSON WFO
MONTH: NOVEMBER
YEAR: 2022
LATITUDE: 29 28 N
LONGITUDE: 95 5 W
TEMPERATURE IN F: :PCPN: SNOW: WIND :SUNSHINE: SKY :PK WND
================================================================================
1 2 3 4 5 6A 6B 7 8 9 10 11 12 13 14 15 16 17 18
12Z AVG MX 2MIN
DY MAX MIN AVG DEP HDD CDD WTR SNW DPTH SPD SPD DIR MIN PSBL S-S WX SPD DR
================================================================================
1 67 61 64 -3 1 0 1.16 0.0 0 M M M M M M M M
2 76 62 69 2 0 4 0.00 0.0 0 M M M M M M M M
3 83 70 77 11 0 12 0.00 0.0 0 M M M M M M M M
4 83 72 78 12 0 13 0.01 0.0 0 M M M M M M M M
5 78 59 69 3 0 4 0.26 0.0 0 M M M M M M M M
6 85 61 73 7 0 8 T 0.0 0 M M M M M M M M
7 82 67 75 10 0 10 0.00 0.0 0 M M M M M M M M
8 83 66 75 10 0 10 0.00 0.0 0 M M M M M M M M
9 83 65 74 9 0 9 0.00 0.0 0 M M M M M M M M
10 81 64 73 9 0 8 0.00 0.0 0 M M M M M M 1 M M
11 82 49 66 2 0 1 0.29 0.0 0 M M M M M M 3 M M
12 61 44 53 -11 12 0 0.00 0.0 0 M M M M M M M M
13 57 41 49 -15 16 0 0.00 0.0 0 M M M M M M M M
14 66 48 57 -6 8 0 0.70 0.0 0 M M M M M M 13 M M
15 55 43 49 -14 16 0 0.00 0.0 0 M M M M M M M M
16 50 40 45 -18 20 0 0.00 0.0 0 M M M M M M M M
17 57 41 49 -13 16 0 0.00 0.0 0 M M M M M M M M
18 55 43 49 -13 16 0 0.06 0.0 0 M M M M M M M M
19 49 43 46 -16 19 0 1.17 0.0 0 M M M M M M M M
20 53 41 47 -15 18 0 T 0.0 0 M M M M M M M M
21 49 43 46 -15 19 0 0.80 0.0 0 M M M M M M M M
22 56 44 50 -11 15 0 0.71 0.0 0 M M M M M M M M
23 68 44 56 -5 9 0 0.00 0.0 0 M M M M M M M M
24 68 61 65 4 0 0 1.05 0.0 0 M M M M M M 1238 M M
25 62 58 60 0 5 0 2.37 0.0 0 M M M M M M M M
26 67 52 60 0 5 0 1.16 0.0 0 M M M M M M 3 M M
27 76 49 63 3 2 0 0.00 0.0 0 M M M M M M M M
28 73 47 60 0 5 0 0.00 0.0 0 M M M M M M M M
29 79 68 74 14 0 9 0.04 0.0 0 M M M M M M 1 M M
30 73 50 62 3 3 0 0.00 0.0 0 M M M M M M M M
================================================================================
SM 2057 1596 205 88 9.78 0.0 M M M
================================================================================
AV 68.6 53.2 M FASTST M M M MAX(MPH)
MISC ----> M M M M
================================================================================
NOTES:
# LAST OF SEVERAL OCCURRENCES
COLUMN 17 PEAK WIND IN M.P.H.
PRELIMINARY LOCAL CLIMATOLOGICAL DATA (WS FORM: F-6) , PAGE 2
STATION: DICKINSON WFO
MONTH: NOVEMBER
YEAR: 2022
LATITUDE: 29 28 N
LONGITUDE: 95 5 W
[TEMPERATURE DATA] [PRECIPITATION DATA] SYMBOLS USED IN COLUMN 16
AVERAGE MONTHLY: 60.9 TOTAL FOR MONTH: 9.78 1 = FOG OR MIST
DPTR FM NORMAL: -2.0 DPTR FM NORMAL: 5.24 2 = FOG REDUCING VISIBILITY
HIGHEST: 85 ON 6 GRTST 24HR 2.37 ON 25-25 TO 1/4 MILE OR LESS
LOWEST: 40 ON 16 3 = THUNDER
SNOW, ICE PELLETS, HAIL 4 = ICE PELLETS
TOTAL MONTH: 0.0 INCH 5 = HAIL
GRTST 24HR 0.0 6 = FREEZING RAIN OR DRIZZLE
GRTST DEPTH: 0 7 = DUSTSTORM OR SANDSTORM:
VSBY 1/2 MILE OR LESS
8 = SMOKE OR HAZE
[NO. OF DAYS WITH] [WEATHER - DAYS WITH] 9 = BLOWING SNOW
X = TORNADO
MAX 32 OR BELOW: 0 0.01 INCH OR MORE: 13
MAX 90 OR ABOVE: 0 0.10 INCH OR MORE: 10
MIN 32 OR BELOW: 0 0.50 INCH OR MORE: 8
MIN 0 OR BELOW: 0 1.00 INCH OR MORE: 5
[HDD (BASE 65) ]
TOTAL THIS MO. 205 CLEAR (SCALE 0-3) 0
DPTR FM NORMAL 63 PTCLDY (SCALE 4-7) 0
TOTAL FM JUL 1 237 CLOUDY (SCALE 8-10) 30
DPTR FM NORMAL 74
[CDD (BASE 65) ]
TOTAL THIS MO. 88
DPTR FM NORMAL 7 [PRESSURE DATA]
TOTAL FM JAN 1 3356 HIGHEST SLP M ON M
DPTR FM NORMAL 190 LOWEST SLP M ON M
[REMARKS]
#FINAL-11-22#