000
CXUS56 KPQR 031553
CF6HIO
PRELIMINARY LOCAL CLIMATOLOGICAL DATA (WS FORM: F-6)
STATION: HILLSBORO OR
MONTH: JANUARY
YEAR: 2024
LATITUDE: 45 32 N
LONGITUDE: 122 57 W
TEMPERATURE IN F: :PCPN: SNOW: WIND :SUNSHINE: SKY :PK WND
================================================================================
1 2 3 4 5 6A 6B 7 8 9 10 11 12 13 14 15 16 17 18
12Z AVG MX 2MIN
DY MAX MIN AVG DEP HDD CDD WTR SNW DPTH SPD SPD DIR MIN PSBL S-S WX SPD DR
================================================================================
1 47 36 42 2 23 0 0.00 M M 2.0 8 310 M M 5 12 9 260
2 46 36 41 1 24 0 0.14 M M 3.4 15 90 M M 7 1 19 90
3 47 34 41 1 24 0 0.13 M M 2.8 9 160 M M 8 1 13 170
4 48 35 42 2 23 0 0.22 M M 3.7 15 170 M M 9 12 18 180
5 48 35 42 2 23 0 0.14 M M 6.5 20 160 M M 10 12 25 160
6 46 39 43 3 22 0 0.94 M M 7.3 22 180 M M 9 1 29 180
7 46 34 40 0 25 0 0.04 M M 2.1 10 240 M M 9 1 13 240
8 49 38 44 4 21 0 0.54 M M 9.4 21 160 M M 10 1 27 160
9 50 33 42 2 23 0 0.81 M M 10.6 26 240 M M 8 18 35 230
10 45 33 39 -1 26 0 0.21 M M 5.1 16 290 M M 7 1 21 290
11 44 32 38 -2 27 0 0.29 M M 5.2 14 230 M M 9 128 20 210
12 40 22 31 -9 34 0 0.01 M M 6.3 14 50 M M 9 1 17 30
13 22 15 19 -21 46 0 T M M 11.4 25 70 M M 10 18 32 60
14 25 16 21 -19 44 0 0.00 M M 3.3 8 70 M M 10 12 70
15 30 15 23 -17 42 0 0.00 M M 4.8 13 70 M M 2 17 60
16 28 13 21 -19 44 0 0.25 M M 2.6 7 290 M M 4 16 8 290
17 35 28 32 -9 33 0 0.59 M M 1.4 7 280 M M 10 16 8 290
18 37 33 35 -6 30 0 1.14 M M 5.9 17 90 M M 10 1 26 80
19 39 30 35 -6 30 0 T M M 3.1 15 100 M M 4 1 18 80
20 44 31 38 -3 27 0 0.27 M M 2.7 12 130 M M 8 1 13 130
21 47 35 41 0 24 0 0.81 M M 2.5 13 120 M M 10 1 17 120
22 55 42 49 8 16 0 0.44 M M 8.1 21 160 M M 10 1 28 180
23 54 42 48 7 17 0 0.06 M M 4.5 14 180 M M 7 12 19 170
24 56 42 49 8 16 0 0.78 M M 5.9 20 180 M M 8 18 24 190
25 53 43 48 7 17 0 0.01 M M 8.9 17 170 M M 9 1 21 170
26 47 43 45 4 20 0 0.69 M M 1.1 9 80 M M 9 1 11 70
27 62 47 55 14 10 0 0.86 M M 7.9 17 180 M M 10 1 24 180
28 64 46 55 14 10 0 0.14 M M 4.6 13 170 M M 6 12 15 180
29 58 42 50 9 15 0 0.00 M M 2.3 8 310 M M 3 12 9 300
30 57 48 53 12 12 0 0.04 M M 2.3 14 90 M M 9 18 90
31 55 49 52 11 13 0 0.11 M M 3.8 12 250 M M 10 14 50
================================================================================
SM 1424 1067 761 0 9.66 M 151.5 M 249
================================================================================
AV 45.9 34.4 4.9 FASTST M M 8 MAX(MPH)
MISC ----> 26 240 35 230
================================================================================
NOTES:
# LAST OF SEVERAL OCCURRENCES
COLUMN 17 PEAK WIND IN M.P.H.
PRELIMINARY LOCAL CLIMATOLOGICAL DATA (WS FORM: F-6) , PAGE 2
STATION: HILLSBORO OR
MONTH: JANUARY
YEAR: 2024
LATITUDE: 45 32 N
LONGITUDE: 122 57 W
[TEMPERATURE DATA] [PRECIPITATION DATA] SYMBOLS USED IN COLUMN 16
AVERAGE MONTHLY: 40.2 TOTAL FOR MONTH: 9.66 1 = FOG OR MIST
DPTR FM NORMAL: -0.2 DPTR FM NORMAL: 4.39 2 = FOG REDUCING VISIBILITY
HIGHEST: 64 ON 28 GRTST 24HR 1.59 ON 26-27 TO 1/4 MILE OR LESS
LOWEST: 13 ON 16 3 = THUNDER
SNOW, ICE PELLETS, HAIL 4 = ICE PELLETS
TOTAL MONTH: M 5 = HAIL
GRTST 24HR M ON M 6 = FREEZING RAIN OR DRIZZLE
GRTST DEPTH: M ON M 7 = DUSTSTORM OR SANDSTORM:
VSBY 1/2 MILE OR LESS
8 = SMOKE OR HAZE
[NO. OF DAYS WITH] [WEATHER - DAYS WITH] 9 = BLOWING SNOW
X = TORNADO
MAX 32 OR BELOW: 4 0.01 INCH OR MORE: 25
MAX 90 OR ABOVE: 0 0.10 INCH OR MORE: 20
MIN 32 OR BELOW: 9 0.50 INCH OR MORE: 9
MIN 0 OR BELOW: 0 1.00 INCH OR MORE: 1
[HDD (BASE 65) ]
TOTAL THIS MO. 761 CLEAR (SCALE 0-3) 1
DPTR FM NORMAL 0 PTCLDY (SCALE 4-7) 10
TOTAL FM JUL 1 2466 CLOUDY (SCALE 8-10) 20
DPTR FM NORMAL -281
[CDD (BASE 65) ]
TOTAL THIS MO. 0
DPTR FM NORMAL 0 [PRESSURE DATA]
TOTAL FM JAN 1 0 HIGHEST SLP 30.43 ON 15
DPTR FM NORMAL 0 LOWEST SLP 29.42 ON 22
[REMARKS]
#FINAL-01-24#