000
CXUS53 KGID 011437
CF6HJH
PRELIMINARY LOCAL CLIMATOLOGICAL DATA (WS FORM: F-6)
STATION: HEBRON
MONTH: MARCH
YEAR: 2020
LATITUDE: 40 9 N
LONGITUDE: 97 35 W
TEMPERATURE IN F: :PCPN: SNOW: WIND :SUNSHINE: SKY :PK WND
================================================================================
1 2 3 4 5 6A 6B 7 8 9 10 11 12 13 14 15 16 17 18
12Z AVG MX 2MIN
DY MAX MIN AVG DEP HDD CDD WTR SNW DPTH SPD SPD DIR MIN PSBL S-S WX SPD DR
================================================================================
1 59 34 47 13 18 0 0.00 M M 11.9 21 20 M M 0 28 20
2 51 28 40 5 25 0 M M M 6.3 15 10 M M 5 18 10
3 62 31 47 12 18 0 0.00 M M 7.4 16 260 M M 2 24 250
4 64 29 47 11 18 0 0.00 M M 9.8 20 200 M M 0 28 220
5 60 30 45 9 20 0 0.00 M M 13.6 28 310 M M 0 40 310
6 58 19 39 3 26 0 0.00 M M 7.3 17 190 M M 0 25 170
7 72 42 57 20 8 0 0.00 M M 17.5 28 190 M M 0 39 190
8 70 46 58 21 7 0 0.03 M M 19.3 27 200 M M 2 37 200
9 55 34 45 7 20 0 0.18 M M 12.1 20 350 M M 10 1 27 350
10 48 32 40 2 25 0 T M M 3.9 9 140 M M 7 1 M M
11 67 32 50 12 15 0 0.00 M M 6.3 15 200 M M 4 12 21 220
12 56 32 44 5 21 0 0.23 M M 11.9 24 350 M M 3 33 350
13 43 28 36 -3 29 0 M M M 5.8 15 80 M M 8 21 80
14 35 33 34 -5 31 0 M M M 12.1 17 80 M M 10 1 23 90
15 35 32 34 -6 31 0 M M M 7.0 10 140 M M 10 1 M M
16 43 34 39 -1 26 0 0.02 M M 3.9 8 10 M M 10 1 M M
17 46 30 38 -3 27 0 0.01 M M 6.0 12 140 M M 7 1 M M
18 57 44 51 10 14 0 0.04 M M 4.6 9 90 M M 10 1 M M
19 75 31 53 12 12 0 0.18 M M 13.3 29 360 M M 9 123 39 20
20 33 19 26 -16 39 0 0.00 M M 15.4 29 360 M M 3 41 360
21 51 18 35 -7 30 0 0.00 M M 7.4 16 180 M M 2 23 180
22 45 37 41 -1 24 0 0.04 M M 6.0 14 140 M M 9 1 20 160
23 60 35 48 5 17 0 0.00 M M 4.7 10 150 M M 7 12 M M
24 58 43 51 8 14 0 0.00 M M 5.8 12 140 M M 7 1 M M
25 78 44 61 18 4 0 0.00 M M 11.0 20 170 M M 4 1 25 170
26 53 42 48 4 17 0 0.00 M M 9.5 17 30 M M 10 1 23 30
27 49 46 48 4 17 0 0.03 M M 5.9 12 50 M M 10 123 M M
28 54 42 48 4 17 0 T M M 11.5 20 300 M M 9 1 32 300
29 66 37 52 7 13 0 0.00 M M 8.7 15 300 M M 0 24 300
30 74 34 54 9 11 0 T M M 7.2 16 150 M M 5 24 130
31 71 44 58 12 7 0 0.00 M M 8.2 17 230 M M 4 23 230
================================================================================
SM 1748 1062 601 0 M M 281.3 M 167
================================================================================
AV 56.4 34.3 9.1 FASTST M M 5 MAX(MPH)
MISC ----> # 29 360 # M M
================================================================================
NOTES:
# LAST OF SEVERAL OCCURRENCES
COLUMN 17 PEAK WIND IN M.P.H.
PRELIMINARY LOCAL CLIMATOLOGICAL DATA (WS FORM: F-6) , PAGE 2
STATION: HEBRON
MONTH: MARCH
YEAR: 2020
LATITUDE: 40 9 N
LONGITUDE: 97 35 W
[TEMPERATURE DATA] [PRECIPITATION DATA] SYMBOLS USED IN COLUMN 16
AVERAGE MONTHLY: 45.3 TOTAL FOR MONTH: M 1 = FOG OR MIST
DPTR FM NORMAL: 5.2 DPTR FM NORMAL: M 2 = FOG REDUCING VISIBILITY
HIGHEST: 78 ON 25 GRTST 24HR M TO 1/4 MILE OR LESS
LOWEST: 18 ON 21 3 = THUNDER
SNOW, ICE PELLETS, HAIL 4 = ICE PELLETS
TOTAL MONTH: M 5 = HAIL
GRTST 24HR M ON M 6 = FREEZING RAIN OR DRIZZLE
GRTST DEPTH: M ON M 7 = DUSTSTORM OR SANDSTORM:
VSBY 1/2 MILE OR LESS
8 = SMOKE OR HAZE
[NO. OF DAYS WITH] [WEATHER - DAYS WITH] 9 = BLOWING SNOW
X = TORNADO
MAX 32 OR BELOW: 0 0.01 INCH OR MORE: M
MAX 90 OR ABOVE: 0 0.10 INCH OR MORE: M
MIN 32 OR BELOW: 14 0.50 INCH OR MORE: M
MIN 0 OR BELOW: 0 1.00 INCH OR MORE: M
[HDD (BASE 65) ]
TOTAL THIS MO. 601 CLEAR (SCALE 0-3) 10
DPTR FM NORMAL -172 PTCLDY (SCALE 4-7) 10
TOTAL FM JUL 1 4851 CLOUDY (SCALE 8-10) 11
DPTR FM NORMAL -533
[CDD (BASE 65) ]
TOTAL THIS MO. 0
DPTR FM NORMAL -1 [PRESSURE DATA]
TOTAL FM JAN 1 0 HIGHEST SLP M ON M
DPTR FM NORMAL -1 LOWEST SLP M ON M
[REMARKS]
#FINAL-03-20#