000
CXUS56 KHNX 031708
CLMHJO
CLIMATE REPORT
NATIONAL WEATHER SERVICE
1008 AM PDT MON APR 03 2023
...................................
...THE HANFORD CA AIRPORT CLIMATE SUMMARY FOR THE MONTH OF MARCH 2023...
CLIMATE NORMAL PERIOD 1991 TO 2020
CLIMATE RECORD PERIOD 1898 TO 2023
WEATHER OBSERVED NORMAL DEPART LAST YEAR`S
VALUE DATE(S) VALUE FROM VALUE DATE(S)
NORMAL
................................................................
TEMPERATURE (F)
RECORD
HIGH 94 03/27/2015
LOW 27 03/10/2009
HIGHEST 71 03/17 MM 90 03/24
03/18
LOWEST 31 03/02 MM 31 03/06
MEAN 51.3 56.7 -5.5
DAYS MAX >= 90 0 0.2 -0.2 1
DAYS MIN <= 32 2 0.7 1.3 1
PRECIPITATION (INCHES)
RECORD
MAXIMUM 6.62 1991
MINIMUM 0.00 1972
TOTALS 3.93 1.49 2.44
DAYS >= .01 11 6.8 4.2 3
DAYS >= .10 9 3.1 5.9 2
DAYS >= .50 4 0.6 3.4 2
DAYS >= 1.00 1 0.1 0.9 0
SNOWFALL (INCHES)
RECORDS
TOTAL MM MM
TOTALS 0.0 MM
DEGREE DAYS
HEATING TOTAL 350 264 86 230
SINCE 7/1 2387 2252 135 MM
COOLING TOTAL 0 6 -6 23
SINCE 1/1 0 6 -6 MM
................................................................
WIND (MPH)
AVERAGE WIND SPEED 5.3
HIGHEST WIND SPEED/DIRECTION 36/320 DATE 03/01
HIGHEST GUST SPEED/DIRECTION 45/310 DATE 03/01
AVERAGE RH (PERCENT) 70
WEATHER CONDITIONS. NUMBER OF DAYS WITH
THUNDERSTORM 1 RAIN 8
HAIL 0 FOG 15
FOG W/VIS <= 1/4 MILE 2 HAZE 2
- INDICATES NEGATIVE NUMBERS.
R INDICATES RECORD WAS SET OR TIED.
MM INDICATES DATA IS MISSING.
T INDICATES TRACE AMOUNT.
$$