000
CXUS53 KGLD 010800
CF6HLC
PRELIMINARY LOCAL CLIMATOLOGICAL DATA (WS FORM: F-6)
STATION: HILL CITY KS
MONTH: JUNE
YEAR: 2023
LATITUDE: 39 22 N
LONGITUDE: 99 50 W
TEMPERATURE IN F: :PCPN: SNOW: WIND :SUNSHINE: SKY :PK WND
================================================================================
1 2 3 4 5 6A 6B 7 8 9 10 11 12 13 14 15 16 17 18
12Z AVG MX 2MIN
DY MAX MIN AVG DEP HDD CDD WTR SNW DPTH SPD SPD DIR MIN PSBL S-S WX SPD DR
================================================================================
1 84 62 73 4 0 8 T M M 9.4 22 170 M M 4 37 180
2 77 60 69 -1 0 4 0.00 M M 8.1 22 180 M M 3 29 180
3 78 61 70 0 0 5 T M M 8.3 17 80 M M 7 3 23 60
4 87 58 73 2 0 8 0.00 M M 6.9 17 80 M M 5 13 28 90
5 84 58 71 0 0 6 0.71 M M 3.9 17 140 M M 2 138 27 250
6 88 56 72 1 0 7 0.01 M M 3.2 18 50 M M 2 138 26 50
7 90 59 75 3 0 10 0.00 M M 4.1 13 160 M M 2 18 19 120
8 92 60 76 4 0 11 0.00 M M 3.9 17 90 M M 1 25 90
9 94 60 77 5 0 12 0.16 M M 7.9 26 310 M M 2 3 38 310
10 87 61 74 1 0 9 0.01 M M 7.0 22 300 M M 2 3 34 290
11 79 57 68 -5 0 3 T M M 12.1 21 40 M M 5 32 300
12 77 55 66 -7 0 1 0.00 M M 5.5 14 110 M M 5 20 120
13 83 53 68 -6 0 3 0.02 M M 5.9 16 250 M M 2 23 240
14 87 57 72 -2 0 7 0.00 M M 5.8 12 20 M M 1 17 340
15 91 54 73 -1 0 8 0.70 M M 7.1 32 110 M M 3 3 52 70
16 89 60 75 0 0 10 0.11 M M 7.3 26 270 M M 3 3 45 280
17 79 58 69 -6 0 4 0.93 M M 5.8 31 270 M M 6 13 47 270
18 88 57 73 -2 0 8 0.00 M M 6.4 15 200 M M 0 1 22 190
19 93 66 80 5 0 15 0.00 M M 10.8 24 160 M M 0 36 170
20 91 67 79 3 0 14 T M M 13.0 23 140 M M 5 32 140
21 83 67 75 -1 0 10 0.08 M M 9.3 18 110 M M 4 13 28 110
22 86 66 76 0 0 11 T M M 5.6 16 140 M M 4 18 20 120
23 95 62 79 3 0 14 0.00 M M 10.0 23 160 M M 1 18 33 160
24 97 66 82 5 0 17 0.00 M M 9.7 20 320 M M 1 31 290
25 88 58 73 -4 0 8 0.00 M M 8.1 20 360 M M 0 8 25 360
26 91 56 74 -3 0 9 0.00 M M 7.0 17 140 M M 2 8 24 140
27 91 63 77 -1 0 12 0.10 M M 17.0 35 180 M M 3 3 52 170
28 96 63 80 2 0 15 0.00 M M 8.4 16 10 M M 0 138 26 360
29 90 70 80 2 0 15 0.03 M M 11.5 38 10 M M 1 3 50 360
30 88 57 73 -5 0 8 2.41 M M 9.4 56 300 M M 4 1238 80 310
================================================================================
SM 2623 1807 0 272 5.27 M 238.4 M 80
================================================================================
AV 87.4 60.2 7.9 FASTST M M 3 MAX(MPH)
MISC ----> 56 300 80 310
================================================================================
NOTES:
# LAST OF SEVERAL OCCURRENCES
COLUMN 17 PEAK WIND IN M.P.H.
PRELIMINARY LOCAL CLIMATOLOGICAL DATA (WS FORM: F-6) , PAGE 2
STATION: HILL CITY KS
MONTH: JUNE
YEAR: 2023
LATITUDE: 39 22 N
LONGITUDE: 99 50 W
[TEMPERATURE DATA] [PRECIPITATION DATA] SYMBOLS USED IN COLUMN 16
AVERAGE MONTHLY: 73.8 TOTAL FOR MONTH: 5.27 1 = FOG OR MIST
DPTR FM NORMAL: -0.4 DPTR FM NORMAL: 2.48 2 = FOG REDUCING VISIBILITY
HIGHEST: 97 ON 24 GRTST 24HR 2.41 ON 30-30 TO 1/4 MILE OR LESS
LOWEST: 53 ON 13 3 = THUNDER
SNOW, ICE PELLETS, HAIL 4 = ICE PELLETS
TOTAL MONTH: M 5 = HAIL
GRTST 24HR M ON M 6 = FREEZING RAIN OR DRIZZLE
GRTST DEPTH: M ON M 7 = DUSTSTORM OR SANDSTORM:
VSBY 1/2 MILE OR LESS
8 = SMOKE OR HAZE
[NO. OF DAYS WITH] [WEATHER - DAYS WITH] 9 = BLOWING SNOW
X = TORNADO
MAX 32 OR BELOW: 0 0.01 INCH OR MORE: 12
MAX 90 OR ABOVE: 12 0.10 INCH OR MORE: 7
MIN 32 OR BELOW: 0 0.50 INCH OR MORE: 4
MIN 0 OR BELOW: 0 1.00 INCH OR MORE: 1
[HDD (BASE 65) ]
TOTAL THIS MO. 0 CLEAR (SCALE 0-3) 20
DPTR FM NORMAL -14 PTCLDY (SCALE 4-7) 10
TOTAL FM JUL 1 5360 CLOUDY (SCALE 8-10) 0
DPTR FM NORMAL -26
[CDD (BASE 65) ]
TOTAL THIS MO. 272
DPTR FM NORMAL -18 [PRESSURE DATA]
TOTAL FM JAN 1 407 HIGHEST SLP M ON M
DPTR FM NORMAL 26 LOWEST SLP 29.64 ON 27
[REMARKS]
#FINAL-06-23#