000
CXUS51 KPBZ 010730
CF6HLG
PRELIMINARY LOCAL CLIMATOLOGICAL DATA (WS FORM: F-6)
STATION: WHEELING WV
MONTH: MAY
YEAR: 2021
LATITUDE: 40 10 N
LONGITUDE: 80 39 W
TEMPERATURE IN F: :PCPN: SNOW: WIND :SUNSHINE: SKY :PK WND
================================================================================
1 2 3 4 5 6A 6B 7 8 9 10 11 12 13 14 15 16 17 18
12Z AVG MX 2MIN
DY MAX MIN AVG DEP HDD CDD WTR SNW DPTH SPD SPD DIR MIN PSBL S-S WX SPD DR
================================================================================
1 64 34 49 -8 16 0 0.00 M M 8.1 18 210 M M 0 27 210
2 78 58 68 10 0 3 0.00 M M 10.5 20 230 M M 0 29 240
3 70 55 63 5 2 0 0.85 M M 6.9 21 220 M M 9 1 29 210
4 72 59 66 8 0 1 0.11 M M 7.0 20 200 M M 10 13 24 210
5 59 45 52 -6 13 0 0.35 M M 8.6 15 350 M M 10 1 21 350
6 57 37 47 -12 18 0 0.00 M M 4.6 13 290 M M 4 2 15 280
7 56 43 50 -9 15 0 0.11 M M 6.9 20 290 M M 8 1 26 320
8 54 42 48 -11 17 0 T M M 8.8 20 290 M M 8 25 300
9 49 39 44 -16 21 0 0.69 M M 8.1 17 320 M M 10 1 23 100
10 59 40 50 -10 15 0 0.00 M M 4.8 16 300 M M 6 20 310
11 57 40 49 -11 16 0 0.03 M M 7.1 20 320 M M 7 27 280
12 62 34 48 -12 17 0 0.00 M M 6.9 15 350 M M 2 21 330
13 65 37 51 -9 14 0 0.00 M M 3.5 15 50 M M 2 20 50
14 69 39 54 -7 11 0 0.00 M M 2.4 12 40 M M 3 16 30
15 71 40 56 -5 9 0 0.00 M M 2.2 12 300 M M 1 16 290
16 70 48 59 -2 6 0 0.00 M M 3.5 12 170 M M 5 14 180
17 73 45 59 -3 6 0 0.00 M M 3.7 12 120 M M 0 1 15 130
18 79 47 63 1 2 0 0.00 M M 3.4 12 120 M M 0 1 21 50
19 84 49 67 5 0 2 0.00 M M 2.5 10 130 M M 0 14 160
20 85 63 74 12 0 9 0.00 M M 4.7 14 120 M M 0 17 130
21 85 58 72 10 0 7 0.00 M M 5.3 15 210 M M 0 19 200
22 82 58 70 7 0 5 0.00 M M 4.6 17 310 M M 3 21 310
23 86 66 76 13 0 11 0.03 M M 6.6 15 300 M M 6 1 20 300
24 81 66 74 11 0 9 0.19 M M 5.1 20 10 M M 7 128 27 20
25 86 66 76 12 0 11 T M M 8.1 18 230 M M 2 1 25 230
26 84 65 75 11 0 10 0.16 M M 9.2 32 260 M M 5 1 45 270
27 75 58 67 3 0 2 T M M 5.8 12 330 M M 3 128 14 360
28 68 46 57 -7 8 0 1.02 M M 7.4 22 360 M M 8 1 27 360
29 51 46 49 -16 16 0 0.02 M M 9.7 15 40 M M 10 1 19 340
30 58 47 53 -12 12 0 T M M 5.4 14 50 M M 10 M M
31 71 45 58 -7 7 0 0.00 M M 2.2 8 260 M M 2 12 12 240
================================================================================
SM 2160 1515 241 70 3.56 M 183.6 M 141
================================================================================
AV 69.7 48.9 5.9 FASTST M M 5 MAX(MPH)
MISC ----> 32 260 45 270
================================================================================
NOTES:
# LAST OF SEVERAL OCCURRENCES
COLUMN 17 PEAK WIND IN M.P.H.
PRELIMINARY LOCAL CLIMATOLOGICAL DATA (WS FORM: F-6) , PAGE 2
STATION: WHEELING WV
MONTH: MAY
YEAR: 2021
LATITUDE: 40 10 N
LONGITUDE: 80 39 W
[TEMPERATURE DATA] [PRECIPITATION DATA] SYMBOLS USED IN COLUMN 16
AVERAGE MONTHLY: 59.3 TOTAL FOR MONTH: 3.56 1 = FOG OR MIST
DPTR FM NORMAL: -1.9 DPTR FM NORMAL: -0.44 2 = FOG REDUCING VISIBILITY
HIGHEST: 86 ON 25,23 GRTST 24HR 1.02 ON 28-28 TO 1/4 MILE OR LESS
LOWEST: 34 ON 12, 1 3 = THUNDER
SNOW, ICE PELLETS, HAIL 4 = ICE PELLETS
TOTAL MONTH: M 5 = HAIL
GRTST 24HR M ON M 6 = FREEZING RAIN OR DRIZZLE
GRTST DEPTH: M ON M 7 = DUSTSTORM OR SANDSTORM:
VSBY 1/2 MILE OR LESS
8 = SMOKE OR HAZE
[NO. OF DAYS WITH] [WEATHER - DAYS WITH] 9 = BLOWING SNOW
X = TORNADO
MAX 32 OR BELOW: 0 0.01 INCH OR MORE: 11
MAX 90 OR ABOVE: 0 0.10 INCH OR MORE: 8
MIN 32 OR BELOW: 0 0.50 INCH OR MORE: 3
MIN 0 OR BELOW: 0 1.00 INCH OR MORE: 1
[HDD (BASE 65) ]
TOTAL THIS MO. 241 CLEAR (SCALE 0-3) 15
DPTR FM NORMAL 72 PTCLDY (SCALE 4-7) 9
TOTAL FM JUL 1 5017 CLOUDY (SCALE 8-10) 7
DPTR FM NORMAL -371
[CDD (BASE 65) ]
TOTAL THIS MO. 70
DPTR FM NORMAL 17 [PRESSURE DATA]
TOTAL FM JAN 1 92 HIGHEST SLP 30.49 ON 21
DPTR FM NORMAL 27 LOWEST SLP 29.67 ON 9
[REMARKS]
#FINAL-05-21#