000
CXUS51 KPBZ 010730
CF6HLG
PRELIMINARY LOCAL CLIMATOLOGICAL DATA (WS FORM: F-6)
STATION: WHEELING WV
MONTH: JUNE
YEAR: 2020
LATITUDE: 40 10 N
LONGITUDE: 80 39 W
TEMPERATURE IN F: :PCPN: SNOW: WIND :SUNSHINE: SKY :PK WND
================================================================================
1 2 3 4 5 6A 6B 7 8 9 10 11 12 13 14 15 16 17 18
12Z AVG MX 2MIN
DY MAX MIN AVG DEP HDD CDD WTR SNW DPTH SPD SPD DIR MIN PSBL S-S WX SPD DR
================================================================================
1 70 39 55 -9 10 0 0.00 M M 3.7 12 240 M M 0 15 250
2 83 53 68 3 0 3 0.01 M M 9.5 22 240 M M 6 30 230
3 86 69 78 13 0 13 T M M 10.6 22 270 M M 4 30 280
4 84 64 74 9 0 9 0.55 M M 6.6 30 300 M M 4 13 40 290
5 77 64 71 5 0 6 0.00 M M 4.0 10 190 M M 8 1 14 210
6 82 65 74 8 0 9 0.00 M M 7.7 18 310 M M 2 1 24 320
7 76 54 65 -1 0 0 0.00 M M 6.9 14 350 M M 0 19 10
8 81 52 67 1 0 2 0.00 M M 4.3 9 60 M M 0 12 40
9 90 57 74 7 0 9 0.00 M M 5.1 13 210 M M 1 16 210
10 88 66 77 10 0 12 0.77 M M 12.3 38 270 M M 4 13 57 270
11 77 62 70 3 0 5 0.00 M M 9.2 17 280 M M 4 23 250
12 77 57 67 -1 0 2 0.00 M M 7.9 21 330 M M 0 1 28 330
13 69 53 61 -7 4 0 0.06 M M 5.4 21 360 M M 7 1 30 360
14 74 49 62 -6 3 0 0.00 M M 8.9 17 80 M M 3 23 80
15 75 56 66 -2 0 1 0.01 M M 8.1 16 130 M M 6 1 19 120
16 77 55 66 -3 0 1 0.00 M M 6.6 15 70 M M 1 24 360
17 73 57 65 -4 0 0 T M M 6.6 14 50 M M 2 19 60
18 78 61 70 1 0 5 0.20 M M 6.1 18 90 M M 7 13 22 90
19 80 60 70 1 0 5 0.11 M M 4.2 20 40 M M 5 13 24 30
20 85 57 71 1 0 6 0.00 M M 2.3 9 320 M M 2 12 12 340
21 89 63 76 6 0 11 0.00 M M 5.3 14 100 M M 1 3 16 110
22 79 66 73 3 0 8 0.05 M M 7.9 18 250 M M 4 138 25 220
23 77 63 70 0 0 5 0.36 M M 8.8 21 190 M M 5 18 29 190
24 77 58 68 -2 0 3 0.02 M M 8.1 20 270 M M 4 28 260
25 81 59 70 0 0 5 0.07 M M 6.6 37 290 M M 2 3 51 300
26 83 61 72 1 0 7 0.09 M M 7.7 17 230 M M 4 13 27 220
27 77 66 72 1 0 7 0.29 M M 8.7 18 210 M M 7 13 27 220
28 83 66 75 4 0 10 0.15 M M 5.7 23 300 M M 8 12 32 310
29 85 61 73 2 0 8 0.00 M M 2.2 9 300 M M 4 12 13 320
30 86 62 74 3 0 9 0.00 M M 3.6 10 20 M M 2 12 13 110
================================================================================
SM 2399 1775 17 161 2.74 M 200.6 M 107
================================================================================
AV 80.0 59.2 6.7 FASTST M M 4 MAX(MPH)
MISC ----> 38 270 57 270
================================================================================
NOTES:
# LAST OF SEVERAL OCCURRENCES
COLUMN 17 PEAK WIND IN M.P.H.
PRELIMINARY LOCAL CLIMATOLOGICAL DATA (WS FORM: F-6) , PAGE 2
STATION: WHEELING WV
MONTH: JUNE
YEAR: 2020
LATITUDE: 40 10 N
LONGITUDE: 80 39 W
[TEMPERATURE DATA] [PRECIPITATION DATA] SYMBOLS USED IN COLUMN 16
AVERAGE MONTHLY: 69.6 TOTAL FOR MONTH: 2.74 1 = FOG OR MIST
DPTR FM NORMAL: 1.3 DPTR FM NORMAL: -1.99 2 = FOG REDUCING VISIBILITY
HIGHEST: 90 ON 9 GRTST 24HR 0.77 ON 10-10 TO 1/4 MILE OR LESS
LOWEST: 39 ON 1 3 = THUNDER
SNOW, ICE PELLETS, HAIL 4 = ICE PELLETS
TOTAL MONTH: M 5 = HAIL
GRTST 24HR M ON M 6 = FREEZING RAIN OR DRIZZLE
GRTST DEPTH: M ON M 7 = DUSTSTORM OR SANDSTORM:
VSBY 1/2 MILE OR LESS
8 = SMOKE OR HAZE
[NO. OF DAYS WITH] [WEATHER - DAYS WITH] 9 = BLOWING SNOW
X = TORNADO
MAX 32 OR BELOW: 0 0.01 INCH OR MORE: 14
MAX 90 OR ABOVE: 1 0.10 INCH OR MORE: 7
MIN 32 OR BELOW: 0 0.50 INCH OR MORE: 2
MIN 0 OR BELOW: 0 1.00 INCH OR MORE: 0
[HDD (BASE 65) ]
TOTAL THIS MO. 17 CLEAR (SCALE 0-3) 12
DPTR FM NORMAL -21 PTCLDY (SCALE 4-7) 18
TOTAL FM JUL 1 4984 CLOUDY (SCALE 8-10) 0
DPTR FM NORMAL -603
[CDD (BASE 65) ]
TOTAL THIS MO. 161
DPTR FM NORMAL 25 [PRESSURE DATA]
TOTAL FM JAN 1 240 HIGHEST SLP 30.38 ON 16
DPTR FM NORMAL 58 LOWEST SLP 29.67 ON 23
[REMARKS]
#FINAL-06-20#